000
CXUS53 KGRB 290625
CF6OSH
PRELIMINARY LOCAL CLIMATOLOGICAL DATA (WS FORM: F-6)

                                          STATION:   OSHKOSH WI
                                          MONTH:     SEPTEMBER
                                          YEAR:      2014
                                          LATITUDE:   44  0 N
                                          LONGITUDE:  88 34 W

  TEMPERATURE IN F:       :PCPN:    SNOW:  WIND      :SUNSHINE: SKY     :PK WND
================================================================================
1   2   3   4   5  6A  6B    7    8   9   10  11  12  13   14  15   16   17  18
                                     12Z  AVG MX 2MIN
DY MAX MIN AVG DEP HDD CDD  WTR  SNW DPTH SPD SPD DIR MIN PSBL S-S WX    SPD DR
================================================================================

 1  76  63  70   3   0   5 0.13  0.0    0  7.7 17 190   M    M   4 13     23 220
 2  77  59  68   2   0   3    T  0.0    0  4.6 13 290   M    M   0 8      17 290
 3  80  57  69   3   0   4 0.00  0.0    0  8.1 17 190   M    M   0        26 190
 4  84  69  77  11   0  12 0.40  0.0    0 12.3 30 360   M    M   7 13     41 360
 5  78  58  68   3   0   3 0.45  0.0    0 11.3 20 310   M    M   4 13     28 310
 6  74  52  63  -2   2   0 0.00  0.0    0  7.0 15 310   M    M   0        23 260
 7  78  51  65   0   0   0 0.00  0.0    0  4.7  9 190   M    M   1        11 230
 8  76  55  66   2   0   1 0.00  0.0    0  8.1 17 190   M    M   2        23 180
 9  81  56  69   5   0   4 0.00  0.0    0  6.1 13 180   M    M   1 18     16 180
10  76  47  62  -2   3   0 0.30  0.0    0 13.6 26 330   M    M   9 1      37 320
11  53  45  49 -14  16   0 0.00  0.0    0 10.4 18 340   M    M   9        24 340
12  48  40  44 -19  21   0 0.22  0.0    0  7.1 14  10   M    M   9 1      16 350
13  57  40  49 -13  16   0 0.00  0.0    0  5.9 13 300   M    M   5        19 350
14  65  41  53  -9  12   0    T  0.0    0  9.8 22 200   M    M   6        29 190
15  59  48  54  -7  11   0 0.09  0.0    0  4.6 10 290   M    M   7 1      13 280
16  64  41  53  -8  12   0 0.00  0.0    0  5.3 10 250   M    M   0        20 290
17  69  43  56  -5   9   0 0.00  0.0    0  6.5 20  30   M    M   2        24  30
18  60  45  53  -7  12   0 0.00  0.0    0  6.4 14  40   M    M   6        20  50
19  73  43  58  -2   7   0 0.00  0.0    0 13.9 30 200   M    M   3 18     41 210
20  74  58  66   7   0   1 0.27  0.0    0  8.7 30 290   M    M   3 138    39 290
21  60  41  51  -8  14   0 0.01  0.0    0 11.4 28 350   M    M   5 1      35 350
22  68  39  54  -4  11   0 0.00  0.0    0  5.1 14 280   M    M   1        18 290
23  74  46  60   2   5   0 0.00  0.0    0  4.8 10 200   M    M   0 18     14 210
24  72  48  60   3   5   0    T  0.0    0  5.9 14 180   M    M   0 1      18 210
25  76  52  64   7   1   0 0.00  0.0    0  3.8 12 150   M    M   0 18     15 140
26  75  46  61   5   4   0 0.00  0.0    M  1.9  5 160   M    M   3 12      M  M
27  78  51  65   9   0   0 0.00  0.0    M  4.1  9 120   M    M   0 18     12 100
28  78  50  64   8   1   0 0.00  0.0    0  3.1  9 200   M    M   0 18     12 200
================================================================================
SM 1983 1384       162  33  1.87     0.0 202.2          M       87
================================================================================
AV 70.8 49.4                               7.2 FASTST   M    M   3    MAX(MPH)
                                 MISC ---->  # 30 360               # 41  360
================================================================================
NOTES:
# LAST OF SEVERAL OCCURRENCES

COLUMN 17 PEAK WIND IN M.P.H.

PRELIMINARY LOCAL CLIMATOLOGICAL DATA (WS FORM: F-6) , PAGE 2

                                          STATION:  OSHKOSH WI
                                          MONTH:    SEPTEMBER
                                          YEAR:     2014
                                          LATITUDE:   44  0 N
                                          LONGITUDE:  88 34 W

[TEMPERATURE DATA]      [PRECIPITATION DATA]       SYMBOLS USED IN COLUMN 16

AVERAGE MONTHLY: 60.1   TOTAL FOR MONTH:   1.87    1 = FOG OR MIST
DPTR FM NORMAL:  -1.3   DPTR FM NORMAL:   -1.39    2 = FOG REDUCING VISIBILITY
HIGHEST:    84 ON  4    GRTST 24HR  0.85 ON  4- 5      TO 1/4 MILE OR LESS
LOWEST:     39 ON 22                               3 = THUNDER
                        SNOW, ICE PELLETS, HAIL    4 = ICE PELLETS
                        TOTAL MONTH:   0.0 INCH    5 = HAIL
                        GRTST 24HR     0.0         6 = FREEZING RAIN OR DRIZZLE
                        GRTST DEPTH:   0           7 = DUSTSTORM OR SANDSTORM:
                                                       VSBY 1/2 MILE OR LESS
                                                   8 = SMOKE OR HAZE
[NO. OF DAYS WITH]      [WEATHER - DAYS WITH]      9 = BLOWING SNOW
                                                   X = TORNADO
MAX 32 OR BELOW:   0    0.01 INCH OR MORE:   8
MAX 90 OR ABOVE:   0    0.10 INCH OR MORE:   6
MIN 32 OR BELOW:   0    0.50 INCH OR MORE:   0
MIN  0 OR BELOW:   0    1.00 INCH OR MORE:   0

[HDD (BASE 65) ]
TOTAL THIS MO.   162    CLEAR  (SCALE 0-3)  17
DPTR FM NORMAL    19    PTCLDY (SCALE 4-7)   8
TOTAL FM JUL 1   181    CLOUDY (SCALE 8-10)  3
DPTR FM NORMAL     7

[CDD (BASE 65) ]
TOTAL THIS MO.    33
DPTR FM NORMAL    -8    [PRESSURE DATA]
TOTAL FM JAN 1   433    HIGHEST SLP M ON M
DPTR FM NORMAL  -100    LOWEST  SLP 29.42 ON 10

[REMARKS]
