000
CXUS53 KGRB 300711
CF6OSH
PRELIMINARY LOCAL CLIMATOLOGICAL DATA (WS FORM: F-6)

                                          STATION:   OSHKOSH WI
                                          MONTH:     APRIL
                                          YEAR:      2016
                                          LATITUDE:   44  0 N
                                          LONGITUDE:  88 34 W

  TEMPERATURE IN F:       :PCPN:    SNOW:  WIND      :SUNSHINE: SKY     :PK WND
================================================================================
1   2   3   4   5  6A  6B    7    8   9   10  11  12  13   14  15   16   17  18
                                     12Z  AVG MX 2MIN
DY MAX MIN AVG DEP HDD CDD  WTR  SNW DPTH SPD SPD DIR MIN PSBL S-S WX    SPD DR
================================================================================

 1  48  30  39  -1  26   0 0.01  0.0    0  8.2 28 290   M    M   4        34 320
 2  34  22  28 -12  37   0 0.33  1.0    1 12.3 31 310   M    M   8 128    39 310
 3  55  24  40   0  25   0 0.08  0.0    0 12.6 26  20   M    M   8        32  20
 4  33  24  29 -12  36   0    T    T    0  9.5 23  10   M    M   8        31  30
 5  43  23  33  -8  32   0    M    M    M 11.5 22 140   M    M   4 6      28 140
 6  45  33  39  -3  26   0 0.27    T    0  8.4 15 350   M    M  10 18     19 320
 7  39  32  36  -6  29   0 0.06    T    0 11.6 21 350   M    M  10 18     27 340
 8  36  21  29 -14  36   0 0.20  1.0    1 11.2 28  30   M    M   9 12     34  30
 9  33  16  25 -18  40   0 0.00  0.0    0  9.5 20 140   M    M   4        26 150
10  50  30  40  -4  25   0    T  0.0    0 12.4 21 160   M    M   8        28 180
11  45  32  39  -5  26   0 0.00  0.0    0 14.0 25 300   M    M   5        34 290
12  44  27  36  -8  29   0 0.00  0.0    0  7.1 16 140   M    M   2        20 140
13  42  33  38  -7  27   0 0.04    T    0  9.6 20 130   M    M   9 1      24 130
14  62  32  47   2  18   0 0.00  0.0    0 10.0 20 130   M    M   1        24 120
15  67  35  51   5  14   0 0.00  0.0    0  9.6 17 120   M    M   0        25 110
16  75  37  56  10   9   0 0.00  0.0    0  5.4 17 140   M    M   0        21 140
17  78  42  60  13   5   0 0.00  0.0    0  5.6 13 130   M    M   0        17 110
18  79  46  63  16   2   0 0.00  0.0    0  7.4 21  50   M    M   1        30  60
19  51  42  47   0  18   0    T  0.0    0 10.2 18  40   M    M   6        25  50
20  66  49  58  10   7   0 0.01  0.0    0 10.8 21 140   M    M   7        25 130
21  67  52  60  12   5   0 0.03  0.0    0  4.7 17  10   M    M   7 18     20 360
22  54  42  48   0  17   0 0.00  0.0    0 11.9 23  30   M    M   6        31  30
23  60  37  49   0  16   0 0.00  0.0    0  8.3 20 130   M    M   0        24 120
24  55  36  46  -3  19   0 0.12  0.0    0  7.5 16  60   M    M   5 18     20  60
25  63  41  52   2  13   0 0.02  0.0    0 11.3 21  20   M    M   4 3      26  30
26  47  38  43  -7  22   0 0.00  0.0    0 14.9 22  30   M    M   7 1      28  30
27  52  38  45  -5  20   0 0.00  0.0    0 14.9 28  60   M    M   2        37  70
28  45  40  43  -8  22   0 0.04    M    0 12.3 23  60   M    M   9 8      29  60
29  55  38  47  -4  18   0 0.00  0.0    0  7.2 16  50   M    M   6        19  40
================================================================================
SM 1523  992       619   0  1.21     2.0 289.9          M      150
================================================================================
AV 52.5 34.2                              10.0 FASTST   M    M   5    MAX(MPH)
                                 MISC ---->  # 31 310               # 39  310
================================================================================
NOTES:
# LAST OF SEVERAL OCCURRENCES

COLUMN 17 PEAK WIND IN M.P.H.

PRELIMINARY LOCAL CLIMATOLOGICAL DATA (WS FORM: F-6) , PAGE 2

                                          STATION:  OSHKOSH WI
                                          MONTH:    APRIL
                                          YEAR:     2016
                                          LATITUDE:   44  0 N
                                          LONGITUDE:  88 34 W

[TEMPERATURE DATA]      [PRECIPITATION DATA]       SYMBOLS USED IN COLUMN 16

AVERAGE MONTHLY: 43.4   TOTAL FOR MONTH:   1.21    1 = FOG OR MIST
DPTR FM NORMAL:  -2.2   DPTR FM NORMAL:   -1.38    2 = FOG REDUCING VISIBILITY
HIGHEST:    79 ON 18    GRTST 24HR  0.43 ON 31- 1      TO 1/4 MILE OR LESS
LOWEST:     16 ON  9                               3 = THUNDER
                        SNOW, ICE PELLETS, HAIL    4 = ICE PELLETS
                        TOTAL MONTH:   2.0 INCHES  5 = HAIL
                        GRTST 24HR   1.0 ON  8- 8  6 = FREEZING RAIN OR DRIZZLE
                        GRTST DEPTH:   1 ON  8, 2  7 = DUSTSTORM OR SANDSTORM:
                                                       VSBY 1/2 MILE OR LESS
                                                   8 = SMOKE OR HAZE
[NO. OF DAYS WITH]      [WEATHER - DAYS WITH]      9 = BLOWING SNOW
                                                   X = TORNADO
MAX 32 OR BELOW:   0    0.01 INCH OR MORE:  12
MAX 90 OR ABOVE:   0    0.10 INCH OR MORE:   4
MIN 32 OR BELOW:  12    0.50 INCH OR MORE:   0
MIN  0 OR BELOW:   0    1.00 INCH OR MORE:   0

[HDD (BASE 65) ]
TOTAL THIS MO.   619    CLEAR  (SCALE 0-3)   8
DPTR FM NORMAL    56    PTCLDY (SCALE 4-7)  16
TOTAL FM JUL 1  6158    CLOUDY (SCALE 8-10)  5
DPTR FM NORMAL  -948

[CDD (BASE 65) ]
TOTAL THIS MO.     0
DPTR FM NORMAL     0    [PRESSURE DATA]
TOTAL FM JAN 1     0    HIGHEST SLP M ON M
DPTR FM NORMAL     0    LOWEST  SLP 29.51 ON  6

[REMARKS]
