000
CXUS56 KOTX 171500
CF6OTX
PRELIMINARY LOCAL CLIMATOLOGICAL DATA (WS FORM: F-6)

                                          STATION:   SPOKANE  WA WFO
                                          MONTH:     SEPTEMBER
                                          YEAR:      2014
                                          LATITUDE:   47 40 N
                                          LONGITUDE: 117 38 W

  TEMPERATURE IN F:       :PCPN:    SNOW:  WIND      :SUNSHINE: SKY     :PK WND
================================================================================
1   2   3   4   5  6A  6B    7    8   9   10  11  12  13   14  15   16   17  18
                                     12Z  AVG MX 2MIN
DY MAX MIN AVG DEP HDD CDD  WTR  SNW DPTH SPD SPD DIR MIN PSBL S-S WX    SPD DR
================================================================================

 1  73  42  58  -4   7   0 0.00  0.0    0   M   M   M   M    M   M         M  M
 2  76  46  61  -1   4   0 0.06  0.0    0   M   M   M   M    M   M 3       M  M
 3  63  41  52 -10  13   0 0.12  0.0    0   M   M   M   M    M   M 3       M  M
 4  70  40  55  -6  10   0 0.00  0.0    0   M   M   M   M    M   M 1       M  M
 5  77  39  58  -3   7   0 0.00  0.0    0   M   M   M   M    M   M         M  M
 6  81  40  61   0   4   0 0.00  0.0    0   M   M   M   M    M   M         M  M
 7  85  40  63   3   2   0 0.00  0.0    0   M   M   M   M    M   M         M  M
 8  80  49  65   5   0   0 0.00  0.0    M   M   M   M   M    M   0         0   0
 9  75  40  58  -2   7   0 0.00  0.0    0   M   M   M   M    M   0         0   0
10  64  44  54  -6  11   0    T  0.0    0   M   M   M   M    M   0         0   0
11  63  39  51  -8  14   0 0.00  0.0    0   M   M   M   M    M   0         0   0
12  70  28  49 -10  16   0 0.00  0.0    0   M   M   M   M    M   0         0   0
13  73  36  55  -3  10   0 0.00  0.0    0   M   M   M   M    M   0         0   0
14  77  37  57  -1   8   0 0.00  0.0    0   M   M   M   M   99   0         0   0
15  81  38  60   2   5   0 0.00  0.0    0   M   M   M   M    M   0         0   0
16  89  45  67  10   0   2 0.00  0.0    0   M   M   M   M    M   0         0   0
================================================================================
SM 1197  644       118   2  0.18     0.0     M          M        0
================================================================================
AV 74.8 40.2                                 M FASTST   M   99   0    MAX(MPH)
                                 MISC ---->     M   M               #  0    0
================================================================================
NOTES:
# LAST OF SEVERAL OCCURRENCES

COLUMN 17 PEAK WIND IN M.P.H.

PRELIMINARY LOCAL CLIMATOLOGICAL DATA (WS FORM: F-6) , PAGE 2

                                          STATION:  SPOKANE  WA WFO
                                          MONTH:    SEPTEMBER
                                          YEAR:     2014
                                          LATITUDE:   47 40 N
                                          LONGITUDE: 117 38 W

[TEMPERATURE DATA]      [PRECIPITATION DATA]       SYMBOLS USED IN COLUMN 16

AVERAGE MONTHLY: 57.5   TOTAL FOR MONTH:   0.18    1 = FOG OR MIST
DPTR FM NORMAL:  -2.3   DPTR FM NORMAL:   -0.13    2 = FOG REDUCING VISIBILITY
HIGHEST:    89 ON 16    GRTST 24HR  0.12 ON  3- 3      TO 1/4 MILE OR LESS
LOWEST:     28 ON 12                               3 = THUNDER
                        SNOW, ICE PELLETS, HAIL    4 = ICE PELLETS
                        TOTAL MONTH:   0.0 INCH    5 = HAIL
                        GRTST 24HR     0.0         6 = FREEZING RAIN OR DRIZZLE
                        GRTST DEPTH:   0           7 = DUSTSTORM OR SANDSTORM:
                                                       VSBY 1/2 MILE OR LESS
                                                   8 = SMOKE OR HAZE
[NO. OF DAYS WITH]      [WEATHER - DAYS WITH]      9 = BLOWING SNOW
                                                   X = TORNADO
MAX 32 OR BELOW:   0    0.01 INCH OR MORE:   2
MAX 90 OR ABOVE:   0    0.10 INCH OR MORE:   1
MIN 32 OR BELOW:   1    0.50 INCH OR MORE:   0
MIN  0 OR BELOW:   0    1.00 INCH OR MORE:   0

[HDD (BASE 65) ]
TOTAL THIS MO.   118    CLEAR  (SCALE 0-3)   9
DPTR FM NORMAL    22    PTCLDY (SCALE 4-7)   0
TOTAL FM JUL 1   145    CLOUDY (SCALE 8-10)  0
DPTR FM NORMAL   -62

[CDD (BASE 65) ]
TOTAL THIS MO.     2
DPTR FM NORMAL   -12    [PRESSURE DATA]
TOTAL FM JAN 1   399    HIGHEST SLP M ON M
DPTR FM NORMAL   152    LOWEST  SLP  0.00 ON M

[REMARKS]
