000
CXUS55 KPAH 250639
CF6OWB
PRELIMINARY LOCAL CLIMATOLOGICAL DATA (WS FORM: F-6)

                                          STATION:   OWENSBORO KY
                                          MONTH:     DECEMBER
                                          YEAR:      2014
                                          LATITUDE:   37 45 N
                                          LONGITUDE:  87 10 W

  TEMPERATURE IN F:       :PCPN:    SNOW:  WIND      :SUNSHINE: SKY     :PK WND
================================================================================
1   2   3   4   5  6A  6B    7    8   9   10  11  12  13   14  15   16   17  18
                                     12Z  AVG MX 2MIN
DY MAX MIN AVG DEP HDD CDD  WTR  SNW DPTH SPD SPD DIR MIN PSBL S-S WX    SPD DR
================================================================================

 1  51  34  43   0  22   0 0.48  0.0    0   M   M   M   M    M  10 1       M  M
 2  38  35  37  -6  28   0    T  0.0    0   M   M   M   M    M  10 1       M  M
 3  45  36  41  -1  24   0 0.00  0.0    0  5.8  M   M   M    M   5         M  M
 4  42  38  40  -2  25   0 0.18    M    0  7.8 12  80   M    M  10 12      M  M
 5  60  42  51   9  14   0 0.98    M    0  7.7  M   M   M    M   9 12      M  M
 6  60  40  50   9  15   0 0.02    M    0 12.9  M   M   M    M  10 1       M  M
 7  45  38  42   1  23   0 0.00  0.0    0  9.4  M   M   M    M   4         M  M
 8  51  35  43   2  22   0    T    M    0   M   M   M   M    M   4         M  M
 9  45  36  41   1  24   0    T    M    0 12.9 16 350   M    M   9 1      21 350
10  40  34  37  -3  28   0    T    M    0   M   M   M   M    M   9         M  M
11  39  26  33  -7  32   0 0.00    M    0   M   M   M   M    M   6         M  M
12  42  22  32  -8  33   0    T    M    0   M   M   M   M    M   4 18      M  M
13  46  36  41   2  24   0 0.00  0.0    0   M   M   M   M    M  10 18      M  M
14  49  43  46   7  19   0 0.00  0.0    0   M   M   M   M    M  10 1       M  M
15  54  45  50  11  15   0 0.01    M    0   M   M   M   M    M  10 1       M  M
16  54  36  45   7  20   0 0.02    M    0   M   M   M   M    M  10 1       M  M
17  36  31  34  -4  31   0 0.00  0.0    0   M   M   M   M    M   8         M  M
18  34  30  32  -6  33   0 0.00  0.0    0   M   M   M   M    M   8 8       M  M
19  39  31  35  -3  30   0    T  0.0    0  7.2 10  30   M    M   5        11  80
20  38  26  32  -6  33   0    T    M    0  4.1  7  60   M    M   7 1       8  60
21  46  25  36  -2  29   0 0.00  0.0    0  4.4  9  90   M    M   0 18     11  90
22  54  33  44   7  21   0 0.06  0.0    0  9.8 17 150   M    M  10 1      22 150
23  55  47  51  14  14   0 0.01  0.0    0  6.1 15 170   M    M  10 1      16 180
24   M   M   M   M   M   M 0.19  0.0    0 11.0 16 320   M    M  10 1      24 310
================================================================================
SM 1063  799       559   0  1.95     0.0  99.1          M      188
================================================================================
AV 46.2 34.7                               8.3 FASTST   M    M   8    MAX(MPH)
                                 MISC ---->  # 17 150                 24    M
================================================================================
NOTES:
# LAST OF SEVERAL OCCURRENCES

COLUMN 17 PEAK WIND IN M.P.H.

PRELIMINARY LOCAL CLIMATOLOGICAL DATA (WS FORM: F-6) , PAGE 2

                                          STATION:  OWENSBORO KY
                                          MONTH:    DECEMBER
                                          YEAR:     2014
                                          LATITUDE:   37 45 N
                                          LONGITUDE:  87 10 W

[TEMPERATURE DATA]      [PRECIPITATION DATA]       SYMBOLS USED IN COLUMN 16

AVERAGE MONTHLY: 40.5   TOTAL FOR MONTH:   1.95    1 = FOG OR MIST
DPTR FM NORMAL:   0.9   DPTR FM NORMAL:   -1.41    2 = FOG REDUCING VISIBILITY
HIGHEST:    60 ON  6, 5 GRTST 24HR  0.98 ON  5- 5      TO 1/4 MILE OR LESS
LOWEST:     22 ON 12                               3 = THUNDER
                        SNOW, ICE PELLETS, HAIL    4 = ICE PELLETS
                        TOTAL MONTH:   0.0 INCH    5 = HAIL
                        GRTST 24HR     0.0         6 = FREEZING RAIN OR DRIZZLE
                        GRTST DEPTH:   0           7 = DUSTSTORM OR SANDSTORM:
                                                       VSBY 1/2 MILE OR LESS
                                                   8 = SMOKE OR HAZE
[NO. OF DAYS WITH]      [WEATHER - DAYS WITH]      9 = BLOWING SNOW
                                                   X = TORNADO
MAX 32 OR BELOW:   0    0.01 INCH OR MORE:   9
MAX 90 OR ABOVE:   0    0.10 INCH OR MORE:   4
MIN 32 OR BELOW:   7    0.50 INCH OR MORE:   1
MIN  0 OR BELOW:   0    1.00 INCH OR MORE:   0

[HDD (BASE 65) ]
TOTAL THIS MO.   559    CLEAR  (SCALE 0-3)   1
DPTR FM NORMAL   -52    PTCLDY (SCALE 4-7)   8
TOTAL FM JUL 1  1524    CLOUDY (SCALE 8-10) 15
DPTR FM NORMAL   231

[CDD (BASE 65) ]
TOTAL THIS MO.     0
DPTR FM NORMAL     0    [PRESSURE DATA]
TOTAL FM JAN 1  1462    HIGHEST SLP M ON M
DPTR FM NORMAL  -296    LOWEST  SLP M ON M

[REMARKS]
