603
CXUS55 KLOX 171655
CF6OXR
PRELIMINARY LOCAL CLIMATOLOGICAL DATA (WS FORM: F-6)

                                          STATION:   OXNARD AIRPORT CA
                                          MONTH:     OCTOBER
                                          YEAR:      2017
                                          LATITUDE:   34 12 N
                                          LONGITUDE: 119 12 W

  TEMPERATURE IN F:       :PCPN:    SNOW:  WIND      :SUNSHINE: SKY     :PK WND
================================================================================
1   2   3   4   5  6A  6B    7    8   9   10  11  12  13   14  15   16   17  18
                                     12Z  AVG MX 2MIN
DY MAX MIN AVG DEP HDD CDD  WTR  SNW DPTH SPD SPD DIR MIN PSBL S-S WX    SPD DR
================================================================================

 1  71  55  63  -1   2   0 0.00  0.0    0  4.0 12 240   M    M   4 1      15 230
 2  71  56  64   0   1   0 0.00  0.0    0  6.0 13 250   M    M   3 1      17 280
 3  70  55  63  -1   2   0 0.00  0.0    0  5.8 15 190   M    M   1        19 180
 4  73  54  64   0   1   0 0.00  0.0    0  7.1 15 250   M    M   0        19 270
 5  74  54  64   0   1   0 0.00  0.0    0  5.8 15 260   M    M   0        18 270
 6  79  56  68   4   0   3 0.00  0.0    0  6.0 17 260   M    M   0        19 270
 7  85  58  72   8   0   7 0.00  0.0    0  7.4 15 260   M    M   0 1      22 140
 8  72  54  63   0   2   0 0.00  0.0    0  5.2 14 280   M    M   4 18     17 270
 9  86  55  71   8   0   6 0.00  0.0    0 14.0 35  70   M    M   3 18     47  80
10  73  53  63   0   2   0 0.00  0.0    0  5.4 14 280   M    M   1 12     18 230
11  70  50  60  -3   5   0 0.00  0.0    0  5.3 15 280   M    M   0        20 260
12  70  52  61  -2   4   0 0.00  0.0    0  6.6 18 270   M    M   1 1      23 280
13  71  51  61  -2   4   0 0.00  0.0    0  4.9 10 250   M    M   0         M  M
14  75  50  63   0   2   0 0.00  0.0    0  5.8 13 270   M    M   0        16 220
15  94  60  77  14   0  12 0.00  0.0    0  9.2 24  70   M    M   0        31  80
16  85  59  72  10   0   7 0.00  0.0    0  6.9 17 270   M    M   0        21 270
================================================================================
SM 1219  872        26  35  0.00     0.0 105.4          M       17
================================================================================
AV 76.2 54.5                               6.6 FASTST   M    M   1    MAX(MPH)
                                 MISC ---->  # 35  70               # 47   80
================================================================================
NOTES:
# LAST OF SEVERAL OCCURRENCES

COLUMN 17 PEAK WIND IN M.P.H.

PRELIMINARY LOCAL CLIMATOLOGICAL DATA (WS FORM: F-6) , PAGE 2

                                          STATION:  OXNARD AIRPORT CA
                                          MONTH:    OCTOBER
                                          YEAR:     2017
                                          LATITUDE:   34 12 N
                                          LONGITUDE: 119 12 W

[TEMPERATURE DATA]      [PRECIPITATION DATA]       SYMBOLS USED IN COLUMN 16

AVERAGE MONTHLY: 65.3   TOTAL FOR MONTH:   0.00    1 = FOG OR MIST
DPTR FM NORMAL:   2.0   DPTR FM NORMAL:   -0.28    2 = FOG REDUCING VISIBILITY
HIGHEST:    94 ON 15    GRTST 24HR  0.00 ON 16-16      TO 1/4 MILE OR LESS
LOWEST:     50 ON 14,11                            3 = THUNDER
                        SNOW, ICE PELLETS, HAIL    4 = ICE PELLETS
                        TOTAL MONTH:   0.0 INCH    5 = HAIL
                        GRTST 24HR     0.0         6 = FREEZING RAIN OR DRIZZLE
                        GRTST DEPTH:   0           7 = DUSTSTORM OR SANDSTORM:
                                                       VSBY 1/2 MILE OR LESS
                                                   8 = SMOKE OR HAZE
[NO. OF DAYS WITH]      [WEATHER - DAYS WITH]      9 = BLOWING SNOW
                                                   X = TORNADO
MAX 32 OR BELOW:   0    0.01 INCH OR MORE:   0
MAX 90 OR ABOVE:   1    0.10 INCH OR MORE:   0
MIN 32 OR BELOW:   0    0.50 INCH OR MORE:   0
MIN  0 OR BELOW:   0    1.00 INCH OR MORE:   0

[HDD (BASE 65) ]
TOTAL THIS MO.    26    CLEAR  (SCALE 0-3)  14
DPTR FM NORMAL   -13    PTCLDY (SCALE 4-7)   2
TOTAL FM JUL 1    45    CLOUDY (SCALE 8-10)  0
DPTR FM NORMAL   -70

[CDD (BASE 65) ]
TOTAL THIS MO.    35
DPTR FM NORMAL    19    [PRESSURE DATA]
TOTAL FM JAN 1   349    HIGHEST SLP M ON M
DPTR FM NORMAL   180    LOWEST  SLP 29.66 ON  8

[REMARKS]
