000
CXUS55 KRIW 230945
CF6P60
PRELIMINARY LOCAL CLIMATOLOGICAL DATA (WS FORM: F-6)

                                          STATION:   LAKE YELLOWSTONE WY
                                          MONTH:     OCTOBER
                                          YEAR:      2017
                                          LATITUDE:   44 32 N
                                          LONGITUDE: 110 25 W

  TEMPERATURE IN F:       :PCPN:    SNOW:  WIND      :SUNSHINE: SKY     :PK WND
================================================================================
1   2   3   4   5  6A  6B    7    8   9   10  11  12  13   14  15   16   17  18
                                     12Z  AVG MX 2MIN
DY MAX MIN AVG DEP HDD CDD  WTR  SNW DPTH SPD SPD DIR MIN PSBL S-S WX    SPD DR
================================================================================

 1  39  27  33  -8  32   0 0.01    M    M  2.1 10 310   M    M   0        21 280
 2  37  23  30 -11  35   0 0.00  0.0    M  2.7 12  10   M    M   0        18  40
 3  39  21  30 -10  35   0 0.00  0.0    M  1.7  8 120   M    M   0        12 130
 4  49  20  35  -5  30   0 0.06    M    M  2.5 14 260   M    M   0        24 290
 5  47  26  37  -3  28   0 0.00  0.0    M  1.3  7 270   M    M   0        12 110
 6  41  23  32  -7  33   0 0.00  0.0    M  2.9 13 290   M    M   0        20 270
 7  50  31  41   2  24   0 0.00  0.0    M  7.3 17 260   M    M   0        35 220
 8  37  19  28 -10  37   0 0.08    M    M  3.0 10 330   M    M   0        20 320
 9  40  14  27 -11  38   0 0.00  0.0    M  3.5 12 290   M    M   0        17 280
10  47  18  33  -5  32   0 0.00  0.0    M  2.3  9 260   M    M   0        16 260
11  51  21  36  -1  29   0 0.00  0.0    M  4.3 13 280   M    M   0        22 230
12  35  21  28  -9  37   0 0.01    M    M  6.5 15 280   M    M   0        25 270
13  34  18  26 -11  39   0 0.03    M    M  4.6 14 260   M    M   0        26 180
14  31  18  25 -11  40   0 0.18    M    M  4.5 14 280   M    M   0        25 290
15  45  12  29  -7  36   0 0.00  0.0    M  3.1  7 210   M    M   0        12 190
16  52  19  36   0  29   0 0.00    M    M  1.6  8 210   M    M   0        13 210
17   M   M   M   M   M   M 0.00    M    M  2.1  5 290   M    M   0         M  M
18  51  28  40   5  25   0 0.00    M    M  4.7 15 250   M    M   0        26 270
19  58  24  41   6  24   0 0.00    M    M  2.4  9 200   M    M   0        17 270
20  48  23  36   2  29   0 0.08    M    M  4.4 20 280   M    M   0        30 270
21  28  18  23 -11  42   0 0.03    M    M  4.9 12 280   M    M   0        24 270
22  37  27  32  -1  33   0 0.14    M    M  6.9 21 270   M    M   0        39 290
================================================================================
SM  896  451       687   0  0.62     0.0  79.3          M        0
================================================================================
AV 42.7 21.5                               3.6 FASTST   M    M   0    MAX(MPH)
                                 MISC ---->  # 21 270               # 39  290
================================================================================
NOTES:
# LAST OF SEVERAL OCCURRENCES

COLUMN 17 PEAK WIND IN M.P.H.

PRELIMINARY LOCAL CLIMATOLOGICAL DATA (WS FORM: F-6) , PAGE 2

                                          STATION:  LAKE YELLOWSTONE WY
                                          MONTH:    OCTOBER
                                          YEAR:     2017
                                          LATITUDE:   44 32 N
                                          LONGITUDE: 110 25 W

[TEMPERATURE DATA]      [PRECIPITATION DATA]       SYMBOLS USED IN COLUMN 16

AVERAGE MONTHLY: 32.1   TOTAL FOR MONTH:   0.62    1 = FOG OR MIST
DPTR FM NORMAL:  -5.2   DPTR FM NORMAL:   -0.28    2 = FOG REDUCING VISIBILITY
HIGHEST:    58 ON 19    GRTST 24HR  0.18 ON 14-14      TO 1/4 MILE OR LESS
LOWEST:     12 ON 15                               3 = THUNDER
                        SNOW, ICE PELLETS, HAIL    4 = ICE PELLETS
                        TOTAL MONTH:   0.0 INCH    5 = HAIL
                        GRTST 24HR     0.0         6 = FREEZING RAIN OR DRIZZLE
                        GRTST DEPTH:  M  ON   M    7 = DUSTSTORM OR SANDSTORM:
                                                       VSBY 1/2 MILE OR LESS
                                                   8 = SMOKE OR HAZE
[NO. OF DAYS WITH]      [WEATHER - DAYS WITH]      9 = BLOWING SNOW
                                                   X = TORNADO
MAX 32 OR BELOW:   2    0.01 INCH OR MORE:   9
MAX 90 OR ABOVE:   0    0.10 INCH OR MORE:   2
MIN 32 OR BELOW:  21    0.50 INCH OR MORE:   0
MIN  0 OR BELOW:   0    1.00 INCH OR MORE:   0

[HDD (BASE 65) ]
TOTAL THIS MO.   687    CLEAR  (SCALE 0-3)  22
DPTR FM NORMAL    77    PTCLDY (SCALE 4-7)   0
TOTAL FM JUL 1  1837    CLOUDY (SCALE 8-10)  0
DPTR FM NORMAL    92

[CDD (BASE 65) ]
TOTAL THIS MO.     0
DPTR FM NORMAL     0    [PRESSURE DATA]
TOTAL FM JAN 1     0    HIGHEST SLP M ON M
DPTR FM NORMAL     0    LOWEST  SLP 29.49 ON 20

[REMARKS]
