000
CXUS55 KRIW 290945
CF6P60
PRELIMINARY LOCAL CLIMATOLOGICAL DATA (WS FORM: F-6)

                                          STATION:   LAKE YELLOWSTONE WY
                                          MONTH:     MAY
                                          YEAR:      2016
                                          LATITUDE:   44 32 N
                                          LONGITUDE: 110 25 W

  TEMPERATURE IN F:       :PCPN:    SNOW:  WIND      :SUNSHINE: SKY     :PK WND
================================================================================
1   2   3   4   5  6A  6B    7    8   9   10  11  12  13   14  15   16   17  18
                                     12Z  AVG MX 2MIN
DY MAX MIN AVG DEP HDD CDD  WTR  SNW DPTH SPD SPD DIR MIN PSBL S-S WX    SPD DR
================================================================================

 1  47  25  36   0  29   0 0.00  0.0    M  2.3  9  80   M    M   0        14  80
 2  55  19  37   1  28   0 0.00  0.0    M  1.9  6 120   M    M   0         8 150
 3  56  24  40   4  25   0 0.00  0.0    M  1.8  8  80   M    M   0        13 130
 4  62  26  44   7  21   0 0.00  0.0    M  1.2  8 120   M    M   0        16 240
 5  64  29  47  10  18   0 0.00  0.0    M  1.4  7 100   M    M   0        11  90
 6  56  34  45   8  20   0 0.00  0.0    M  3.9 10  90   M    M   0        20  70
 7  51  34  43   5  22   0 0.00  0.0    M  2.0 10  60   M    M   0        16  80
 8  64  28  46   8  19   0 0.00  0.0    M  3.9 12 300   M    M   0        23 320
 9  50  27  39   1  26   0 0.12    M    M  4.9 18 280   M    M   0        36 200
10  32  23  28 -10  37   0 0.08    M    M  5.4 15 280   M    M   0        29 310
11  43  20  32  -7  33   0 0.00  0.0    M  2.6 14 270   M    M   0        23 270
12  55  22  39   0  26   0 0.00  0.0    M  3.2 14 270   M    M   0        22 260
13  61  29  45   6  20   0 0.00  0.0    M  3.5 17 270   M    M   0        26 270
14  60  27  44   4  21   0 0.19    M    M  1.7  8 300   M    M   0        12 300
15  46  31  39  -1  26   0 0.34    M    M  1.6  7 110   M    M   0        11 280
16  50  30  40   0  25   0 0.02    M    M  2.4  9 110   M    M   0        15 120
17  55  28  42   2  23   0 0.00  0.0    M  2.4  7 110   M    M   0        10 270
18  56  28  42   2  23   0 0.01    M    M  1.9 12 310   M    M   0        20 340
19  54  32  43   2  22   0 0.16    M    M  2.6 16 280   M    M   0        27 280
20  55  32  44   3  21   0 0.20    M    M  1.0  7 290   M    M   0        14 220
21  48  31  40  -1  25   0 0.34    M    M  1.9 18 270   M    M   0        30 290
22  44  27  36  -6  29   0 0.03    M    M  5.0 15 240   M    M   0        27 220
23  44  28  36  -6  29   0 0.04    M    M  3.6 13 260   M    M   0        29 240
24  52  27  40  -2  25   0 0.27    M    M  1.3 12 280   M    M   0        17 270
25  46  31  39  -3  26   0 0.41    M    M  1.6 14 320   M    M   0        20 310
26  51  30  41  -2  24   0 0.42    M    M  1.8 12 290   M    M   0        21 300
27  54  31  43   0  22   0 0.11    M    M  3.1 17 270   M    M   0        29 280
28  52  30  41  -2  24   0 0.00  0.0    M  3.1 13 280   M    M   0        22 210
================================================================================
SM 1463  783       689   0  2.74     0.0  73.0          M        0
================================================================================
AV 52.2 28.0                               2.6 FASTST   M    M   0    MAX(MPH)
                                 MISC ---->  # 18 280               # 36  200
================================================================================
NOTES:
# LAST OF SEVERAL OCCURRENCES

COLUMN 17 PEAK WIND IN M.P.H.

PRELIMINARY LOCAL CLIMATOLOGICAL DATA (WS FORM: F-6) , PAGE 2

                                          STATION:  LAKE YELLOWSTONE WY
                                          MONTH:    MAY
                                          YEAR:     2016
                                          LATITUDE:   44 32 N
                                          LONGITUDE: 110 25 W

[TEMPERATURE DATA]      [PRECIPITATION DATA]       SYMBOLS USED IN COLUMN 16

AVERAGE MONTHLY: 40.1   TOTAL FOR MONTH:   2.74    1 = FOG OR MIST
DPTR FM NORMAL:   0.5   DPTR FM NORMAL:    0.74    2 = FOG REDUCING VISIBILITY
HIGHEST:    64 ON  8, 5 GRTST 24HR  0.68 ON 24-25      TO 1/4 MILE OR LESS
LOWEST:     19 ON  2                               3 = THUNDER
                        SNOW, ICE PELLETS, HAIL    4 = ICE PELLETS
                        TOTAL MONTH:   0.0 INCH    5 = HAIL
                        GRTST 24HR     0.0         6 = FREEZING RAIN OR DRIZZLE
                        GRTST DEPTH:  M  ON   M    7 = DUSTSTORM OR SANDSTORM:
                                                       VSBY 1/2 MILE OR LESS
                                                   8 = SMOKE OR HAZE
[NO. OF DAYS WITH]      [WEATHER - DAYS WITH]      9 = BLOWING SNOW
                                                   X = TORNADO
MAX 32 OR BELOW:   1    0.01 INCH OR MORE:  15
MAX 90 OR ABOVE:   0    0.10 INCH OR MORE:  10
MIN 32 OR BELOW:  26    0.50 INCH OR MORE:   0
MIN  0 OR BELOW:   0    1.00 INCH OR MORE:   0

[HDD (BASE 65) ]
TOTAL THIS MO.   689    CLEAR  (SCALE 0-3)  28
DPTR FM NORMAL   -24    PTCLDY (SCALE 4-7)   0
TOTAL FM JUL 1 10684    CLOUDY (SCALE 8-10)  0
DPTR FM NORMAL  -280

[CDD (BASE 65) ]
TOTAL THIS MO.     0
DPTR FM NORMAL     0    [PRESSURE DATA]
TOTAL FM JAN 1     0    HIGHEST SLP M ON M
DPTR FM NORMAL     0    LOWEST  SLP 29.51 ON  8

[REMARKS]
