000
CXUS53 KPAH 010707
CF6PAH
PRELIMINARY LOCAL CLIMATOLOGICAL DATA (WS FORM: F-6)

                                          STATION:   PADUCAH KY
                                          MONTH:     APRIL
                                          YEAR:      2016
                                          LATITUDE:   37  4 N
                                          LONGITUDE:  88 46 W

  TEMPERATURE IN F:       :PCPN:    SNOW:  WIND      :SUNSHINE: SKY     :PK WND
================================================================================
1   2   3   4   5  6A  6B    7    8   9   10  11  12  13   14  15   16   17  18
                                     12Z  AVG MX 2MIN
DY MAX MIN AVG DEP HDD CDD  WTR  SNW DPTH SPD SPD DIR MIN PSBL S-S WX    SPD DR
================================================================================

 1  62  44  53   0  12   0 0.00  0.0    0  8.5 20 340   M    M   2        27 310
 2  67  39  53  -1  12   0 0.00  0.0    0 11.2 28 250   M    M   1        37 250
 3  68  32  50  -4  15   0 0.00  0.0    0  8.3 20 230   M    M   0        29 220
 4  74  44  59   5   6   0 0.00  0.0    0 11.7 22 250   M    M   0        29 250
 5  59  36  48  -7  17   0 0.00  0.0    0  9.3 17  60   M    M   0        20  60
 6  69  47  58   3   7   0 0.13  0.0    0 12.1 39 250   M    M   2 1      52 240
 7  65  39  52  -3  13   0 0.04    M    0 10.7 31 340   M    M   3        41 340
 8  58  37  48  -8  17   0 0.00  0.0    0  9.3 21 300   M    M   4        30 310
 9  54  33  44 -12  21   0 0.00  0.0    0  7.5 18 360   M    M   1        23 350
10  77  42  60   4   5   0 0.10  0.0    0  9.3 23 220   M    M   6        39 220
11  71  43  57   1   8   0 0.45  0.0    0 10.2 25 350   M    M   8 1      30 360
12  62  38  50  -7  15   0 0.00  0.0    0  7.0 17  30   M    M   0        26  50
13  69  37  53  -4  12   0 0.00  0.0    0  4.4 14 100   M    M   0        17  80
14  74  51  63   5   2   0    T  0.0    0  5.6 13 100   M    M   7        17 120
15  76  57  67   9   0   2    T  0.0    0  6.9 16 160   M    M   3        20 160
16  79  48  64   6   1   0 0.00  0.0    0  6.3 16 150   M    M   2        26 120
17  82  50  66   8   0   1 0.00  0.0    0  2.6 12 160   M    M   0        16 140
18  81  48  65   6   0   0 0.00  0.0    0  3.1 13 120   M    M   0        18 170
19  79  54  67   8   0   2 0.00  0.0    0  3.0 13 170   M    M   3        15 210
20  79  58  69   9   0   4 0.12  0.0    0  5.1 18 170   M    M  10 1      27 200
21  76  56  66   6   0   1 0.27  0.0    0  6.8 20 270   M    M   7 13     26 270
22  73  51  62   2   3   0 0.00  0.0    0  6.8 16 360   M    M   3 1      22 350
23  73  48  61   1   4   0 0.00  0.0    0  4.8 10 110   M    M   3 128    13 110
24  80  42  61   0   4   0 0.00  0.0    0  4.4 13 150   M    M   3 128    19 140
25  83  63  73  12   0   8 0.00  0.0    0  7.7 21 230   M    M   2        31 230
26  84  62  73  12   0   8 0.30  0.0    0  9.0 28 320   M    M   5 13     37 320
27  78  58  68   6   0   3 0.93  0.0    0  5.8 13 210   M    M   3 13     19 220
28  78  56  67   5   0   2 0.00  0.0    0  7.0 20 260   M    M   2 12     24 250
29  64  54  59  -3   6   0 0.16  0.0    0  5.8 13 110   M    M   4 13     17 110
30  74  61  68   5   0   3 0.76  0.0    0  6.2 14 180   M    M   6 13     21 190
================================================================================
SM 2168 1428       180  34  3.26     0.0 216.4          M       90
================================================================================
AV 72.3 47.6                               7.2 FASTST   M    M   3    MAX(MPH)
                                 MISC ---->  # 39 250               # 52  240
================================================================================
NOTES:
# LAST OF SEVERAL OCCURRENCES

COLUMN 17 PEAK WIND IN M.P.H.

PRELIMINARY LOCAL CLIMATOLOGICAL DATA (WS FORM: F-6) , PAGE 2

                                          STATION:  PADUCAH KY
                                          MONTH:    APRIL
                                          YEAR:     2016
                                          LATITUDE:   37  4 N
                                          LONGITUDE:  88 46 W

[TEMPERATURE DATA]      [PRECIPITATION DATA]       SYMBOLS USED IN COLUMN 16

AVERAGE MONTHLY: 59.9   TOTAL FOR MONTH:   3.26    1 = FOG OR MIST
DPTR FM NORMAL:   1.9   DPTR FM NORMAL:   -1.50    2 = FOG REDUCING VISIBILITY
HIGHEST:    84 ON 26    GRTST 24HR  1.23 ON 26-27      TO 1/4 MILE OR LESS
LOWEST:     32 ON  3                               3 = THUNDER
                        SNOW, ICE PELLETS, HAIL    4 = ICE PELLETS
                        TOTAL MONTH:   0.0 INCH    5 = HAIL
                        GRTST 24HR     0.0         6 = FREEZING RAIN OR DRIZZLE
                        GRTST DEPTH:   0           7 = DUSTSTORM OR SANDSTORM:
                                                       VSBY 1/2 MILE OR LESS
                                                   8 = SMOKE OR HAZE
[NO. OF DAYS WITH]      [WEATHER - DAYS WITH]      9 = BLOWING SNOW
                                                   X = TORNADO
MAX 32 OR BELOW:   0    0.01 INCH OR MORE:  10
MAX 90 OR ABOVE:   0    0.10 INCH OR MORE:   9
MIN 32 OR BELOW:   1    0.50 INCH OR MORE:   2
MIN  0 OR BELOW:   0    1.00 INCH OR MORE:   0

[HDD (BASE 65) ]
TOTAL THIS MO.   180    CLEAR  (SCALE 0-3)  19
DPTR FM NORMAL   -65    PTCLDY (SCALE 4-7)  10
TOTAL FM JUL 1  3201    CLOUDY (SCALE 8-10)  1
DPTR FM NORMAL  -863

[CDD (BASE 65) ]
TOTAL THIS MO.    34
DPTR FM NORMAL    -1    [PRESSURE DATA]
TOTAL FM JAN 1    36    HIGHEST SLP M ON M
DPTR FM NORMAL    -6    LOWEST  SLP 29.60 ON  6

[REMARKS]
#FINAL-04-16#
