000
CXUS54 KLZK 221330
CF6PBF
PRELIMINARY LOCAL CLIMATOLOGICAL DATA (WS FORM: F-6)

                                          STATION:   Pine Bluff
                                          MONTH:     SEPTEMBER
                                          YEAR:      2014
                                          LATITUDE:   34 10 N
                                          LONGITUDE:  91 56 W

  TEMPERATURE IN F:       :PCPN:    SNOW:  WIND      :SUNSHINE: SKY     :PK WND
================================================================================
1   2   3   4   5  6A  6B    7    8   9   10  11  12  13   14  15   16   17  18
                                     12Z  AVG MX 2MIN
DY MAX MIN AVG DEP HDD CDD  WTR  SNW DPTH SPD SPD DIR MIN PSBL S-S WX    SPD DR
================================================================================

 1  90  71  81   2   0  16    T  0.0    0  8.4 17 190   M    M   3 1      21 180
 2  85  73  79   0   0  14 0.08  0.0    0  6.3 21 280   M    M   5 13     27 270
 3  91  69  80   2   0  15 0.00  0.0    0  2.6  9 200   M    M   5 12     12 250
 4  93  70  82   4   0  17 0.00  0.0    0  3.2 10 230   M    M   0 1      17 190
 5  95  72  84   6   0  19    T  0.0    0  2.5 13 200   M    M   2 138    16 280
 6  89  70  80   2   0  15 0.00  0.0    0  8.1 17  30   M    M   1        23  10
 7  86  67  77   0   0  12 0.00  0.0    0  8.2 14  10   M    M   1        18  20
 8  91  66  79   2   0  14 0.00  0.0    0  2.8  8 100   M    M   2        12 360
 9  93  68  81   4   0  16 0.00  0.0    0  4.8 13 180   M    M   0 1      15 200
10  92  74  83   7   0  18 0.00  0.0    0 10.8 18 210   M    M   1 1      23 210
11  84  67  76   0   0  11 0.07  0.0    0  9.1 17  20   M    M   7 1      23  20
12  67  60  64 -12   1   0 0.62  0.0    0 10.7 18  10   M    M  10 13     24  30
13  69  57  63 -12   2   0 0.00  0.0    0 11.1 21  10   M    M   7        32  10
14  78  55  67  -8   0   2 0.00  0.0    0  4.9 13  10   M    M   0        20  20
15  81  62  72  -2   0   7    T  0.0    0  1.4  7 310   M    M   1         9 290
16  87  67  77   3   0  12 0.01  0.0    0  5.4 14  10   M    M   4 1      18  10
17  88  63  76   2   0  11 0.00  0.0    0  3.0  8 150   M    M   2        10  10
18  86  67  77   4   0  12 0.01  0.0    0  4.1 17 260   M    M   2 3      24 250
19  86  64  75   2   0  10 0.00  0.0    0  3.5 10 110   M    M   3 1      15 150
20  92  64  78   5   0  13 0.00  0.0    0  0.8 12 310   M    M   1 1      16 310
21  91  66  79   7   0  14 0.00  0.0    0  6.3 16 330   M    M   2        21 340
================================================================================
SM 1814 1392         3 248  0.79     0.0 118.0          M       59
================================================================================
AV 86.4 66.3                               5.6 FASTST   M    M   3    MAX(MPH)
                                 MISC ---->  # 21 280               # 32   10
================================================================================
NOTES:
# LAST OF SEVERAL OCCURRENCES

COLUMN 17 PEAK WIND IN M.P.H.

PRELIMINARY LOCAL CLIMATOLOGICAL DATA (WS FORM: F-6) , PAGE 2

                                          STATION:  Pine Bluff
                                          MONTH:    SEPTEMBER
                                          YEAR:     2014
                                          LATITUDE:   34 10 N
                                          LONGITUDE:  91 56 W

[TEMPERATURE DATA]      [PRECIPITATION DATA]       SYMBOLS USED IN COLUMN 16

AVERAGE MONTHLY: 76.3   TOTAL FOR MONTH:   0.79    1 = FOG OR MIST
DPTR FM NORMAL:   0.5   DPTR FM NORMAL:   -0.89    2 = FOG REDUCING VISIBILITY
HIGHEST:    95 ON  5    GRTST 24HR  0.69 ON 11-12      TO 1/4 MILE OR LESS
LOWEST:     55 ON 14                               3 = THUNDER
                        SNOW, ICE PELLETS, HAIL    4 = ICE PELLETS
                        TOTAL MONTH:   0.0 INCH    5 = HAIL
                        GRTST 24HR     0.0         6 = FREEZING RAIN OR DRIZZLE
                        GRTST DEPTH:   0           7 = DUSTSTORM OR SANDSTORM:
                                                       VSBY 1/2 MILE OR LESS
                                                   8 = SMOKE OR HAZE
[NO. OF DAYS WITH]      [WEATHER - DAYS WITH]      9 = BLOWING SNOW
                                                   X = TORNADO
MAX 32 OR BELOW:   0    0.01 INCH OR MORE:   5
MAX 90 OR ABOVE:   9    0.10 INCH OR MORE:   1
MIN 32 OR BELOW:   0    0.50 INCH OR MORE:   1
MIN  0 OR BELOW:   0    1.00 INCH OR MORE:   0

[HDD (BASE 65) ]
TOTAL THIS MO.     3    CLEAR  (SCALE 0-3)  14
DPTR FM NORMAL     2    PTCLDY (SCALE 4-7)   6
TOTAL FM JUL 1     4    CLOUDY (SCALE 8-10)  1
DPTR FM NORMAL     3

[CDD (BASE 65) ]
TOTAL THIS MO.   248
DPTR FM NORMAL    18    [PRESSURE DATA]
TOTAL FM JAN 1  1749    HIGHEST SLP M ON M
DPTR FM NORMAL  -239    LOWEST  SLP 29.72 ON 10

[REMARKS]
ALL SNOWFALL DATA IS FROM THE PINE BLUFF WATER PLANT SITE
