000
CXUS54 KLZK 221130
CF6PBF
PRELIMINARY LOCAL CLIMATOLOGICAL DATA (WS FORM: F-6)

                                          STATION:   Pine Bluff
                                          MONTH:     OCTOBER
                                          YEAR:      2017
                                          LATITUDE:   34 10 N
                                          LONGITUDE:  91 56 W

  TEMPERATURE IN F:       :PCPN:    SNOW:  WIND      :SUNSHINE: SKY     :PK WND
================================================================================
1   2   3   4   5  6A  6B    7    8   9   10  11  12  13   14  15   16   17  18
                                     12Z  AVG MX 2MIN
DY MAX MIN AVG DEP HDD CDD  WTR  SNW DPTH SPD SPD DIR MIN PSBL S-S WX    SPD DR
================================================================================

 1  86  57  72   4   0   7    T  0.0    0  6.1 13 120   M    M   2        20 140
 2  79  66  73   5   0   8 0.04  0.0    0  8.1 17 130   M    M   6 1      23 140
 3  89  68  79  11   0  14    T  0.0    0  6.9 18 140   M    M   4        22 120
 4  87  63  75   8   0  10 0.00  0.0    0  5.5 13 110   M    M   0        16 150
 5  87  62  75   8   0  10 0.00  0.0    0  2.8 10 190   M    M   0 18     14 140
 6  87  58  73   6   0   8 0.00  0.0    0  4.0 14 140   M    M   0 1      17 190
 7  87  62  75   9   0  10    T  0.0    0  5.1 18 170   M    M   6 8      23 170
 8  90  69  80  14   0  15 0.00  0.0    0  3.7 12 190   M    M   3        15 290
 9  91  69  80  14   0  15 0.00  0.0    0  4.4 14 120   M    M   2 1      20 110
10  90  56  73   8   0   8 0.00  0.0    0  7.2 20 330   M    M   2 12     24 330
11  71  52  62  -3   3   0 0.00  0.0    0  5.0 16  10   M    M   3        19  10
12  79  49  64   0   1   0 0.00  0.0    0  3.0  9  40   M    M   0 18     13  30
13  87  54  71   7   0   6 0.00  0.0    0  2.8 10 140   M    M   0 1      13 140
14  90  58  74  10   0   9 0.00  0.0    0  6.5 17 190   M    M   1        21 210
15  77  56  67   3   0   2    T  0.0    0 10.4 24 340   M    M   4        29 340
16  69  43  56  -7   9   0 0.00  0.0    0 10.1 22  10   M    M   0        28  10
17  74  41  58  -5   7   0 0.00  0.0    0  2.6 13  70   M    M   0        16  70
18  78  40  59  -4   6   0 0.00  0.0    0  3.4 13 170   M    M   0 1      15 170
19  80  42  61  -1   4   0 0.00  0.0    0  2.6 12 110   M    M   0 18     15 100
20  76  47  62   0   3   0 0.00  0.0    0  4.0 13 140   M    M   0 1      16 130
21  84  61  73  11   0   8 0.00  0.0    0 10.8 23 160   M    M   5        29 160
================================================================================
SM 1738 1173        33 130  0.04     0.0 115.0          M       38
================================================================================
AV 82.8 55.9                               5.5 FASTST   M    M   2    MAX(MPH)
                                 MISC ---->  # 24 340               # 29  340
================================================================================
NOTES:
# LAST OF SEVERAL OCCURRENCES

COLUMN 17 PEAK WIND IN M.P.H.

PRELIMINARY LOCAL CLIMATOLOGICAL DATA (WS FORM: F-6) , PAGE 2

                                          STATION:  Pine Bluff
                                          MONTH:    OCTOBER
                                          YEAR:     2017
                                          LATITUDE:   34 10 N
                                          LONGITUDE:  91 56 W

[TEMPERATURE DATA]      [PRECIPITATION DATA]       SYMBOLS USED IN COLUMN 16

AVERAGE MONTHLY: 69.3   TOTAL FOR MONTH:   0.04    1 = FOG OR MIST
DPTR FM NORMAL:   4.4   DPTR FM NORMAL:   -3.30    2 = FOG REDUCING VISIBILITY
HIGHEST:    91 ON  9    GRTST 24HR  0.04 ON  2- 2      TO 1/4 MILE OR LESS
LOWEST:     40 ON 18                               3 = THUNDER
                        SNOW, ICE PELLETS, HAIL    4 = ICE PELLETS
                        TOTAL MONTH:   0.0 INCH    5 = HAIL
                        GRTST 24HR     0.0         6 = FREEZING RAIN OR DRIZZLE
                        GRTST DEPTH:   0           7 = DUSTSTORM OR SANDSTORM:
                                                       VSBY 1/2 MILE OR LESS
                                                   8 = SMOKE OR HAZE
[NO. OF DAYS WITH]      [WEATHER - DAYS WITH]      9 = BLOWING SNOW
                                                   X = TORNADO
MAX 32 OR BELOW:   0    0.01 INCH OR MORE:   1
MAX 90 OR ABOVE:   4    0.10 INCH OR MORE:   0
MIN 32 OR BELOW:   0    0.50 INCH OR MORE:   0
MIN  0 OR BELOW:   0    1.00 INCH OR MORE:   0

[HDD (BASE 65) ]
TOTAL THIS MO.    33    CLEAR  (SCALE 0-3)  15
DPTR FM NORMAL   -28    PTCLDY (SCALE 4-7)   6
TOTAL FM JUL 1    35    CLOUDY (SCALE 8-10)  0
DPTR FM NORMAL   -37

[CDD (BASE 65) ]
TOTAL THIS MO.   130
DPTR FM NORMAL    69    [PRESSURE DATA]
TOTAL FM JAN 1  2059    HIGHEST SLP 30.19 ON 13
DPTR FM NORMAL   -46    LOWEST  SLP 29.90 ON 10

[REMARKS]
ALL SNOWFALL DATA IS FROM THE PINE BLUFF WATER PLANT SITE
