000
CXUS52 KMFL 221000
CF6PBI
PRELIMINARY LOCAL CLIMATOLOGICAL DATA (WS FORM: F-6)

                                          STATION:   WEST PALM BEACH
                                          MONTH:     JANUARY
                                          YEAR:      2017
                                          LATITUDE:   26 40 N
                                          LONGITUDE:  80  7 W

  TEMPERATURE IN F:       :PCPN:    SNOW:  WIND      :SUNSHINE: SKY     :PK WND
================================================================================
1   2   3   4   5  6A  6B    7    8   9   10  11  12  13   14  15   16   17  18
                                     12Z  AVG MX 2MIN
DY MAX MIN AVG DEP HDD CDD  WTR  SNW DPTH SPD SPD DIR MIN PSBL S-S WX    SPD DR
================================================================================

 1  80  69  75   9   0  10 0.00  0.0    0 11.3 20 130   M    M   4        24 130
 2  81  75  78  12   0  13 0.02  0.0    0 14.4 24 140   M    M   5        31 150
 3  86  72  79  13   0  14 0.02  0.0    0  8.3 17 150   M    M   6        22 140
 4  81  64  73   7   0   8 0.01  0.0    0  9.2 13 300   M    M   7 1       M  M
 5  78  56  67   1   0   2 0.00  0.0    0  3.7 14 300   M    M   4        18 310
 6  81  58  70   4   0   5 0.00  0.0    0  5.8 15 140   M    M   4 1      20 190
 7  81  48  65  -1   0   0 0.19    M    0 13.4 37 270   M    M   7 138    47 280
 8  66  44  55 -11  10   0    T  0.0    0 17.4 30 350   M    M   4        37 350
 9  70  49  60  -6   5   0    T  0.0    0 12.6 22  90   M    M   6        27  90
10  74  63  69   4   0   4    T  0.0    0 15.6 23 100   M    M   6        27  90
11  76  68  72   7   0   7 0.00  0.0    0 15.2 22  90   M    M   6        27  90
12  78  69  74   9   0   9 0.00  0.0    0 12.7 18  90   M    M   5        23 100
13  79  72  76  11   0  11    T  0.0    0 15.0 22 100   M    M   6        27  90
14  79  71  75  10   0  10    T  0.0    0 13.1 22 100   M    M   6        27  90
15  78  71  75  10   0  10 0.00  0.0    0 11.4 17  90   M    M   6        23  80
16  79  71  75  10   0  10    T  0.0    0 14.7 22  90   M    M   7        27  90
17  79  63  71   5   0   6    T  0.0    0  9.3 18 150   M    M   6        24 120
18  81  60  71   5   0   6 0.00  0.0    0  3.4 12 180   M    M   4        16 220
19  80  60  70   4   0   5 0.00  0.0    M  5.1 12 100   M    M   M        14 120
20  81  60  71   5   0   6 0.00  0.0    M  5.7 15 230   M    M   M        20 220
21  81  62  72   6   0   7    T  0.0    M  6.7 20 160   M    M   M 1      24 170
================================================================================
SM 1649 1325        15 143  0.24     0.0 224.0          M       99
================================================================================
AV 78.5 63.1                              10.7 FASTST   M    M   6    MAX(MPH)
                                 MISC ---->  # 37 270               # 47  280
================================================================================
NOTES:
# LAST OF SEVERAL OCCURRENCES

COLUMN 17 PEAK WIND IN M.P.H.

PRELIMINARY LOCAL CLIMATOLOGICAL DATA (WS FORM: F-6) , PAGE 2

                                          STATION:  WEST PALM BEACH
                                          MONTH:    JANUARY
                                          YEAR:     2017
                                          LATITUDE:   26 40 N
                                          LONGITUDE:  80  7 W

[TEMPERATURE DATA]      [PRECIPITATION DATA]       SYMBOLS USED IN COLUMN 16

AVERAGE MONTHLY: 70.8   TOTAL FOR MONTH:   0.24    1 = FOG OR MIST
DPTR FM NORMAL:   5.1   DPTR FM NORMAL:   -1.95    2 = FOG REDUCING VISIBILITY
HIGHEST:    86 ON  3    GRTST 24HR  0.19 ON  7- 7      TO 1/4 MILE OR LESS
LOWEST:     44 ON  8                               3 = THUNDER
                        SNOW, ICE PELLETS, HAIL    4 = ICE PELLETS
                        TOTAL MONTH:   0.0 INCH    5 = HAIL
                        GRTST 24HR     0.0         6 = FREEZING RAIN OR DRIZZLE
                        GRTST DEPTH:   0           7 = DUSTSTORM OR SANDSTORM:
                                                       VSBY 1/2 MILE OR LESS
                                                   8 = SMOKE OR HAZE
[NO. OF DAYS WITH]      [WEATHER - DAYS WITH]      9 = BLOWING SNOW
                                                   X = TORNADO
MAX 32 OR BELOW:   0    0.01 INCH OR MORE:   4
MAX 90 OR ABOVE:   0    0.10 INCH OR MORE:   1
MIN 32 OR BELOW:   0    0.50 INCH OR MORE:   0
MIN  0 OR BELOW:   0    1.00 INCH OR MORE:   0

[HDD (BASE 65) ]
TOTAL THIS MO.    15    CLEAR  (SCALE 0-3)   0
DPTR FM NORMAL   -48    PTCLDY (SCALE 4-7)  18
TOTAL FM JUL 1    22    CLOUDY (SCALE 8-10)  0
DPTR FM NORMAL  -112

[CDD (BASE 65) ]
TOTAL THIS MO.   143
DPTR FM NORMAL    73    [PRESSURE DATA]
TOTAL FM JAN 1   143    HIGHEST SLP M ON M
DPTR FM NORMAL    73    LOWEST  SLP 29.86 ON 21

[REMARKS]
