000
CXUS52 KFFC 011110
CF6PDK
PRELIMINARY LOCAL CLIMATOLOGICAL DATA (WS FORM: F-6)

                                          STATION:   DEKALB PEACHTREE AIRPORT
                                          MONTH:     APRIL
                                          YEAR:      2016
                                          LATITUDE:   33 52 N
                                          LONGITUDE:  84 18 W

  TEMPERATURE IN F:       :PCPN:    SNOW:  WIND      :SUNSHINE: SKY     :PK WND
================================================================================
1   2   3   4   5  6A  6B    7    8   9   10  11  12  13   14  15   16   17  18
                                     12Z  AVG MX 2MIN
DY MAX MIN AVG DEP HDD CDD  WTR  SNW DPTH SPD SPD DIR MIN PSBL S-S WX    SPD DR
================================================================================

 1  71  60  66   8   0   1 1.59    M    M  5.5 21 320   M    M   9 13     25 310
 2  64  52  58   0   7   0 0.01  0.0    M 12.6 25 310   M    M   3 1      33 320
 3  70  46  58   0   7   0 0.00  0.0    M  8.2 20 320   M    M   0        26 310
 4  76  39  58  -1   7   0 0.00    M    M  6.4 18 280   M    M   0 1      24 290
 5  69  45  57  -2   8   0 0.00    M    M  8.6 20 330   M    M   0        28 320
 6  65  45  55  -4  10   0 0.42    M    M  8.9 30 250   M    M   4 13     41 250
 7  71  48  60   1   5   0 0.01  0.0    0  9.6 26 280   M    M   4 13     34 290
 8  62  48  55  -5  10   0 0.00  0.0    0 12.0 24 270   M    M   5        32 300
 9  60  38  49 -11  16   0 0.00  0.0    0 11.7 26 310   M    M   0        38 310
10  61  37  49 -11  16   0 0.00  0.0    0  4.0 14 160   M    M   2        19 150
11  70  46  58  -3   7   0 0.43  0.0    0  3.8 13 140   M    M   7 1      17 150
12  71  50  61   0   4   0 0.11  0.0    0  8.6 28 170   M    M   6 18     39 170
13  64  49  57  -4   8   0 0.01    M    M  5.6 16  90   M    M   8        23  80
14  69  55  62   1   3   0 0.05    M    M  5.0 12  60   M    M   8 1      18 150
15  67  52  60  -2   5   0    T    M    M  7.4 17  40   M    M   8 8      25  50
16  72  52  62   0   3   0 0.00  0.0    M  6.2 15  60   M    M   4 8      23  60
17  75  41  58  -4   7   0 0.00    M    M  4.4 12 150   M    M   0        19 120
18  82  42  62   0   3   0 0.00    M    M  2.5 13 140   M    M   0        17 140
19  84  47  66   4   0   1 0.00    M    M  2.5 10 240   M    M   0 1      14 250
20  84  57  71   8   0   6 0.00    M    M  3.8 14 180   M    M   0        19 200
21  80  55  68   5   0   3 0.11    M    M  5.3 24 170   M    M   3 1      35 180
22  73  58  66   3   0   1 0.31    M    M  4.7 14  10   M    M   8 13     18  20
23  77  54  66   3   0   1 0.00    M    M  8.0 20 320   M    M   1 1      25 320
24  80  56  68   4   0   3 0.00    M    M  3.5 10 170   M    M   0        14  60
25  81  57  69   5   0   4 0.00    M    M  5.5 16 190   M    M   4        22 180
26  83  59  71   7   0   6 0.00    M    M  5.5 15 200   M    M   2 1      19 200
27  85  58  72   8   0   7    T    M    M  6.2 18 210   M    M   2 1      26 220
28  85  65  75  10   0  10 0.00    M    M  7.7 15 220   M    M   5        20 260
29  89  55  72   7   0   7 0.00    M    M  2.5  9 230   M    M   0 1      13 340
30  86  63  75  10   0  10 0.15    M    M  5.1 22 150   M    M   2 13     31 160
================================================================================
SM 2226 1529       126  60  3.20     0.0 191.3          M       95
================================================================================
AV 74.2 51.0                               6.4 FASTST   M    M   3    MAX(MPH)
                                 MISC ---->  # 30 250               # 41  250
================================================================================
NOTES:
# LAST OF SEVERAL OCCURRENCES

COLUMN 17 PEAK WIND IN M.P.H.

PRELIMINARY LOCAL CLIMATOLOGICAL DATA (WS FORM: F-6) , PAGE 2

                                          STATION:  DEKALB PEACHTREE AIRPORT
                                          MONTH:    APRIL
                                          YEAR:     2016
                                          LATITUDE:   33 52 N
                                          LONGITUDE:  84 18 W

[TEMPERATURE DATA]      [PRECIPITATION DATA]       SYMBOLS USED IN COLUMN 16

AVERAGE MONTHLY: 62.6   TOTAL FOR MONTH:   3.20    1 = FOG OR MIST
DPTR FM NORMAL:   1.0   DPTR FM NORMAL:   -0.45    2 = FOG REDUCING VISIBILITY
HIGHEST:    89 ON 29    GRTST 24HR  1.65 ON 31- 1      TO 1/4 MILE OR LESS
LOWEST:     37 ON 10                               3 = THUNDER
                        SNOW, ICE PELLETS, HAIL    4 = ICE PELLETS
                        TOTAL MONTH:   0.0 INCH    5 = HAIL
                        GRTST 24HR     0.0         6 = FREEZING RAIN OR DRIZZLE
                        GRTST DEPTH:   0           7 = DUSTSTORM OR SANDSTORM:
                                                       VSBY 1/2 MILE OR LESS
                                                   8 = SMOKE OR HAZE
[NO. OF DAYS WITH]      [WEATHER - DAYS WITH]      9 = BLOWING SNOW
                                                   X = TORNADO
MAX 32 OR BELOW:   0    0.01 INCH OR MORE:  11
MAX 90 OR ABOVE:   0    0.10 INCH OR MORE:   7
MIN 32 OR BELOW:   0    0.50 INCH OR MORE:   1
MIN  0 OR BELOW:   0    1.00 INCH OR MORE:   1

[HDD (BASE 65) ]
TOTAL THIS MO.   126    CLEAR  (SCALE 0-3)  16
DPTR FM NORMAL   -20    PTCLDY (SCALE 4-7)  13
TOTAL FM JUL 1  2257    CLOUDY (SCALE 8-10)  1
DPTR FM NORMAL  -658

[CDD (BASE 65) ]
TOTAL THIS MO.    60
DPTR FM NORMAL    18    [PRESSURE DATA]
TOTAL FM JAN 1    80    HIGHEST SLP 30.40 ON 17
DPTR FM NORMAL    31    LOWEST  SLP 29.71 ON  1

[REMARKS]
#FINAL-04-16#
