000
CXUS52 KFFC 301110
CF6PDK
PRELIMINARY LOCAL CLIMATOLOGICAL DATA (WS FORM: F-6)

                                          STATION:   DEKALB PEACHTREE AIRPORT
                                          MONTH:     AUGUST
                                          YEAR:      2014
                                          LATITUDE:   33 52 N
                                          LONGITUDE:  84 18 W

  TEMPERATURE IN F:       :PCPN:    SNOW:  WIND      :SUNSHINE: SKY     :PK WND
================================================================================
1   2   3   4   5  6A  6B    7    8   9   10  11  12  13   14  15   16   17  18
                                     12Z  AVG MX 2MIN
DY MAX MIN AVG DEP HDD CDD  WTR  SNW DPTH SPD SPD DIR MIN PSBL S-S WX    SPD DR
================================================================================

 1  81  66  74  -6   0   9 0.02  0.0    0  4.9 10  50   M    M   7 1       M  M
 2  84  66  75  -5   0  10 0.01  0.0    0  3.6 17  10   M    M   4        49 330
 3  88  66  77  -3   0  12 0.00  0.0    M  2.8 14 360   M    M   1 1      21  30
 4  89  67  78  -2   0  13 0.00  0.0    0  1.9 10  10   M    M   2 18      M  M
 5  89  67  78  -2   0  13 0.00  0.0    0  3.6 15 320   M    M   0 18     18 320
 6  91  63  77  -3   0  12 0.00  0.0    0  3.0 14 270   M    M   1 18     21 270
 7  94  68  81   1   0  16 0.00  0.0    M  2.1  9  10   M    M   1 138     M  M
 8  87  68  78  -2   0  13 1.62  0.0    M  3.1 31 290   M    M   7 1238   39 290
 9  89  69  79  -1   0  14 0.79  0.0    M  2.0 24 230   M    M   5 138    31 230
10  84  72  78  -2   0  13 0.08  0.0    M  1.5  8 100   M    M   8 18     14 120
11  84  71  78  -2   0  13 0.00  0.0    M  3.3  8 210   M    M   7 18     10 220
12  88  71  80   0   0  15 0.03  0.0    M  5.7 16 230   M    M   4 18     38 210
13  84  67  76  -3   0  11 0.00    M    M  7.8 17 320   M    M   1        23 330
14  85  60  73  -6   0   8 0.00    M    M  1.6  9  70   M    M   1        14 110
15  87  62  75  -4   0  10 0.00    M    M  1.6  9 350   M    M   1 18     14 350
16  88  63  76  -3   0  11 0.00    M    M  2.3 12 290   M    M   0 18     18 300
17  91  65  78  -1   0  13    T  0.0    0  4.0 17 250   M    M   2 138    31 330
18  89  69  79   0   0  14 0.36  0.0    0  6.8 24 290   M    M   4 18     32 300
19  87  70  79   0   0  14 0.30  0.0    M  6.1 24 320   M    M   6 18     33 320
20  91  69  80   1   0  15 0.01  0.0    M  5.3 30 290   M    M   1 18     39 270
21  92  67  80   1   0  15 0.00  0.0    M  4.4 15 320   M    M   0        46 330
22  93  70  82   3   0  17 0.00  0.0    M  4.0 14 330   M    M   1 18     22 290
23  94  71  83   4   0  18    T  0.0    M  5.0 16 360   M    M   0 3      22 350
24  88  73  81   3   0  16 0.00  0.0    M  4.7 12  70   M    M   3 18     18  60
25  84  68  76  -2   0  11 0.00  0.0    M  5.6 12  40   M    M   2        21  40
26  87  65  76  -2   0  11 0.00  0.0    M  4.6 15 360   M    M   0        20  10
27  89  61  75  -3   0  10 0.00  0.0    M  2.0 10 350   M    M   0        15  20
28  92  63  78   0   0  13 0.00    M    M  1.4  8 150   M    M   0 1      14 160
29  93  63  78   0   0  13 0.00    M    M  2.4 15 220   M    M   0 18     20 190
================================================================================
SM 2562 1940         0 373  3.22     0.0 107.1          M       69
================================================================================
AV 88.3 66.9                               3.7 FASTST   M    M   2    MAX(MPH)
                                 MISC ---->  # 31 290               # 49  330
================================================================================
NOTES:
# LAST OF SEVERAL OCCURRENCES

COLUMN 17 PEAK WIND IN M.P.H.

PRELIMINARY LOCAL CLIMATOLOGICAL DATA (WS FORM: F-6) , PAGE 2

                                          STATION:  DEKALB PEACHTREE AIRPORT
                                          MONTH:    AUGUST
                                          YEAR:     2014
                                          LATITUDE:   33 52 N
                                          LONGITUDE:  84 18 W

[TEMPERATURE DATA]      [PRECIPITATION DATA]       SYMBOLS USED IN COLUMN 16

AVERAGE MONTHLY: 77.6   TOTAL FOR MONTH:   3.22    1 = FOG OR MIST
DPTR FM NORMAL:  -1.6   DPTR FM NORMAL:   -0.89    2 = FOG REDUCING VISIBILITY
HIGHEST:    94 ON 23, 7 GRTST 24HR  1.63 ON  8- 9      TO 1/4 MILE OR LESS
LOWEST:     60 ON 14                               3 = THUNDER
                        SNOW, ICE PELLETS, HAIL    4 = ICE PELLETS
                        TOTAL MONTH:   0.0 INCH    5 = HAIL
                        GRTST 24HR     0.0         6 = FREEZING RAIN OR DRIZZLE
                        GRTST DEPTH:   0           7 = DUSTSTORM OR SANDSTORM:
                                                       VSBY 1/2 MILE OR LESS
                                                   8 = SMOKE OR HAZE
[NO. OF DAYS WITH]      [WEATHER - DAYS WITH]      9 = BLOWING SNOW
                                                   X = TORNADO
MAX 32 OR BELOW:   0    0.01 INCH OR MORE:   9
MAX 90 OR ABOVE:   9    0.10 INCH OR MORE:   4
MIN 32 OR BELOW:   0    0.50 INCH OR MORE:   2
MIN  0 OR BELOW:   0    1.00 INCH OR MORE:   1

[HDD (BASE 65) ]
TOTAL THIS MO.     0    CLEAR  (SCALE 0-3)  19
DPTR FM NORMAL     0    PTCLDY (SCALE 4-7)  10
TOTAL FM JUL 1     0    CLOUDY (SCALE 8-10)  0
DPTR FM NORMAL     0

[CDD (BASE 65) ]
TOTAL THIS MO.   373
DPTR FM NORMAL   -38    [PRESSURE DATA]
TOTAL FM JAN 1  1374    HIGHEST SLP M ON M
DPTR FM NORMAL   -60    LOWEST  SLP 29.80 ON 12

[REMARKS]
