000
CXUS52 KFFC 221110
CF6PDK
PRELIMINARY LOCAL CLIMATOLOGICAL DATA (WS FORM: F-6)

                                          STATION:   DEKALB PEACHTREE AIRPORT
                                          MONTH:     MAY
                                          YEAR:      2015
                                          LATITUDE:   33 52 N
                                          LONGITUDE:  84 18 W

  TEMPERATURE IN F:       :PCPN:    SNOW:  WIND      :SUNSHINE: SKY     :PK WND
================================================================================
1   2   3   4   5  6A  6B    7    8   9   10  11  12  13   14  15   16   17  18
                                     12Z  AVG MX 2MIN
DY MAX MIN AVG DEP HDD CDD  WTR  SNW DPTH SPD SPD DIR MIN PSBL S-S WX    SPD DR
================================================================================

 1  71  46  59  -6   6   0 0.00    M    M  8.9 17 310   M    M   0        23 290
 2  77  45  61  -5   4   0 0.00  0.0    M  1.6 12 240   M    M   0        15 240
 3  79  49  64  -2   1   0 0.00  0.0    M  2.8 14 240   M    M   2 1      18 230
 4  82  52  67   1   0   2 0.00  0.0    M  1.8 10 180   M    M   2        14 220
 5  81  53  67   1   0   2 0.00  0.0    M  3.1 13 140   M    M   0 18     20 150
 6  82  53  68   1   0   3 0.00  0.0    M  2.2 13 130   M    M   1 18     17  90
 7  86  54  70   3   0   5 0.00  0.0    M  2.5 12  30   M    M   1 18     19  40
 8  88  58  73   6   0   8 0.00  0.0    M  2.5 10 300   M    M   2 18     16  20
 9  87  68  78  10   0  13 0.00  0.0    M  2.5 10 110   M    M   4 8      27 330
10  89  63  76   8   0  11 0.00  0.0    M  2.3 13 270   M    M   1 18     16 260
11  92  65  79  11   0  14 0.00  0.0    M  6.7 18 270   M    M   1 18     25 280
12  86  66  76   8   0  11    T  0.0    M  8.0 16 290   M    M   2 18     25 330
13  86  60  73   4   0   8 0.00  0.0    M  6.2 14 340   M    M   0        18 340
14  83  57  70   1   0   5 0.00  0.0    M  4.7 12 170   M    M   2        21 110
15  81  66  74   5   0   9 0.00    M    M  4.7 12 160   M    M   4 18     17 180
16  85  64  75   6   0  10 0.00    M    M  5.5 13 150   M    M   1 18     18 150
17  84  67  76   6   0  11 0.88    M    M  4.1 20 320   M    M   7 1238   25 310
18  84  66  75   5   0  10 0.73    M    M  2.3 22 280   M    M   3 138    27 270
19  86  66  76   6   0  11 0.02    M    M  5.9 18 300   M    M   2 1      22 300
20  89  66  78   8   0  13 0.00    M    M  4.4 14 310   M    M   1 18     17 310
21  79  56  68  -3   0   3 0.00    M    M 13.0 21 290   M    M   5        29 310
================================================================================
SM 1757 1240        11 149  1.63     0.0  95.7          M       41
================================================================================
AV 83.7 59.0                               4.6 FASTST   M    M   2    MAX(MPH)
                                 MISC ---->  # 22 280               # 29  310
================================================================================
NOTES:
# LAST OF SEVERAL OCCURRENCES

COLUMN 17 PEAK WIND IN M.P.H.

PRELIMINARY LOCAL CLIMATOLOGICAL DATA (WS FORM: F-6) , PAGE 2

                                          STATION:  DEKALB PEACHTREE AIRPORT
                                          MONTH:    MAY
                                          YEAR:     2015
                                          LATITUDE:   33 52 N
                                          LONGITUDE:  84 18 W

[TEMPERATURE DATA]      [PRECIPITATION DATA]       SYMBOLS USED IN COLUMN 16

AVERAGE MONTHLY: 71.4   TOTAL FOR MONTH:   1.63    1 = FOG OR MIST
DPTR FM NORMAL:   3.3   DPTR FM NORMAL:   -1.17    2 = FOG REDUCING VISIBILITY
HIGHEST:    92 ON 11    GRTST 24HR  0.94 ON 17-18      TO 1/4 MILE OR LESS
LOWEST:     45 ON  2                               3 = THUNDER
                        SNOW, ICE PELLETS, HAIL    4 = ICE PELLETS
                        TOTAL MONTH:   0.0 INCH    5 = HAIL
                        GRTST 24HR     0.0         6 = FREEZING RAIN OR DRIZZLE
                        GRTST DEPTH:  M  ON   M    7 = DUSTSTORM OR SANDSTORM:
                                                       VSBY 1/2 MILE OR LESS
                                                   8 = SMOKE OR HAZE
[NO. OF DAYS WITH]      [WEATHER - DAYS WITH]      9 = BLOWING SNOW
                                                   X = TORNADO
MAX 32 OR BELOW:   0    0.01 INCH OR MORE:   3
MAX 90 OR ABOVE:   1    0.10 INCH OR MORE:   2
MIN 32 OR BELOW:   0    0.50 INCH OR MORE:   2
MIN  0 OR BELOW:   0    1.00 INCH OR MORE:   0

[HDD (BASE 65) ]
TOTAL THIS MO.    11    CLEAR  (SCALE 0-3)  17
DPTR FM NORMAL   -16    PTCLDY (SCALE 4-7)   4
TOTAL FM JUL 1  3085    CLOUDY (SCALE 8-10)  0
DPTR FM NORMAL   143

[CDD (BASE 65) ]
TOTAL THIS MO.   149
DPTR FM NORMAL    61    [PRESSURE DATA]
TOTAL FM JAN 1   200    HIGHEST SLP M ON M
DPTR FM NORMAL    63    LOWEST  SLP 29.85 ON M

[REMARKS]
