000
CXUS54 KEWX 300910
CF6PEZ
PRELIMINARY LOCAL CLIMATOLOGICAL DATA (WS FORM: F-6)

                                          STATION:   PLEASANTON MUNICIPAL AIRPORT
                                          MONTH:     APRIL
                                          YEAR:      2016
                                          LATITUDE:   28 57 N
                                          LONGITUDE:  98 31 W

  TEMPERATURE IN F:       :PCPN:    SNOW:  WIND      :SUNSHINE: SKY     :PK WND
================================================================================
1   2   3   4   5  6A  6B    7    8   9   10  11  12  13   14  15   16   17  18
                                     12Z  AVG MX 2MIN
DY MAX MIN AVG DEP HDD CDD  WTR  SNW DPTH SPD SPD DIR MIN PSBL S-S WX    SPD DR
================================================================================

 1   M   M   M   M   M   M    M    M    0 10.2 18  30   M    M   5 3      23  30
 2  73  47  60   M   5   0 0.00  0.0    M  3.4  9 350   M    M   0 8       M  M
 3  79  42  61   M   4   0 0.00  0.0    M  3.1  8 160   M    M   0         M  M
 4  83  42  63   M   2   0 0.00  0.0    0  2.6  9 160   M    M   0         M  M
 5  82  45  64   M   1   0 0.00  0.0    0  5.7 14 130   M    M   0 8      21 140
 6  81  51  66   M   0   1 0.00  0.0    0  3.6  8  20   M    M   3 1      18 360
 7  83  45  64   M   1   0 0.00  0.0    0  2.4  7 180   M    M   0         9 150
 8  82   M   M   M   M   M 0.00    M    M  6.7 13 100   M    M   0        20 100
 9  81  55  68   M   0   3 0.00    M    0  7.0 16 120   M    M   5 3      21 120
10  82  63  73   M   0   8 0.00  0.0    0  8.6 18 150   M    M   8 13     27 150
11  86  69  78   M   0  13 0.00    M    0  3.5 12 130   M    M   5 18     21 120
12  75  65  70   M   0   5 0.04  0.0    0  7.7 13  30   M    M  10 13     20  30
13  74  61  68   M   0   3 0.12  0.0    0  5.3 13 360   M    M   7 3      22 360
14  82  52  67   M   0   2 0.00    M    0  3.1  8  30   M    M   1 128     M  M
15  84  52  68   M   0   3 0.00    M    0  6.3 15 120   M    M   1 18     21 120
16  78  78  78   M   0  13 0.00  0.0    M 12.7 13 120   M    M   4        25 120
17  85  72  79   M   0  14 0.00  0.0    M  8.6 12 130   M    M   8 3       M  M
18  75  64  70   M   0   5 0.22  0.0    M  8.4 14  40   M    M   7 3      23  40
19  81  62  72   M   0   7 0.00  0.0    0  3.1  8  70   M    M   6         M  M
20  84  67  76   M   0  11 0.00  0.0    0  5.9 14  40   M    M   6 1      20  40
21  85  61  73   M   0   8 0.20    M    M  5.4 15  60   M    M   4 12     28  30
22  84  61  73   M   0   8 0.00    M    M  4.3  9  40   M    M   1         M  M
23  85  55  70   M   0   5 0.00    M    0  4.9 13 130   M    M   1        18 130
24  85  65  75   M   0  10 0.00  0.0    0  5.8 12 120   M    M   5         M  M
25  94  73  84   M   0  19 0.00  0.0    0  8.5 16 120   M    M   7        25 120
26  88  73  81   M   0  16 0.00  0.0    0  9.0 13 120   M    M   9 8      22 110
27  90  62  76   M   0  11 0.37  0.0    0  4.9 16 340   M    M   2 3      33 340
28  86  66  76   M   0  11 0.00  0.0    0  8.3 13 120   M    M   7 18     22 110
29  89  74  82   M   0  17 0.00  0.0    0  8.4 13 130   M    M   8 18     21 120
================================================================================
SM 2316 1622        13 193  0.95     0.0 177.4          M      120
================================================================================
AV 82.7 60.1                               6.1 FASTST   M    M   4    MAX(MPH)
                                 MISC ---->    18   M                 33    M
================================================================================
NOTES:
# LAST OF SEVERAL OCCURRENCES

COLUMN 17 PEAK WIND IN M.P.H.

PRELIMINARY LOCAL CLIMATOLOGICAL DATA (WS FORM: F-6) , PAGE 2

                                          STATION:  PLEASANTON MUNICIPAL AIRPORT
                                          MONTH:    APRIL
                                          YEAR:     2016
                                          LATITUDE:   28 57 N
                                          LONGITUDE:  98 31 W

[TEMPERATURE DATA]      [PRECIPITATION DATA]       SYMBOLS USED IN COLUMN 16

AVERAGE MONTHLY: 71.4   TOTAL FOR MONTH:   0.95    1 = FOG OR MIST
DPTR FM NORMAL:     M   DPTR FM NORMAL:       M    2 = FOG REDUCING VISIBILITY
HIGHEST:    94 ON 25    GRTST 24HR  0.37 ON 27-27      TO 1/4 MILE OR LESS
LOWEST:     42 ON  4, 3                            3 = THUNDER
                        SNOW, ICE PELLETS, HAIL    4 = ICE PELLETS
                        TOTAL MONTH:   0.0 INCH    5 = HAIL
                        GRTST 24HR     0.0         6 = FREEZING RAIN OR DRIZZLE
                        GRTST DEPTH:   0           7 = DUSTSTORM OR SANDSTORM:
                                                       VSBY 1/2 MILE OR LESS
                                                   8 = SMOKE OR HAZE
[NO. OF DAYS WITH]      [WEATHER - DAYS WITH]      9 = BLOWING SNOW
                                                   X = TORNADO
MAX 32 OR BELOW:   0    0.01 INCH OR MORE:   5
MAX 90 OR ABOVE:   2    0.10 INCH OR MORE:   4
MIN 32 OR BELOW:   0    0.50 INCH OR MORE:   0
MIN  0 OR BELOW:   0    1.00 INCH OR MORE:   0

[HDD (BASE 65) ]
TOTAL THIS MO.    13    CLEAR  (SCALE 0-3)  12
DPTR FM NORMAL     M    PTCLDY (SCALE 4-7)  14
TOTAL FM JUL 1  1049    CLOUDY (SCALE 8-10)  3
DPTR FM NORMAL     M

[CDD (BASE 65) ]
TOTAL THIS MO.   193
DPTR FM NORMAL     M    [PRESSURE DATA]
TOTAL FM JAN 1   359    HIGHEST SLP M ON M
DPTR FM NORMAL     M    LOWEST  SLP M ON M

[REMARKS]
