000
CXUS56 KFGZ 260900
CF6PGA
PRELIMINARY LOCAL CLIMATOLOGICAL DATA (WS FORM: F-6)

                                          STATION:   PAGE AZ AIRPORT
                                          MONTH:     SEPTEMBER
                                          YEAR:      2016
                                          LATITUDE:   36 55 N
                                          LONGITUDE: 111 27 W

  TEMPERATURE IN F:       :PCPN:    SNOW:  WIND      :SUNSHINE: SKY     :PK WND
================================================================================
1   2   3   4   5  6A  6B    7    8   9   10  11  12  13   14  15   16   17  18
                                     12Z  AVG MX 2MIN
DY MAX MIN AVG DEP HDD CDD  WTR  SNW DPTH SPD SPD DIR MIN PSBL S-S WX    SPD DR
================================================================================

 1  92  68  80   3   0  15 0.03    M    M  5.0 17 240   M    M   2        31 240
 2  88  64  76  -1   0  11 0.06    M    M  3.8 15 220   M    M   2        22 230
 3  86  67  77   1   0  12 0.02    M    M  4.5 18 320   M    M   2        27 320
 4  89  70  80   4   0  15 0.00    M    M  9.5 20 170   M    M   1        30 180
 5  89  61  75  -1   0  10 0.00    M    M  4.6 15 190   M    M   0        24 190
 6  90  62  76   1   0  11 0.00    M    M  4.5 13 200   M    M   0        19 190
 7  88  63  76   1   0  11 0.00    M    M  3.3  9 360   M    M   0        13 360
 8  95  66  81   6   0  16 0.00    M    M  4.6 12 300   M    M   0        17 270
 9  95  66  81   7   0  16 0.00    M    M  4.0 10  60   M    M   0        15  80
10  94  65  80   6   0  15 0.00    M    M  4.8 14  10   M    M   0        16  10
11  93  71  82   8   0  17 0.00    M    M  5.5 15 230   M    M   0        27 180
12  89  67  78   5   0  13 0.00    M    M  7.8 21 190   M    M   0        33 180
13  88  66  77   4   0  12 0.00    M    M 14.1 30 170   M    M   1        38 180
14  84  64  74   1   0   9 0.00    M    M  9.0 25 160   M    M   0        31 150
15  82  54  68  -4   0   3 0.00    M    M  3.8 13  30   M    M   0        17  10
16  84  56  70  -2   0   5 0.00    M    M  3.8  9 360   M    M   0 8      15  20
17  87  59  73   1   0   8 0.00  0.0    0  3.6  9  50   M    M   0        14 360
18  90  59  75   4   0  10 0.00    M    M  4.1  9 320   M    M   0 8      14  10
19  93  59  76   5   0  11 0.00    M    M  3.5 10  30   M    M   0        14 320
20  78  60  69  -1   0   4 0.27  0.0    0  3.8 21 170   M    M   7 1      27 180
21  73  60  67  -3   0   2 0.02  0.0    0  3.5 12 320   M    M   5 1      16 320
22  76  51  64  -6   1   0 0.06    M    M  7.9 26 280   M    M   7 1      41 290
23  68  47  58 -11   7   0 0.00    M    M  5.8 15 290   M    M   1        24 310
24  73  50  62  -7   3   0 0.00    M    M  4.7 15  10   M    M   1        19  30
25  76  56  66  -2   0   1 0.00    M    M  7.3 17  40   M    M   0        22  50
================================================================================
SM 2140 1531        11 227  0.46     0.0 136.8          M       29
================================================================================
AV 85.6 61.2                               5.5 FASTST   M    M   1    MAX(MPH)
                                 MISC ---->  # 30 170               # 41  290
================================================================================
NOTES:
# LAST OF SEVERAL OCCURRENCES

COLUMN 17 PEAK WIND IN M.P.H.

PRELIMINARY LOCAL CLIMATOLOGICAL DATA (WS FORM: F-6) , PAGE 2

                                          STATION:  PAGE AZ AIRPORT
                                          MONTH:    SEPTEMBER
                                          YEAR:     2016
                                          LATITUDE:   36 55 N
                                          LONGITUDE: 111 27 W

[TEMPERATURE DATA]      [PRECIPITATION DATA]       SYMBOLS USED IN COLUMN 16

AVERAGE MONTHLY: 73.4   TOTAL FOR MONTH:   0.46    1 = FOG OR MIST
DPTR FM NORMAL:   0.5   DPTR FM NORMAL:   -0.21    2 = FOG REDUCING VISIBILITY
HIGHEST:    95 ON  9, 8 GRTST 24HR  0.29 ON 20-21      TO 1/4 MILE OR LESS
LOWEST:     47 ON 23                               3 = THUNDER
                        SNOW, ICE PELLETS, HAIL    4 = ICE PELLETS
                        TOTAL MONTH:   0.0 INCH    5 = HAIL
                        GRTST 24HR     0.0         6 = FREEZING RAIN OR DRIZZLE
                        GRTST DEPTH:   0           7 = DUSTSTORM OR SANDSTORM:
                                                       VSBY 1/2 MILE OR LESS
                                                   8 = SMOKE OR HAZE
[NO. OF DAYS WITH]      [WEATHER - DAYS WITH]      9 = BLOWING SNOW
                                                   X = TORNADO
MAX 32 OR BELOW:   0    0.01 INCH OR MORE:   6
MAX 90 OR ABOVE:   8    0.10 INCH OR MORE:   1
MIN 32 OR BELOW:   0    0.50 INCH OR MORE:   0
MIN  0 OR BELOW:   0    1.00 INCH OR MORE:   0

[HDD (BASE 65) ]
TOTAL THIS MO.    11    CLEAR  (SCALE 0-3)  22
DPTR FM NORMAL     3    PTCLDY (SCALE 4-7)   3
TOTAL FM JUL 1    11    CLOUDY (SCALE 8-10)  0
DPTR FM NORMAL     3

[CDD (BASE 65) ]
TOTAL THIS MO.   227
DPTR FM NORMAL    23    [PRESSURE DATA]
TOTAL FM JAN 1  2117    HIGHEST SLP M ON M
DPTR FM NORMAL   311    LOWEST  SLP 29.70 ON 23

[REMARKS]
