000
CXUS51 KPHI 290800
CF6PHL
PRELIMINARY LOCAL CLIMATOLOGICAL DATA (WS FORM: F-6)

                                          STATION:   PHILADELPHIA PA
                                          MONTH:     AUGUST
                                          YEAR:      2015
                                          LATITUDE:   39 52 N
                                          LONGITUDE:  75 15 W

  TEMPERATURE IN F:       :PCPN:    SNOW:  WIND      :SUNSHINE: SKY     :PK WND
================================================================================
1   2   3   4   5  6A  6B    7    8   9   10  11  12  13   14  15   16   17  18
                                     12Z  AVG MX 2MIN
DY MAX MIN AVG DEP HDD CDD  WTR  SNW DPTH SPD SPD DIR MIN PSBL S-S WX    SPD DR
================================================================================

 1  90  75  83   5   0  18 0.00  0.0    0 10.5 22 240   M    M   4        25 240
 2  90  69  80   2   0  15 0.00  0.0    0  6.6 15 230   M    M   4        20 220
 3  93  73  83   5   0  18 0.00  0.0    0 11.2 21 230   M    M   3        28 210
 4  93  74  84   6   0  19 0.01  0.0    0  9.5 23 260   M    M   6 3      29 270
 5  89  73  81   3   0  16 0.00  0.0    0  9.0 23 270   M    M   5        27 270
 6  85  68  77  -1   0  12 0.08  0.0    0  6.4 12 180   M    M   8        16 230
 7  87  69  78   0   0  13    T  0.0    0  9.1 16  90   M    M   5        24  30
 8  87  69  78   0   0  13 0.00  0.0    0  6.8 14  40   M    M   5        20  30
 9  86  71  79   1   0  14    T  0.0    0  4.6 15 170   M    M   8        20 160
10  79  69  74  -3   0   9 0.04  0.0    0  8.1 15 190   M    M   9 1      19 140
11  85  71  78   1   0  13 0.72  0.0    0 10.5 18 190   M    M   8 13     25 200
12  85  70  78   1   0  13 0.00  0.0    0  8.6 17 290   M    M   4        22 270
13  84  68  76  -1   0  11 0.00  0.0    0  6.3 15 300   M    M   6        22 320
14  88  65  77   0   0  12 0.00  0.0    0  6.7 13 230   M    M   1        19 210
15  91  69  80   3   0  15 0.00  0.0    0  7.8 15 210   M    M   2        19 210
16  93  72  83   6   0  18 0.00  0.0    0  8.0 15 230   M    M   1        21 200
17  94  73  84   7   0  19 0.00  0.0    0  8.6 14 190   M    M   3        20 240
18  92  73  83   6   0  18 0.00  0.0    0  7.7 17 190   M    M   6        21 170
19  92  75  84   8   0  19 0.00  0.0    0  8.4 20 190   M    M   7        26 200
20  90  76  83   7   0  18 0.13  0.0    0  9.0 25 170   M    M   9        34 170
21  88  73  81   5   0  16 0.00  0.0    0  9.7 17  20   M    M   7        24 330
22  86  68  77   1   0  12 0.00  0.0    0  9.4 20  20   M    M   3        25  30
23  87  65  76   0   0  11 0.00  0.0    0  5.0 12 200   M    M   5        14 210
24  89  66  78   2   0  13 0.00  0.0    0  6.6 16 180   M    M   6        23 190
25  89  72  81   5   0  16    T  0.0    0  8.4 16 290   M    M   4        23 250
26  83  68  76   1   0  11 0.00  0.0    0  8.9 21 290   M    M   3        26 280
27  81  64  73  -2   0   8 0.00  0.0    0  8.5 16 320   M    M   3        22 350
28  85  63  74  -1   0   9 0.00  0.0    0  4.9 15 340   M    M   2        22 340
================================================================================
SM 2461 1961         0 399  0.98     0.0 224.8          M      137
================================================================================
AV 87.9 70.0                               8.0 FASTST   M    M   5    MAX(MPH)
                                 MISC ---->  # 25 170               # 34  170
================================================================================
NOTES:
# LAST OF SEVERAL OCCURRENCES

COLUMN 17 PEAK WIND IN M.P.H.

PRELIMINARY LOCAL CLIMATOLOGICAL DATA (WS FORM: F-6) , PAGE 2

                                          STATION:  PHILADELPHIA PA
                                          MONTH:    AUGUST
                                          YEAR:     2015
                                          LATITUDE:   39 52 N
                                          LONGITUDE:  75 15 W

[TEMPERATURE DATA]      [PRECIPITATION DATA]       SYMBOLS USED IN COLUMN 16

AVERAGE MONTHLY: 79.0   TOTAL FOR MONTH:   0.98    1 = FOG OR MIST
DPTR FM NORMAL:   2.1   DPTR FM NORMAL:   -2.22    2 = FOG REDUCING VISIBILITY
HIGHEST:    94 ON 17    GRTST 24HR  0.76 ON 10-11      TO 1/4 MILE OR LESS
LOWEST:     63 ON 28                               3 = THUNDER
                        SNOW, ICE PELLETS, HAIL    4 = ICE PELLETS
                        TOTAL MONTH:   0.0 INCH    5 = HAIL
                        GRTST 24HR     0.0         6 = FREEZING RAIN OR DRIZZLE
                        GRTST DEPTH:   0           7 = DUSTSTORM OR SANDSTORM:
                                                       VSBY 1/2 MILE OR LESS
                                                   8 = SMOKE OR HAZE
[NO. OF DAYS WITH]      [WEATHER - DAYS WITH]      9 = BLOWING SNOW
                                                   X = TORNADO
MAX 32 OR BELOW:   0    0.01 INCH OR MORE:   5
MAX 90 OR ABOVE:  10    0.10 INCH OR MORE:   2
MIN 32 OR BELOW:   0    0.50 INCH OR MORE:   1
MIN  0 OR BELOW:   0    1.00 INCH OR MORE:   0

[HDD (BASE 65) ]
TOTAL THIS MO.     0    CLEAR  (SCALE 0-3)   7
DPTR FM NORMAL     0    PTCLDY (SCALE 4-7)  19
TOTAL FM JUL 1     0    CLOUDY (SCALE 8-10)  2
DPTR FM NORMAL     0

[CDD (BASE 65) ]
TOTAL THIS MO.   399
DPTR FM NORMAL    67    [PRESSURE DATA]
TOTAL FM JAN 1  1361    HIGHEST SLP M ON M
DPTR FM NORMAL   272    LOWEST  SLP 29.74 ON 11

[REMARKS]
