000
CXUS51 KPHI 220800
CF6PHL
PRELIMINARY LOCAL CLIMATOLOGICAL DATA (WS FORM: F-6)

                                          STATION:   PHILADELPHIA PA
                                          MONTH:     APRIL
                                          YEAR:      2014
                                          LATITUDE:   39 52 N
                                          LONGITUDE:  75 15 W

  TEMPERATURE IN F:       :PCPN:    SNOW:  WIND      :SUNSHINE: SKY     :PK WND
================================================================================
1   2   3   4   5  6A  6B    7    8   9   10  11  12  13   14  15   16   17  18
                                     12Z  AVG MX 2MIN
DY MAX MIN AVG DEP HDD CDD  WTR  SNW DPTH SPD SPD DIR MIN PSBL S-S WX    SPD DR
================================================================================

 1  61  37  49   0  16   0 0.00  0.0    0  6.0 15 360   M    M   3        18 360
 2  61  41  51   2  14   0    T  0.0    0  3.7 13 340   M    M   9        15 350
 3  66  45  56   6   9   0 0.05  0.0    0  5.8 14  90   M    M   9        24  20
 4  51  44  48  -2  17   0 0.02  0.0    0 12.8 24  90   M    M  10 18     29  90
 5  56  42  49  -1  16   0 0.00  0.0    0 13.3 26 300   M    M   5 1      38 280
 6  59  35  47  -4  18   0 0.00  0.0    0  6.6 14  10   M    M   2        18  10
 7  53  37  45  -6  20   0 0.38  0.0    0  8.0 22 100   M    M  10 1      28 100
 8  66  49  58   7   7   0 0.17  0.0    0 14.4 30 260   M    M   7 18     35 260
 9  66  42  54   2  11   0 0.00  0.0    0 10.5 28 320   M    M   3        35 320
10  68  40  54   2  11   0 0.00  0.0    0  9.9 24 210   M    M   2        32 210
11  79  53  66  14   0   1    T  0.0    0  8.9 23 340   M    M   8        29 350
12  73  54  64  11   1   0 0.00  0.0    0  6.5 17 190   M    M   5        20 190
13  82  51  67  14   0   2 0.00  0.0    0 10.4 28 210   M    M   7        37 210
14  79  62  71  17   0   6 0.00  0.0    0 16.7 30 200   M    M   8        38 210
15  69  37  53  -1  12   0 0.76    T    0 17.7 31 310   M    M  10 14     41 210
16  49  31  40 -14  25   0 0.00  0.0    0 14.7 30 320   M    M   2        36 350
17  53  37  45 -10  20   0 0.00  0.0    0 10.1 17  80   M    M   3        30 100
18  55  39  47  -8  18   0 0.00  0.0    0  6.0 16 200   M    M  10        21 210
19  68  42  55   0  10   0 0.00  0.0    0  5.9 17 350   M    M   9        24 350
20  60  41  51  -5  14   0 0.00  0.0    0 10.8 21  80   M    M   6        26  90
21  69  39  54  -2  11   0 0.00  0.0    0  6.1 14 240   M    M   3        18 240
================================================================================
SM 1343  898       250   9  1.38    T    204.8          M      131
================================================================================
AV 64.0 42.8                               9.8 FASTST   M    M   6    MAX(MPH)
                                 MISC ---->  # 31 310               # 41  210
================================================================================
NOTES:
# LAST OF SEVERAL OCCURRENCES

COLUMN 17 PEAK WIND IN M.P.H.

PRELIMINARY LOCAL CLIMATOLOGICAL DATA (WS FORM: F-6) , PAGE 2

                                          STATION:  PHILADELPHIA PA
                                          MONTH:    APRIL
                                          YEAR:     2014
                                          LATITUDE:   39 52 N
                                          LONGITUDE:  75 15 W

[TEMPERATURE DATA]      [PRECIPITATION DATA]       SYMBOLS USED IN COLUMN 16

AVERAGE MONTHLY: 53.4   TOTAL FOR MONTH:   1.38    1 = FOG OR MIST
DPTR FM NORMAL:   0.9   DPTR FM NORMAL:   -1.17    2 = FOG REDUCING VISIBILITY
HIGHEST:    82 ON 13    GRTST 24HR  0.76 ON 14-15      TO 1/4 MILE OR LESS
LOWEST:     31 ON 16                               3 = THUNDER
                        SNOW, ICE PELLETS, HAIL    4 = ICE PELLETS
                        TOTAL MONTH:    T          5 = HAIL
                        GRTST 24HR    T  ON 15-15  6 = FREEZING RAIN OR DRIZZLE
                        GRTST DEPTH:   0           7 = DUSTSTORM OR SANDSTORM:
                                                       VSBY 1/2 MILE OR LESS
                                                   8 = SMOKE OR HAZE
[NO. OF DAYS WITH]      [WEATHER - DAYS WITH]      9 = BLOWING SNOW
                                                   X = TORNADO
MAX 32 OR BELOW:   0    0.01 INCH OR MORE:   5
MAX 90 OR ABOVE:   0    0.10 INCH OR MORE:   3
MIN 32 OR BELOW:   1    0.50 INCH OR MORE:   1
MIN  0 OR BELOW:   0    1.00 INCH OR MORE:   0

[HDD (BASE 65) ]
TOTAL THIS MO.   250    CLEAR  (SCALE 0-3)   5
DPTR FM NORMAL   -21    PTCLDY (SCALE 4-7)   7
TOTAL FM JUL 1  4707    CLOUDY (SCALE 8-10)  9
DPTR FM NORMAL   289

[CDD (BASE 65) ]
TOTAL THIS MO.     9
DPTR FM NORMAL     6    [PRESSURE DATA]
TOTAL FM JAN 1     9    HIGHEST SLP M ON M
DPTR FM NORMAL     5    LOWEST  SLP 29.46 ON  8

[REMARKS]
