000
CXUS53 KUNR 260945
CF6PHP
PRELIMINARY LOCAL CLIMATOLOGICAL DATA (WS FORM: F-6)

                                          STATION:   PHILIP SD
                                          MONTH:     SEPTEMBER
                                          YEAR:      2016
                                          LATITUDE:   44  3 N
                                          LONGITUDE: 101 36 W

  TEMPERATURE IN F:       :PCPN:    SNOW:  WIND      :SUNSHINE: SKY     :PK WND
================================================================================
1   2   3   4   5  6A  6B    7    8   9   10  11  12  13   14  15   16   17  18
                                     12Z  AVG MX 2MIN
DY MAX MIN AVG DEP HDD CDD  WTR  SNW DPTH SPD SPD DIR MIN PSBL S-S WX    SPD DR
================================================================================

 1  87  59  73   4   0   8 0.00    M    M 13.6 30 160   M    M   0        36 160
 2  86  64  75   7   0  10 0.00    M    M 17.1 29 190   M    M   0        37 200
 3  90  62  76   8   0  11 0.00    M    M  8.1 29 270   M    M   0        37 270
 4  87  59  73   5   0   8 0.10    M    M  8.4 29  10   M    M   2 3      35  60
 5  71  57  64  -3   1   0 0.00    M    M  6.6 18  40   M    M   8        22  40
 6  75  54  65  -2   0   0 0.00    M    M  6.3 15 110   M    M   2        19 110
 7  83  47  65  -1   0   0 0.00    M    M 10.7 28 330   M    M   2 12     41 300
 8  89  43  66   0   0   1 0.00    M    M 10.8 24 160   M    M   2        33 150
 9  68  44  56  -9   9   0 0.03    M    M 13.7 29 330   M    M   5 1      36 300
10  80  42  61  -4   4   0 0.00    M    M  8.9 18 220   M    M   0 18     25 210
11  93  41  67   3   0   2 0.00    M    M  7.4 21 330   M    M   0        29 340
12  66  46  56  -8   9   0 0.01    M    M 15.5 29 360   M    M   3        38 330
13  55  39  47 -17  18   0    T    M    M  6.7 10 110   M    M   9        13 140
14  77  38  58  -5   7   0 0.00    M    M 11.7 25 170   M    M   0        33 170
15  82  54  68   6   0   3 0.01    M    M  8.9 22 310   M    M   4 3      28 320
16  77  44  61  -1   4   0 0.00    M    M 12.5 29 310   M    M   3 8      35 300
17  87  42  65   3   0   0 0.00    M    M  6.2 21 230   M    M   1 8      29 220
18  92  46  69   8   0   4 0.00    M    M  7.4 17 350   M    M   0 8      22 350
19  84  53  69   8   0   4    T    M    M  7.4 20 250   M    M   1        23 240
20  86  54  70  10   0   5 0.00    M    M  8.3 15 330   M    M   0        19 330
21  76  51  64   4   1   0 0.00    M    M 11.3 20  40   M    M   7        23  60
22  63  54  59   0   6   0 0.03    M    M 10.2 20  50   M    M  10 1      24  50
23  85  56  71  12   0   6 0.05    M    M 10.9 24  10   M    M   5 13     28  10
24  75  52  64   6   1   0    T    M    M 19.5 37 240   M    M   5        46 300
25  69  39  54  -4  11   0 0.00    M    M 19.9 36 320   M    M   3        50 310
================================================================================
SM 1983 1240        71  62  0.23    M    268.0          M       72
================================================================================
AV 79.3 49.6                              10.7 FASTST   M    M   3    MAX(MPH)
                                 MISC ---->  # 37 240               # 50  310
================================================================================
NOTES:
# LAST OF SEVERAL OCCURRENCES

COLUMN 17 PEAK WIND IN M.P.H.

PRELIMINARY LOCAL CLIMATOLOGICAL DATA (WS FORM: F-6) , PAGE 2

                                          STATION:  PHILIP SD
                                          MONTH:    SEPTEMBER
                                          YEAR:     2016
                                          LATITUDE:   44  3 N
                                          LONGITUDE: 101 36 W

[TEMPERATURE DATA]      [PRECIPITATION DATA]       SYMBOLS USED IN COLUMN 16

AVERAGE MONTHLY: 64.5   TOTAL FOR MONTH:   0.23    1 = FOG OR MIST
DPTR FM NORMAL:   1.0   DPTR FM NORMAL:   -1.02    2 = FOG REDUCING VISIBILITY
HIGHEST:    93 ON 11    GRTST 24HR  0.10 ON  4- 4      TO 1/4 MILE OR LESS
LOWEST:     38 ON 14                               3 = THUNDER
                        SNOW, ICE PELLETS, HAIL    4 = ICE PELLETS
                        TOTAL MONTH:    M          5 = HAIL
                        GRTST 24HR    M  ON   M    6 = FREEZING RAIN OR DRIZZLE
                        GRTST DEPTH:  M  ON   M    7 = DUSTSTORM OR SANDSTORM:
                                                       VSBY 1/2 MILE OR LESS
                                                   8 = SMOKE OR HAZE
[NO. OF DAYS WITH]      [WEATHER - DAYS WITH]      9 = BLOWING SNOW
                                                   X = TORNADO
MAX 32 OR BELOW:   0    0.01 INCH OR MORE:   6
MAX 90 OR ABOVE:   3    0.10 INCH OR MORE:   1
MIN 32 OR BELOW:   0    0.50 INCH OR MORE:   0
MIN  0 OR BELOW:   0    1.00 INCH OR MORE:   0

[HDD (BASE 65) ]
TOTAL THIS MO.    71    CLEAR  (SCALE 0-3)  16
DPTR FM NORMAL   -44    PTCLDY (SCALE 4-7)   7
TOTAL FM JUL 1    90    CLOUDY (SCALE 8-10)  2
DPTR FM NORMAL   -50

[CDD (BASE 65) ]
TOTAL THIS MO.    62
DPTR FM NORMAL   -13    [PRESSURE DATA]
TOTAL FM JAN 1   892    HIGHEST SLP M ON M
DPTR FM NORMAL    82    LOWEST  SLP 29.43 ON 23

[REMARKS]
