000
CXUS55 KPIH 171200
CF6PIH

PRELIMINARY LOCAL CLIMATOLOGICAL DATA (WS FORM: F-6)

                                          STATION:   POCATELLO ID
                                          MONTH:     AUGUST
                                          YEAR:      2017
                                          LATITUDE:   42 55 N
                                          LONGITUDE: 112 36 W

  TEMPERATURE IN F:       :PCPN:    SNOW:  WIND      :SUNSHINE: SKY     :PK WND
================================================================================
1   2   3   4   5  6A  6B    7    8   9   10  11  12  13   14  15   16   17  18
                                     12Z  AVG MX 2MIN
DY MAX MIN AVG DEP HDD CDD  WTR  SNW DPTH SPD SPD DIR MIN PSBL S-S WX    SPD DR
================================================================================

 1  97  51  74   3   0   9 0.00  0.0    0  5.2 15 270   M    M   0 8      18 280
 2  96  52  74   3   0   9 0.00  0.0    0  5.3 14 180   M    M   0        16  40
 3  95  50  73   2   0   8 0.00  0.0    0  7.4 14 200   M    M   0        17 210
 4  95  53  74   3   0   9 0.00  0.0    0 11.9 25 240   M    M   1        31 250
 5  91  59  75   4   0  10 0.00  0.0    0 13.6 25 250   M    M   2 8      31 260
 6  87  54  71   0   0   6 0.00  0.0    0  7.2 21  40   M    M   4 8      23  30
 7  86  58  72   1   0   7 0.00  0.0    0  6.0 13 360   M    M   0 8      17 360
 8  86  54  70  -1   0   5 0.17  0.0    0  9.7 28  90   M    M   4 138    34  90
 9  84  48  66  -4   0   1 0.00  0.0    0  6.5 26  50   M    M   1 1      34  40
10  86  48  67  -3   0   2 0.00  0.0    0  4.9 15 210   M    M   0 1      18 210
11  92  51  72   2   0   7 0.11  0.0    0  6.7 20 240   M    M   1 3      26 250
12  92  50  71   1   0   6 0.00  0.0    0  4.7 13 330   M    M   1        21 250
13  90  61  76   6   0  11 0.00  0.0    0 12.2 24 260   M    M   2        30 240
14  69  54  62  -8   3   0 0.05  0.0    0 11.0 28 230   M    M   7 1      33 230
15  80  48  64  -6   1   0 0.00  0.0    0  4.8 13 330   M    M   3        16 320
16  87  42  65  -4   0   0 0.00  0.0    0  7.6 21 250   M    M   1        25 280
================================================================================
SM 1413  833         4  90  0.33     0.0 124.7          M       27
================================================================================
AV 88.3 52.1                               7.8 FASTST   M    M   2    MAX(MPH)
                                 MISC ---->  # 28  90               # 34   90
================================================================================
NOTES:
# LAST OF SEVERAL OCCURRENCES
SNOWFALL/DEPTH ALWAYS AUGMENTED BY WFO POCATELLO

COLUMN 17 PEAK WIND IN M.P.H.

PRELIMINARY LOCAL CLIMATOLOGICAL DATA (WS FORM: F-6) , PAGE 2

                                          STATION:  POCATELLO ID
                                          MONTH:    AUGUST
                                          YEAR:     2017
                                          LATITUDE:   42 55 N
                                          LONGITUDE: 112 36 W

[TEMPERATURE DATA]      [PRECIPITATION DATA]       SYMBOLS USED IN COLUMN 16

AVERAGE MONTHLY: 70.2   TOTAL FOR MONTH:   0.33    1 = FOG OR MIST
DPTR FM NORMAL:  -0.2   DPTR FM NORMAL:    0.03    2 = FOG REDUCING VISIBILITY
HIGHEST:    97 ON  1    GRTST 24HR  0.17 ON  8- 8      TO 1/4 MILE OR LESS
LOWEST:     42 ON 16                               3 = THUNDER
                        SNOW, ICE PELLETS, HAIL    4 = ICE PELLETS
                        TOTAL MONTH:   0.0 INCH    5 = HAIL
                        GRTST 24HR     0.0         6 = FREEZING RAIN OR DRIZZLE
                        GRTST DEPTH:   0           7 = DUSTSTORM OR SANDSTORM:
                                                       VSBY 1/2 MILE OR LESS
                                                   8 = SMOKE OR HAZE
[NO. OF DAYS WITH]      [WEATHER - DAYS WITH]      9 = BLOWING SNOW
                                                   X = TORNADO
MAX 32 OR BELOW:   0    0.01 INCH OR MORE:   3
MAX 90 OR ABOVE:   8    0.10 INCH OR MORE:   2
MIN 32 OR BELOW:   0    0.50 INCH OR MORE:   0
MIN  0 OR BELOW:   0    1.00 INCH OR MORE:   0

[HDD (BASE 65) ]
TOTAL THIS MO.     4    CLEAR  (SCALE 0-3)  13
DPTR FM NORMAL     1    PTCLDY (SCALE 4-7)   3
TOTAL FM JUL 1     4    CLOUDY (SCALE 8-10)  0
DPTR FM NORMAL   -19

[CDD (BASE 65) ]
TOTAL THIS MO.    90
DPTR FM NORMAL    -2    [PRESSURE DATA]
TOTAL FM JAN 1   431    HIGHEST SLP M ON M
DPTR FM NORMAL   116    LOWEST  SLP 29.68 ON M

[REMARKS]
