000
CXUS55 KPIH 311200
CF6PIH

PRELIMINARY LOCAL CLIMATOLOGICAL DATA (WS FORM: F-6)

                                          STATION:   POCATELLO ID
                                          MONTH:     AUGUST
                                          YEAR:      2016
                                          LATITUDE:   42 55 N
                                          LONGITUDE: 112 36 W

  TEMPERATURE IN F:       :PCPN:    SNOW:  WIND      :SUNSHINE: SKY     :PK WND
================================================================================
1   2   3   4   5  6A  6B    7    8   9   10  11  12  13   14  15   16   17  18
                                     12Z  AVG MX 2MIN
DY MAX MIN AVG DEP HDD CDD  WTR  SNW DPTH SPD SPD DIR MIN PSBL S-S WX    SPD DR
================================================================================

 1  93  54  74   3   0   9 0.00  0.0    0  8.7 17 260   M    M   0        22 260
 2  96  48  72   1   0   7 0.00  0.0    0  6.6 18 280   M    M   0        23 260
 3  82  62  72   1   0   7 0.00  0.0    0 20.3 33 230   M    M   0 8      39 240
 4  86  47  67  -4   0   2 0.00  0.0    0  5.7 17 210   M    M   0        20 210
 5  88  41  65  -6   0   0 0.00  0.0    0  5.8 23 130   M    M   0        30 140
 6  90  50  70  -1   0   5 0.24  0.0    0  7.6 38 250   M    M   2 3      49 240
 7  90  55  73   2   0   8    T  0.0    0 13.2 30 170   M    M   2 3      37 170
 8  89  45  67  -4   0   2 0.00  0.0    0  5.9 16 280   M    M   0        22 250
 9  81  58  70   0   0   5 0.00  0.0    0 16.5 25 230   M    M   0        29 220
10  80  46  63  -7   2   0 0.00  0.0    0  8.5 16 260   M    M   0        22 220
11  82  53  68  -2   0   3 0.00  0.0    0 11.6 22 240   M    M   1        29 240
12  86  42  64  -6   1   0 0.00  0.0    0  7.6 18 250   M    M   0        25 240
13  90  42  66  -4   0   1 0.00  0.0    0  7.2 16 260   M    M   0        23 280
14  94  49  72   2   0   7 0.00  0.0    0  6.6 18  10   M    M   1        23  10
15  94  51  73   3   0   8 0.00  0.0    0  5.4 12 240   M    M   0        15 270
16  96  52  74   5   0   9 0.00  0.0    0  5.8 13 150   M    M   0        14 150
17  92  51  72   3   0   7 0.00  0.0    0  7.6 36 140   M    M   2 8      44 140
18  89  57  73   4   0   8 0.00  0.0    0  6.0 15 310   M    M   1        32 340
19  82  49  66  -3   0   1 0.00  0.0    0 11.5 25  40   M    M   0        32  40
20  86  40  63  -5   2   0 0.00  0.0    0  3.8 12 310   M    M   0        17 270
21  92  45  69   1   0   4 0.00  0.0    0  9.1 22 250   M    M   0        28 260
22  85  48  67  -1   0   2 0.00  0.0    0 17.0 31 250   M    M   0        36 260
23  80  46  63  -5   2   0 0.00  0.0    0 14.7 25 230   M    M   0        29 260
24  77  45  61  -6   4   0 0.00  0.0    0  8.2 18  50   M    M   0        22  40
25  80  44  62  -5   3   0 0.00  0.0    0  6.9 16  30   M    M   0 8      19  40
26  80  40  60  -7   5   0 0.00  0.0    0  7.6 17 260   M    M   0        22 250
27  85  41  63  -3   2   0 0.00  0.0    0  8.9 21 270   M    M   0        25 260
28  88  46  67   1   0   2 0.00  0.0    0  9.3 21 260   M    M   0        25 250
29  92  45  69   3   0   4 0.00  0.0    0  4.5  9 360   M    M   0        15 330
30  97  44  71   6   0   6 0.00  0.0    0  5.2 15 190   M    M   0        20 190
================================================================================
SM 2622 1436        21 107  0.24     0.0 263.3          M        9
================================================================================
AV 87.4 47.9                               8.8 FASTST   M    M   0    MAX(MPH)
                                 MISC ---->  # 38 250               # 49  240
================================================================================
NOTES:
# LAST OF SEVERAL OCCURRENCES
SNOWFALL/DEPTH ALWAYS AUGMENTED BY WFO POCATELLO

COLUMN 17 PEAK WIND IN M.P.H.

PRELIMINARY LOCAL CLIMATOLOGICAL DATA (WS FORM: F-6) , PAGE 2

                                          STATION:  POCATELLO ID
                                          MONTH:    AUGUST
                                          YEAR:     2016
                                          LATITUDE:   42 55 N
                                          LONGITUDE: 112 36 W

[TEMPERATURE DATA]      [PRECIPITATION DATA]       SYMBOLS USED IN COLUMN 16

AVERAGE MONTHLY: 67.6   TOTAL FOR MONTH:   0.24    1 = FOG OR MIST
DPTR FM NORMAL:  -1.4   DPTR FM NORMAL:   -0.35    2 = FOG REDUCING VISIBILITY
HIGHEST:    97 ON 30    GRTST 24HR  0.24 ON  5- 6      TO 1/4 MILE OR LESS
LOWEST:     40 ON 26,20                            3 = THUNDER
                        SNOW, ICE PELLETS, HAIL    4 = ICE PELLETS
                        TOTAL MONTH:   0.0 INCH    5 = HAIL
                        GRTST 24HR     0.0         6 = FREEZING RAIN OR DRIZZLE
                        GRTST DEPTH:   0           7 = DUSTSTORM OR SANDSTORM:
                                                       VSBY 1/2 MILE OR LESS
                                                   8 = SMOKE OR HAZE
[NO. OF DAYS WITH]      [WEATHER - DAYS WITH]      9 = BLOWING SNOW
                                                   X = TORNADO
MAX 32 OR BELOW:   0    0.01 INCH OR MORE:   1
MAX 90 OR ABOVE:  12    0.10 INCH OR MORE:   1
MIN 32 OR BELOW:   0    0.50 INCH OR MORE:   0
MIN  0 OR BELOW:   0    1.00 INCH OR MORE:   0

[HDD (BASE 65) ]
TOTAL THIS MO.    21    CLEAR  (SCALE 0-3)  30
DPTR FM NORMAL     0    PTCLDY (SCALE 4-7)   0
TOTAL FM JUL 1    38    CLOUDY (SCALE 8-10)  0
DPTR FM NORMAL    -3

[CDD (BASE 65) ]
TOTAL THIS MO.   107
DPTR FM NORMAL   -36    [PRESSURE DATA]
TOTAL FM JAN 1   393    HIGHEST SLP M ON M
DPTR FM NORMAL    27    LOWEST  SLP 29.67 ON  8

[REMARKS]
