000
CXUS51 KPBZ 200904
CF6PIT
PRELIMINARY LOCAL CLIMATOLOGICAL DATA (WS FORM: F-6)

                                          STATION:   PITTSBURGH PA
                                          MONTH:     APRIL
                                          YEAR:      2014
                                          LATITUDE:   40 30 N
                                          LONGITUDE:  80 13 W

  TEMPERATURE IN F:       :PCPN:    SNOW:  WIND      :SUNSHINE: SKY     :PK WND
================================================================================
1   2   3   4   5  6A  6B    7    8   9   10  11  12  13   14  15   16   17  18
                                     12Z  AVG MX 2MIN
DY MAX MIN AVG DEP HDD CDD  WTR  SNW DPTH SPD SPD DIR MIN PSBL S-S WX    SPD DR
================================================================================

 1  77  36  57  11   8   0 0.00  0.0    0  9.6 33 280   M    M   6        43 270
 2  61  43  52   6  13   0 0.30  0.0    0  5.5 23 300   M    M  10 18     30 300
 3  59  44  52   6  13   0 0.47  0.0    0  6.9 16 110   M    M  10 1      22 100
 4  65  41  53   6  12   0 0.68  0.0    0  9.8 32 280   M    M   9 18     51 280
 5  45  32  39  -8  26   0    T  0.0    0 12.2 25 300   M    M   8 8      31 270
 6  57  26  42  -6  23   0 0.00  0.0    0  4.8 14  70   M    M   4        20  60
 7  54  45  50   2  15   0 0.47  0.0    0  9.4 21 120   M    M  10 13     25 120
 8  59  42  51   3  14   0 0.01  0.0    0 13.6 32 240   M    M   6 13     44 230
 9  58  38  48  -1  17   0 0.00  0.0    0  9.3 24 320   M    M   5        30 330
10  71  38  55   6  10   0 0.00  0.0    0 11.5 26 210   M    M   5        37 210
11  67  41  54   4  11   0 0.12  0.0    0  7.6 26 310   M    M   8 1      32 330
12  74  35  55   5  10   0 0.00  0.0    0  5.2 17 170   M    M   4 12     23 170
13  82  61  72  22   0   7    T  0.0    0 10.4 25 230   M    M   9        37 230
14  75  61  68  17   0   3 0.10  0.0    0 11.2 29 230   M    M   9        42 230
15  64  27  46  -5  19   0 0.25  0.1    0 15.7 26 300   M    M  10 148    34 300
16  44  25  35 -16  30   0 0.00  0.0    0  6.0 13 110   M    M   5        17 110
17  64  35  50  -2  15   0 0.00  0.0    0 10.1 17 120   M    M   6        23 140
18  69  41  55   3  10   0 0.00  0.0    0  6.2 17 330   M    M   8        22 230
19  64  44  54   2  11   0 0.00  0.0    0  6.6 15  60   M    M   8        20  60
================================================================================
SM 1209  755       257  10  2.40     0.1 171.6          M      140
================================================================================
AV 63.6 39.7                               9.0 FASTST   M    M   7    MAX(MPH)
                                 MISC ---->  # 33 280               # 51  280
================================================================================
NOTES:
# LAST OF SEVERAL OCCURRENCES

COLUMN 17 PEAK WIND IN M.P.H.

PRELIMINARY LOCAL CLIMATOLOGICAL DATA (WS FORM: F-6) , PAGE 2

                                          STATION:  PITTSBURGH PA
                                          MONTH:    APRIL
                                          YEAR:     2014
                                          LATITUDE:   40 30 N
                                          LONGITUDE:  80 13 W

[TEMPERATURE DATA]      [PRECIPITATION DATA]       SYMBOLS USED IN COLUMN 16

AVERAGE MONTHLY: 51.7   TOTAL FOR MONTH:   2.40    1 = FOG OR MIST
DPTR FM NORMAL:   2.6   DPTR FM NORMAL:    0.42    2 = FOG REDUCING VISIBILITY
HIGHEST:    82 ON 13    GRTST 24HR  0.85 ON  3- 4      TO 1/4 MILE OR LESS
LOWEST:     25 ON 16                               3 = THUNDER
                        SNOW, ICE PELLETS, HAIL    4 = ICE PELLETS
                        TOTAL MONTH:   0.1 INCH    5 = HAIL
                        GRTST 24HR   0.1 ON   M    6 = FREEZING RAIN OR DRIZZLE
                        GRTST DEPTH:   0           7 = DUSTSTORM OR SANDSTORM:
                                                       VSBY 1/2 MILE OR LESS
                                                   8 = SMOKE OR HAZE
[NO. OF DAYS WITH]      [WEATHER - DAYS WITH]      9 = BLOWING SNOW
                                                   X = TORNADO
MAX 32 OR BELOW:   0    0.01 INCH OR MORE:   8
MAX 90 OR ABOVE:   0    0.10 INCH OR MORE:   7
MIN 32 OR BELOW:   4    0.50 INCH OR MORE:   1
MIN  0 OR BELOW:   0    1.00 INCH OR MORE:   0

[HDD (BASE 65) ]
TOTAL THIS MO.   257    CLEAR  (SCALE 0-3)   0
DPTR FM NORMAL   -49    PTCLDY (SCALE 4-7)  11
TOTAL FM JUL 1  5728    CLOUDY (SCALE 8-10)  8
DPTR FM NORMAL   377

[CDD (BASE 65) ]
TOTAL THIS MO.    10
DPTR FM NORMAL    10    [PRESSURE DATA]
TOTAL FM JAN 1    10    HIGHEST SLP M ON M
DPTR FM NORMAL     9    LOWEST  SLP 29.37 ON  8

[REMARKS]
