000
CXUS53 KAPX 220631
CF6PLN
PRELIMINARY LOCAL CLIMATOLOGICAL DATA (WS FORM: F-6)

                                          STATION:   PELLSTON
                                          MONTH:     OCTOBER
                                          YEAR:      2014
                                          LATITUDE:   45 34 N
                                          LONGITUDE:  84 48 W

  TEMPERATURE IN F:       :PCPN:    SNOW:  WIND      :SUNSHINE: SKY     :PK WND
================================================================================
1   2   3   4   5  6A  6B    7    8   9   10  11  12  13   14  15   16   17  18
                                     12Z  AVG MX 2MIN
DY MAX MIN AVG DEP HDD CDD  WTR  SNW DPTH SPD SPD DIR MIN PSBL S-S WX    SPD DR
================================================================================

 1  62  50  56   6   9   0 0.00    M    M  4.6 13 100   M    M   9 1      16 110
 2  62  53  58   8   7   0 0.69    M    M  5.7 14 140   M    M   9 1      18 140
 3  63  48  56   7   9   0 1.74    M    M  8.2 26 290   M    M  10 1      35 310
 4  50  41  46  -3  19   0 0.40    M    M  7.0 21 230   M    M  10 1      28 210
 5  46  39  43  -6  22   0 0.20    M    M  6.5 15 220   M    M  10 1      23 210
 6  57  36  47  -1  18   0    T    M    M  5.3 17 210   M    M   8        24 220
 7  58  37  48   0  17   0    T    M    M  7.4 18 230   M    M   4        25 280
 8  50  36  43  -4  22   0 0.08    M    M  9.0 25 300   M    M   9 1      32 300
 9  51  43  47   0  18   0    T    M    M 12.9 23 310   M    M   8        28 320
10  52  35  44  -3  21   0 0.01    M    M  5.6 21 300   M    M   8        27 300
11  52  27  40  -6  25   0    T    M    M  1.6 10 290   M    M   5 1      14 240
12  60  26  43  -3  22   0 0.00    M    M  3.7 14 140   M    M   0 1      19 170
13  58  36  47   1  18   0 0.94    M    M  2.9 13  50   M    M   9 1      15  50
14  64  52  58  13   7   0 0.91    M    M  6.9 23 300   M    M  10 1      31  50
15  54  51  53   8  12   0 0.43    M    M  7.6 17  60   M    M  10 1      23  70
16  56  48  52   7  13   0    T    M    M  3.5  9 280   M    M  10 12     13 250
17  55  42  49   5  16   0 0.37    M    M  8.9 26 330   M    M  10 1      33 340
18  45  29  37  -7  28   0 0.06    M    M 13.4 23 330   M    M   7 1      32 340
19  51  26  39  -5  26   0 0.01    M    M  4.7 15 240   M    M   8        20 240
20  51  46  49   6  16   0    T  0.0    0  8.6 18 320   M    M  10 1      22 320
21  49  25  37  -6  28   0 0.00    M    M  7.1 16  30   M    M   4        21  20
================================================================================
SM 1146  826       373   0  5.84     0.0 141.1          M      168
================================================================================
AV 54.6 39.3                               6.7 FASTST   M    M   8    MAX(MPH)
                                 MISC ---->  # 26 290               # 35  310
================================================================================
NOTES:
# LAST OF SEVERAL OCCURRENCES

COLUMN 17 PEAK WIND IN M.P.H.

PRELIMINARY LOCAL CLIMATOLOGICAL DATA (WS FORM: F-6) , PAGE 2

                                          STATION:  PELLSTON
                                          MONTH:    OCTOBER
                                          YEAR:     2014
                                          LATITUDE:   45 34 N
                                          LONGITUDE:  84 48 W

[TEMPERATURE DATA]      [PRECIPITATION DATA]       SYMBOLS USED IN COLUMN 16

AVERAGE MONTHLY: 47.0   TOTAL FOR MONTH:   5.84    1 = FOG OR MIST
DPTR FM NORMAL:   0.5   DPTR FM NORMAL:    3.29    2 = FOG REDUCING VISIBILITY
HIGHEST:    64 ON 14    GRTST 24HR  1.79 ON 13-14      TO 1/4 MILE OR LESS
LOWEST:     25 ON 21                               3 = THUNDER
                        SNOW, ICE PELLETS, HAIL    4 = ICE PELLETS
                        TOTAL MONTH:   0.0 INCH    5 = HAIL
                        GRTST 24HR     0.0         6 = FREEZING RAIN OR DRIZZLE
                        GRTST DEPTH:   0           7 = DUSTSTORM OR SANDSTORM:
                                                       VSBY 1/2 MILE OR LESS
                                                   8 = SMOKE OR HAZE
[NO. OF DAYS WITH]      [WEATHER - DAYS WITH]      9 = BLOWING SNOW
                                                   X = TORNADO
MAX 32 OR BELOW:   0    0.01 INCH OR MORE:  12
MAX 90 OR ABOVE:   0    0.10 INCH OR MORE:   8
MIN 32 OR BELOW:   5    0.50 INCH OR MORE:   4
MIN  0 OR BELOW:   0    1.00 INCH OR MORE:   1

[HDD (BASE 65) ]
TOTAL THIS MO.   373    CLEAR  (SCALE 0-3)   1
DPTR FM NORMAL   -18    PTCLDY (SCALE 4-7)   8
TOTAL FM JUL 1   825    CLOUDY (SCALE 8-10) 12
DPTR FM NORMAL   -16

[CDD (BASE 65) ]
TOTAL THIS MO.     0
DPTR FM NORMAL     0    [PRESSURE DATA]
TOTAL FM JAN 1   148    HIGHEST SLP M ON M
DPTR FM NORMAL   -70    LOWEST  SLP 29.24 ON  3

[REMARKS]
