000
CXUS54 KOUN 270800
CF6PNC
PRELIMINARY LOCAL CLIMATOLOGICAL DATA (WS FORM: F-6)

                                          STATION:   PONCA CITY
                                          MONTH:     FEBRUARY
                                          YEAR:      2015
                                          LATITUDE:   36 44 N
                                          LONGITUDE:  97  6 W

  TEMPERATURE IN F:       :PCPN:    SNOW:  WIND      :SUNSHINE: SKY     :PK WND
================================================================================
1   2   3   4   5  6A  6B    7    8   9   10  11  12  13   14  15   16   17  18
                                     12Z  AVG MX 2MIN
DY MAX MIN AVG DEP HDD CDD  WTR  SNW DPTH SPD SPD DIR MIN PSBL S-S WX    SPD DR
================================================================================

 1  45  16  31  -5  34   0 0.03    M    0 18.0 30 330   M    M   9 1      41 330
 2  35  10  23 -13  42   0 0.00  0.0    0  6.6 20 350   M    M   0        24 350
 3  58  23  41   4  24   0 0.00  0.0    0  8.2 18 210   M    M   0        26 210
 4  46  22  34  -3  31   0 0.00  0.0    0 15.9 31  20   M    M   5 8      38  30
 5  38  13  26 -11  39   0 0.00  0.0    0  7.0 16  30   M    M   0        20  20
 6  63  28  46   9  19   0 0.00  0.0    0 10.6 20 210   M    M   0 8      29 200
 7  71  40  56  18   9   0 0.00  0.0    0  9.6 15 180   M    M   0        22 210
 8  78  34  56  18   9   0 0.00  0.0    0  6.1 25  10   M    M   0 1      30  10
 9  63  32  48  10  17   0 0.00  0.0    0  7.7 17 100   M    M   0 18     22 110
10  65  32  49  11  16   0 0.00  0.0    0  8.4 17 130   M    M   0 18     23 200
11  48  22  35  -3  30   0 0.00  0.0    0 13.3 29  30   M    M   2 18     36  10
12  40  19  30  -9  35   0 0.00  0.0    0  7.0 18  40   M    M   0        21  30
13  61  27  44   5  21   0 0.00  0.0    0  5.6 14 340   M    M   0        18 350
14  70  26  48   9  17   0 0.00  0.0    0  9.6 28  60   M    M   0        35  40
15  35  22  29 -11  36   0 0.02    M    0 14.5 21  50   M    M   5 18     26  60
16  37  19  28 -12  37   0 0.02    M    0  9.3 18  10   M    M   5 168    25  10
17  49  19  34  -6  31   0 0.01  0.0    0  7.7 32 360   M    M   2 18     38 340
18  35  13  24 -17  41   0 0.00  0.0    0  5.8 16  10   M    M   5        19 350
19  44  20  32  -9  33   0 0.00  0.0    0 12.1 22 160   M    M   3        27 110
20  49  26  38  -3  27   0 0.01  0.0    0 10.8 17 130   M    M   7 18     21 150
21  59  33  46   4  19   0 0.00  0.0    0  9.7 17  60   M    M   6 1      23  60
22  45  22  34  -8  31   0    T    T    0 19.4 28  30   M    M  10 8      34  30
23  24  16  20 -22  45   0    T    T    0  9.6 22  20   M    M  10 8      26  20
24  45  19  32 -10  33   0 0.00  0.0    0  6.5 15 260   M    M   3        20 270
25  57  16  37  -6  28   0 0.00  0.0    0  8.5 36 360   M    M   2 18     42 360
26  31  16  24 -19  41   0 0.00  0.0    0 17.3 32 360   M    M   4        40  10
================================================================================
SM 1291  585       745   0  0.09    T    264.8          M       78
================================================================================
AV 49.7 22.5                              10.2 FASTST   M    M   3    MAX(MPH)
                                 MISC ---->  # 36 360               # 42  360
================================================================================
NOTES:
# LAST OF SEVERAL OCCURRENCES

COLUMN 17 PEAK WIND IN M.P.H.

PRELIMINARY LOCAL CLIMATOLOGICAL DATA (WS FORM: F-6) , PAGE 2

                                          STATION:  PONCA CITY
                                          MONTH:    FEBRUARY
                                          YEAR:     2015
                                          LATITUDE:   36 44 N
                                          LONGITUDE:  97  6 W

[TEMPERATURE DATA]      [PRECIPITATION DATA]       SYMBOLS USED IN COLUMN 16

AVERAGE MONTHLY: 36.1   TOTAL FOR MONTH:   0.09    1 = FOG OR MIST
DPTR FM NORMAL:  -3.3   DPTR FM NORMAL:   -1.12    2 = FOG REDUCING VISIBILITY
HIGHEST:    78 ON  8    GRTST 24HR  0.65 ON 31- 1      TO 1/4 MILE OR LESS
LOWEST:     10 ON  2                               3 = THUNDER
                        SNOW, ICE PELLETS, HAIL    4 = ICE PELLETS
                        TOTAL MONTH:    T          5 = HAIL
                        GRTST 24HR    T  ON 23-23  6 = FREEZING RAIN OR DRIZZLE
                        GRTST DEPTH:   0           7 = DUSTSTORM OR SANDSTORM:
                                                       VSBY 1/2 MILE OR LESS
                                                   8 = SMOKE OR HAZE
[NO. OF DAYS WITH]      [WEATHER - DAYS WITH]      9 = BLOWING SNOW
                                                   X = TORNADO
MAX 32 OR BELOW:   2    0.01 INCH OR MORE:   5
MAX 90 OR ABOVE:   0    0.10 INCH OR MORE:   0
MIN 32 OR BELOW:  23    0.50 INCH OR MORE:   0
MIN  0 OR BELOW:   0    1.00 INCH OR MORE:   0

[HDD (BASE 65) ]
TOTAL THIS MO.   745    CLEAR  (SCALE 0-3)  16
DPTR FM NORMAL    79    PTCLDY (SCALE 4-7)   7
TOTAL FM JUL 1  3197    CLOUDY (SCALE 8-10)  3
DPTR FM NORMAL   -47

[CDD (BASE 65) ]
TOTAL THIS MO.     0
DPTR FM NORMAL     0    [PRESSURE DATA]
TOTAL FM JAN 1     0    HIGHEST SLP M ON M
DPTR FM NORMAL     0    LOWEST  SLP 29.66 ON 20

[REMARKS]
