000
CXUS54 KFWD 260730
CF6PRX
PRELIMINARY LOCAL CLIMATOLOGICAL DATA (WS FORM: F-6)

                                          STATION:   PARIS
                                          MONTH:     MARCH
                                          YEAR:      2015
                                          LATITUDE:   33 37 N
                                          LONGITUDE:  95 27 W

  TEMPERATURE IN F:       :PCPN:    SNOW:  WIND      :SUNSHINE: SKY     :PK WND
================================================================================
1   2   3   4   5  6A  6B    7    8   9   10  11  12  13   14  15   16   17  18
                                     12Z  AVG MX 2MIN
DY MAX MIN AVG DEP HDD CDD  WTR  SNW DPTH SPD SPD DIR MIN PSBL S-S WX    SPD DR
================================================================================

 1  39  32  36 -15  29   0 0.18  0.0    0  5.0 16  10   M    M  10         M  M
 2  41  36  39 -13  26   0 0.07  0.0    0  9.6 16 100   M    M  10        17 100
 3  46  37  42 -10  23   0 0.20  0.0    0  5.6 12 130   M    M  10         M  M
 4  48  28  38 -14  27   0 0.77    M    0 10.1 27 350   M    M  10        35  10
 5  41  21  31 -21  34   0 0.07    M    M   M   M   M   M    M   2         M  M
 6  48  25  37 -16  28   0 0.00  0.0    0  3.4  7 160   M    M   0         M  M
 7  61  28  45  -8  20   0 0.00  0.0    0  3.9  9 190   M    M   2         M  M
 8  50  46  48  -5  17   0    M  0.0    0  5.8 10 140   M    M  10        18 170
 9  50  45  48  -6  17   0 1.11  0.0    0  8.7 16  90   M    M  10         M  M
10  54  48  51  -3  14   0 0.00  0.0    0  4.3  7 320   M    M  10         M  M
11  68  54  61   7   4   0 0.00  0.0    0  4.3  8 120   M    M   4         M  M
12  61  50  56   2   9   0 0.00  0.0    0  6.5 12  70   M    M   7         M  M
13  55  54  55   0  10   0 0.82  0.0    0  7.6  9 340   M    M  10         M  M
14   M   M   M   M   M   M 0.00  0.0    0   M   M   M   M    M   0         M  M
15   M   M   M   M   M   M 0.00  0.0    0   M   M   M   M    M   0         M  M
16   M   M   M   M   M   M 0.00  0.0    0   M   M   M   M    M   0         M  M
17   M   M   M   M   M   M 0.00  0.0    0   M   M   M   M    M   0         M  M
18   M   M   M   M   M   M 0.00  0.0    0   M   M   M   M    M   0         M  M
19  55  52  54  -2  11   0 0.08  0.0    0  7.7 12  90   M    M   5 3       M  M
20  59  54  57   0   8   0 0.89  0.0    0   M   M   M   M    M   8 3       M  M
21  61  52  57   0   8   0 0.04  0.0    0   M   M   M   M    M   4         M  M
22  64  48  56  -1   9   0 0.42  0.0    0   M   M   M   M    M   8         M  M
23  73  45  59   1   6   0 0.00  0.0    0   M   M   M   M    M   2         M  M
24  79  54  67   9   0   2 0.00  0.0    0   M   M   M   M    M   1         M  M
25  82  61  72  14   0   7 0.13  0.0    0  0.0  M   M   M    M   1 3       M  M
================================================================================
SM 1135  870       300   9  4.78     0.0  82.5          M      124
================================================================================
AV 56.8 43.5                               5.9 FASTST   M    M   5    MAX(MPH)
                                 MISC ---->  # 27 350               # 35   10
================================================================================
NOTES:
# LAST OF SEVERAL OCCURRENCES

COLUMN 17 PEAK WIND IN M.P.H.

PRELIMINARY LOCAL CLIMATOLOGICAL DATA (WS FORM: F-6) , PAGE 2

                                          STATION:  PARIS
                                          MONTH:    MARCH
                                          YEAR:     2015
                                          LATITUDE:   33 37 N
                                          LONGITUDE:  95 27 W

[TEMPERATURE DATA]      [PRECIPITATION DATA]       SYMBOLS USED IN COLUMN 16

AVERAGE MONTHLY: 50.1   TOTAL FOR MONTH:   4.78    1 = FOG OR MIST
DPTR FM NORMAL:  -4.6   DPTR FM NORMAL:    1.17    2 = FOG REDUCING VISIBILITY
HIGHEST:    82 ON 25    GRTST 24HR  1.11 ON  9- 9      TO 1/4 MILE OR LESS
LOWEST:     21 ON  5                               3 = THUNDER
                        SNOW, ICE PELLETS, HAIL    4 = ICE PELLETS
                        TOTAL MONTH:   0.0 INCH    5 = HAIL
                        GRTST 24HR     0.0         6 = FREEZING RAIN OR DRIZZLE
                        GRTST DEPTH:   0           7 = DUSTSTORM OR SANDSTORM:
                                                       VSBY 1/2 MILE OR LESS
                                                   8 = SMOKE OR HAZE
[NO. OF DAYS WITH]      [WEATHER - DAYS WITH]      9 = BLOWING SNOW
                                                   X = TORNADO
MAX 32 OR BELOW:   0    0.01 INCH OR MORE:  12
MAX 90 OR ABOVE:   0    0.10 INCH OR MORE:   8
MIN 32 OR BELOW:   5    0.50 INCH OR MORE:   4
MIN  0 OR BELOW:   0    1.00 INCH OR MORE:   1

[HDD (BASE 65) ]
TOTAL THIS MO.   300    CLEAR  (SCALE 0-3)  11
DPTR FM NORMAL    29    PTCLDY (SCALE 4-7)   4
TOTAL FM JUL 1  2725    CLOUDY (SCALE 8-10) 10
DPTR FM NORMAL   214

[CDD (BASE 65) ]
TOTAL THIS MO.     9
DPTR FM NORMAL    -4    [PRESSURE DATA]
TOTAL FM JAN 1     9    HIGHEST SLP M ON M
DPTR FM NORMAL    -7    LOWEST  SLP M ON M

[REMARKS]
