000
CXUS55 KALY 230710
CF6PSF
PRELIMINARY LOCAL CLIMATOLOGICAL DATA (WS FORM: F-6)

                                          STATION:   PITTSFIELD MA
                                          MONTH:     SEPTEMBER
                                          YEAR:      2017
                                          LATITUDE:   42 25 N
                                          LONGITUDE:  73 18 W

  TEMPERATURE IN F:       :PCPN:    SNOW:  WIND      :SUNSHINE: SKY     :PK WND
================================================================================
1   2   3   4   5  6A  6B    7    8   9   10  11  12  13   14  15   16   17  18
                                     12Z  AVG MX 2MIN
DY MAX MIN AVG DEP HDD CDD  WTR  SNW DPTH SPD SPD DIR MIN PSBL S-S WX    SPD DR
================================================================================

 1  62  40  51 -13  14   0 0.00    M    M  7.8 21 290   M    M   1        27 280
 2  67  36  52 -11  13   0    T    M    M  2.2 12 150   M    M   2 12     16 260
 3  56  48  52 -11  13   0 1.04    M    M  5.4 13 100   M    M   9 1      20 110
 4  75  55  65   2   0   0 0.00    M    M  9.4 16 190   M    M   5 3      24 200
 5  78  60  69   7   0   4 0.12    M    M  6.2 18 220   M    M   6 13     28 210
 6  62  56  59  -3   6   0 0.87    M    M  2.8 10  40   M    M  10 1      14  50
 7  68  47  58  -4   7   0 0.27    M    M  5.3 23 290   M    M   9 12     32 280
 8  65  44  55  -7  10   0    T    M    M  5.3 16 280   M    M   6 12     20 270
 9  65  45  55  -6  10   0 0.00    M    M  5.6 16 290   M    M   5        22 290
10  67  44  56  -5   9   0 0.00    M    M  5.0 15 320   M    M   1 1      23 320
11  70  41  56  -4   9   0 0.00    M    M  3.5 13 270   M    M   1 12     15 300
12  76  45  61   1   4   0 0.00    M    M  2.6 12 270   M    M   2 12     14 260
13  78  47  63   3   2   0 0.00    M    M  2.7 12 220   M    M   5 12     17 190
14  76  63  70  11   0   5 0.08    M    M  4.6 13 230   M    M   8 18     20 230
15  77  62  70  11   0   5 0.10    M    M  1.6 12 140   M    M   7 12     15 140
16  81  61  71  13   0   6 0.01    M    M  1.3  8 320   M    M   7 12     11 310
17  82  61  72  14   0   7 0.00    M    M  1.4 12 270   M    M   7 12     13 270
18  78  58  68  10   0   3 0.00    M    M  3.6 14 140   M    M   5 12     17 140
19  74  60  67  10   0   2    T    M    M  7.7 15  60   M    M   9        21  40
20  76  63  70  13   0   5 0.00    M    M  7.1 16  40   M    M   7        23  40
21  77  59  68  12   0   3 0.00    M    M  5.0 15  30   M    M   1 1      20  40
22  75  57  66  10   0   1 0.00    M    M  4.8 13  30   M    M   3        18 360
================================================================================
SM 1585 1152        97  41  2.49    M    100.9          M      116
================================================================================
AV 72.1 52.4                               4.6 FASTST   M    M   5    MAX(MPH)
                                 MISC ---->  # 23 290               # 32  280
================================================================================
NOTES:
# LAST OF SEVERAL OCCURRENCES

COLUMN 17 PEAK WIND IN M.P.H.

PRELIMINARY LOCAL CLIMATOLOGICAL DATA (WS FORM: F-6) , PAGE 2

                                          STATION:  PITTSFIELD MA
                                          MONTH:    SEPTEMBER
                                          YEAR:     2017
                                          LATITUDE:   42 25 N
                                          LONGITUDE:  73 18 W

[TEMPERATURE DATA]      [PRECIPITATION DATA]       SYMBOLS USED IN COLUMN 16

AVERAGE MONTHLY: 62.2   TOTAL FOR MONTH:   2.49    1 = FOG OR MIST
DPTR FM NORMAL:   2.2   DPTR FM NORMAL:   -0.20    2 = FOG REDUCING VISIBILITY
HIGHEST:    82 ON 17    GRTST 24HR  1.04 ON  3- 3      TO 1/4 MILE OR LESS
LOWEST:     36 ON  2                               3 = THUNDER
                        SNOW, ICE PELLETS, HAIL    4 = ICE PELLETS
                        TOTAL MONTH:    M          5 = HAIL
                        GRTST 24HR    M  ON   M    6 = FREEZING RAIN OR DRIZZLE
                        GRTST DEPTH:  M  ON   M    7 = DUSTSTORM OR SANDSTORM:
                                                       VSBY 1/2 MILE OR LESS
                                                   8 = SMOKE OR HAZE
[NO. OF DAYS WITH]      [WEATHER - DAYS WITH]      9 = BLOWING SNOW
                                                   X = TORNADO
MAX 32 OR BELOW:   0    0.01 INCH OR MORE:   7
MAX 90 OR ABOVE:   0    0.10 INCH OR MORE:   5
MIN 32 OR BELOW:   0    0.50 INCH OR MORE:   2
MIN  0 OR BELOW:   0    1.00 INCH OR MORE:   1

[HDD (BASE 65) ]
TOTAL THIS MO.    97    CLEAR  (SCALE 0-3)   6
DPTR FM NORMAL   -29    PTCLDY (SCALE 4-7)  11
TOTAL FM JUL 1   183    CLOUDY (SCALE 8-10)  5
DPTR FM NORMAL   -21

[CDD (BASE 65) ]
TOTAL THIS MO.    41
DPTR FM NORMAL    25    [PRESSURE DATA]
TOTAL FM JAN 1   311    HIGHEST SLP M ON M
DPTR FM NORMAL    25    LOWEST  SLP 29.66 ON  5

[REMARKS]
