000
CXUS56 KSGX 291445
CF6PSP
PRELIMINARY LOCAL CLIMATOLOGICAL DATA (WS FORM: F-6)

                                          STATION:   PALM SPRINGS INTL AIRPORT CA
                                          MONTH:     MAY
                                          YEAR:      2017
                                          LATITUDE:   33 49 N
                                          LONGITUDE: 116 30 W

  TEMPERATURE IN F:       :PCPN:    SNOW:  WIND      :SUNSHINE: SKY     :PK WND
================================================================================
1   2   3   4   5  6A  6B    7    8   9   10  11  12  13   14  15   16   17  18
                                     12Z  AVG MX 2MIN
DY MAX MIN AVG DEP HDD CDD  WTR  SNW DPTH SPD SPD DIR MIN PSBL S-S WX    SPD DR
================================================================================

 1 102  63  83   8   0  18 0.00  0.0    0  3.9 17 320   M    M   0        21 330
 2 106  69  88  13   0  23 0.00  0.0    0  5.5 21 320   M    M   0        26 320
 3 106  71  89  13   0  24 0.00  0.0    0  4.4 15 320   M    M   0        18 320
 4 107  75  91  15   0  26 0.00  0.0    0  6.7 20 320   M    M   0        26 320
 5 104  73  89  13   0  24 0.00  0.0    0 10.6 30 320   M    M   0        37 320
 6  81  56  69  -7   0   4 0.00  0.0    0 13.4 33 330   M    M   1        43 320
 7  67  53  60 -17   5   0    T  0.0    0  6.7 21 320   M    M   3        28 320
 8  87  54  71  -6   0   6 0.00  0.0    0  6.5 20 320   M    M   0        24  10
 9  75  61  68  -9   0   3 0.00  0.0    0  6.3 21 110   M    M   6        26 110
10  84  63  74  -4   0   9 0.00  0.0    0  8.5 22 330   M    M   2        29 290
11  92  62  77  -1   0  12 0.00  0.0    0  4.0 14 330   M    M   0        20 170
12  99  66  83   5   0  18 0.00  0.0    0  8.8 26 340   M    M   0        32 340
13  91  62  77  -1   0  12 0.00  0.0    0 12.7 25 320   M    M   0        34 320
14  89  61  75  -4   0  10 0.00  0.0    0 12.0 29 330   M    M   0        38 330
15  80  58  69 -10   0   4 0.00  0.0    0 11.6 30 330   M    M   0        37 330
16  81  55  68 -11   0   3 0.00  0.0    0 10.4 30 320   M    M   0        39 290
17  80  60  70 -10   0   5 0.00  0.0    0 12.7 30 330   M    M   0        40 290
18  93  60  77  -3   0  12 0.00  0.0    0  8.4 23 340   M    M   0        30 330
19  94  66  80   0   0  15 0.00  0.0    0  5.9 18 320   M    M   0        23 320
20 100  69  85   5   0  20 0.00  0.0    0  4.7 15 100   M    M   0        20 100
21 106  75  91  11   0  26 0.00  0.0    0  7.3 24 300   M    M   0        31 330
22 109  73  91  10   0  26 0.00  0.0    0  6.2 21 320   M    M   0        26 320
23 111  79  95  14   0  30 0.00  0.0    0  6.6 23 320   M    M   0        29 310
24 105  74  90   9   0  25 0.00  0.0    0 10.0 24 330   M    M   0        39 300
25  93  68  81   0   0  16 0.00  0.0    0 11.5 29 330   M    M   0        36 290
26  92  63  78  -4   0  13 0.00  0.0    0 10.3 25 320   M    M   0        35 330
27  97  64  81  -1   0  16 0.00  0.0    0  6.3 20 330   M    M   0        24 330
28 106  64  85   3   0  20 0.00  0.0    0  6.7 21 320   M    M   0        27 310
================================================================================
SM 2637 1817         5 420    T      0.0 228.6          M       12
================================================================================
AV 94.2 64.9                               8.2 FASTST   M    M   0    MAX(MPH)
                                 MISC ---->  # 33 330               # 43  320
================================================================================
NOTES:
# LAST OF SEVERAL OCCURRENCES

COLUMN 17 PEAK WIND IN M.P.H.

PRELIMINARY LOCAL CLIMATOLOGICAL DATA (WS FORM: F-6) , PAGE 2

                                          STATION:  PALM SPRINGS INTL AIRPORT CA
                                          MONTH:    MAY
                                          YEAR:     2017
                                          LATITUDE:   33 49 N
                                          LONGITUDE: 116 30 W

[TEMPERATURE DATA]      [PRECIPITATION DATA]       SYMBOLS USED IN COLUMN 16

AVERAGE MONTHLY: 79.5   TOTAL FOR MONTH:      T    1 = FOG OR MIST
DPTR FM NORMAL:   0.8   DPTR FM NORMAL:   -0.13    2 = FOG REDUCING VISIBILITY
HIGHEST:   111 ON 23    GRTST 24HR    T  ON  7- 7      TO 1/4 MILE OR LESS
LOWEST:     53 ON  7                               3 = THUNDER
                        SNOW, ICE PELLETS, HAIL    4 = ICE PELLETS
                        TOTAL MONTH:   0.0 INCH    5 = HAIL
                        GRTST 24HR     0.0         6 = FREEZING RAIN OR DRIZZLE
                        GRTST DEPTH:   0           7 = DUSTSTORM OR SANDSTORM:
                                                       VSBY 1/2 MILE OR LESS
                                                   8 = SMOKE OR HAZE
[NO. OF DAYS WITH]      [WEATHER - DAYS WITH]      9 = BLOWING SNOW
                                                   X = TORNADO
MAX 32 OR BELOW:   0    0.01 INCH OR MORE:   0
MAX 90 OR ABOVE:  19    0.10 INCH OR MORE:   0
MIN 32 OR BELOW:   0    0.50 INCH OR MORE:   0
MIN  0 OR BELOW:   0    1.00 INCH OR MORE:   0

[HDD (BASE 65) ]
TOTAL THIS MO.     5    CLEAR  (SCALE 0-3)  27
DPTR FM NORMAL     5    PTCLDY (SCALE 4-7)   1
TOTAL FM JUL 1   684    CLOUDY (SCALE 8-10)  0
DPTR FM NORMAL  -188

[CDD (BASE 65) ]
TOTAL THIS MO.   420
DPTR FM NORMAL    34    [PRESSURE DATA]
TOTAL FM JAN 1  1060    HIGHEST SLP M ON M
DPTR FM NORMAL   354    LOWEST  SLP 29.73 ON  6

[REMARKS]
