000
CXUS56 KSGX 221445
CF6PSP
PRELIMINARY LOCAL CLIMATOLOGICAL DATA (WS FORM: F-6)

                                          STATION:   PALM SPRINGS INTL AIRPORT CA
                                          MONTH:     APRIL
                                          YEAR:      2014
                                          LATITUDE:   33 49 N
                                          LONGITUDE: 116 30 W

  TEMPERATURE IN F:       :PCPN:    SNOW:  WIND      :SUNSHINE: SKY     :PK WND
================================================================================
1   2   3   4   5  6A  6B    7    8   9   10  11  12  13   14  15   16   17  18
                                     12Z  AVG MX 2MIN
DY MAX MIN AVG DEP HDD CDD  WTR  SNW DPTH SPD SPD DIR MIN PSBL S-S WX    SPD DR
================================================================================

 1  73  53  63  -5   2   0 0.00  0.0    0  8.3 26 320   M    M   2        37 350
 2  70  53  62  -6   3   0    T  0.0    0  7.2 33 320   M    M   3        42 320
 3  77  47  62  -6   3   0 0.00  0.0    0  4.0 13  60   M    M   1        16 170
 4  77  56  67  -1   0   2 0.00  0.0    0  8.2 23 320   M    M   2        29 320
 5  80  50  65  -4   0   0 0.00  0.0    0  6.9 20 310   M    M   0        25 320
 6  88  55  72   3   0   7 0.00  0.0    0  7.0 25  10   M    M   0        31  10
 7  93  63  78   9   0  13 0.00  0.0    0  5.6 15 340   M    M   0        17 340
 8  97  67  82  13   0  17 0.00  0.0    0  7.0 14 110   M    M   1        19 100
 9  98  67  83  14   0  18 0.00  0.0    0  5.3 13 110   M    M   2        17 130
10  99  63  81  11   0  16 0.00  0.0    0  5.9 17 330   M    M   1        25  40
11  95  71  83  13   0  18 0.00  0.0    0  6.3 22 320   M    M   1        27 320
12  86  61  74   4   0   9 0.00  0.0    0  9.8 28 320   M    M   0        36 320
13  87  59  73   3   0   8 0.00  0.0    0  9.8 20 330   M    M   0 8      27 320
14  88  60  74   4   0   9 0.00  0.0    0  5.1 14 320   M    M   0        15 340
15  94  64  79   8   0  14 0.00  0.0    0  6.8 17 320   M    M   0        24 310
16  96  64  80   9   0  15 0.00  0.0    0  5.4 21 310   M    M   0        27 320
17  86  64  75   4   0  10 0.00  0.0    0  5.9 20 320   M    M   1        23 320
18  83  65  74   3   0   9    T  0.0    0  6.9 23 340   M    M   2        28 200
19  92  63  78   6   0  13 0.00  0.0    0  6.6 18 310   M    M   1        23 320
20  93  65  79   7   0  14 0.00  0.0    0  5.7 15 130   M    M   1        20  90
21  97  70  84  12   0  19 0.00  0.0    0  7.3 22 320   M    M   1        27 320
================================================================================
SM 1849 1280         8 211    T      0.0 141.0          M       19
================================================================================
AV 88.0 61.0                               6.7 FASTST   M    M   1    MAX(MPH)
                                 MISC ---->  # 33 320               # 42  320
================================================================================
NOTES:
# LAST OF SEVERAL OCCURRENCES

COLUMN 17 PEAK WIND IN M.P.H.

PRELIMINARY LOCAL CLIMATOLOGICAL DATA (WS FORM: F-6) , PAGE 2

                                          STATION:  PALM SPRINGS INTL AIRPORT CA
                                          MONTH:    APRIL
                                          YEAR:     2014
                                          LATITUDE:   33 49 N
                                          LONGITUDE: 116 30 W

[TEMPERATURE DATA]      [PRECIPITATION DATA]       SYMBOLS USED IN COLUMN 16

AVERAGE MONTHLY: 74.5   TOTAL FOR MONTH:      T    1 = FOG OR MIST
DPTR FM NORMAL:   4.6   DPTR FM NORMAL:   -0.08    2 = FOG REDUCING VISIBILITY
HIGHEST:    99 ON 10    GRTST 24HR    T  ON 18-18      TO 1/4 MILE OR LESS
LOWEST:     47 ON  3                               3 = THUNDER
                        SNOW, ICE PELLETS, HAIL    4 = ICE PELLETS
                        TOTAL MONTH:   0.0 INCH    5 = HAIL
                        GRTST 24HR     0.0         6 = FREEZING RAIN OR DRIZZLE
                        GRTST DEPTH:   0           7 = DUSTSTORM OR SANDSTORM:
                                                       VSBY 1/2 MILE OR LESS
                                                   8 = SMOKE OR HAZE
[NO. OF DAYS WITH]      [WEATHER - DAYS WITH]      9 = BLOWING SNOW
                                                   X = TORNADO
MAX 32 OR BELOW:   0    0.01 INCH OR MORE:   0
MAX 90 OR ABOVE:  10    0.10 INCH OR MORE:   0
MIN 32 OR BELOW:   0    0.50 INCH OR MORE:   0
MIN  0 OR BELOW:   0    1.00 INCH OR MORE:   0

[HDD (BASE 65) ]
TOTAL THIS MO.     8    CLEAR  (SCALE 0-3)  21
DPTR FM NORMAL    -9    PTCLDY (SCALE 4-7)   0
TOTAL FM JUL 1   431    CLOUDY (SCALE 8-10)  0
DPTR FM NORMAL  -437

[CDD (BASE 65) ]
TOTAL THIS MO.   211
DPTR FM NORMAL    90    [PRESSURE DATA]
TOTAL FM JAN 1   486    HIGHEST SLP M ON M
DPTR FM NORMAL   245    LOWEST  SLP 29.78 ON 16

[REMARKS]
