000
CXUS55 KPUB 211059
CF6PUB
PRELIMINARY LOCAL CLIMATOLOGICAL DATA (WS FORM: F-6)

                                          STATION:   PUEBLO CO
                                          MONTH:     AUGUST
                                          YEAR:      2017
                                          LATITUDE:   38 16 N
                                          LONGITUDE: 104 31 W

  TEMPERATURE IN F:       :PCPN:    SNOW:  WIND      :SUNSHINE: SKY     :PK WND
================================================================================
1   2   3   4   5  6A  6B    7    8   9   10  11  12  13   14  15   16   17  18
                                     12Z  AVG MX 2MIN
DY MAX MIN AVG DEP HDD CDD  WTR  SNW DPTH SPD SPD DIR MIN PSBL S-S WX    SPD DR
================================================================================

 1  88  57  73  -2   0   8 0.01  0.0    0  4.5 14  30   M    M   1        18  60
 2  90  57  74  -1   0   9 0.01  0.0    0  7.7 30 320   M    M   0 3      38 320
 3  78  61  70  -5   0   5    T  0.0    0  8.8 23 140   M    M   2        27  80
 4  87  60  74  -1   0   9    T  0.0    0  5.2 26  20   M    M   3 3      32  20
 5  91  59  75   0   0  10 0.00  0.0    0  8.1 33  30   M    M   1        40  30
 6  83  57  70  -5   0   5 0.04  0.0    0  7.0 22 180   M    M   4 13     25 170
 7  72  58  65 -10   0   0 0.07  0.0    0  5.2 15 110   M    M   7 1      18 110
 8  79  62  71  -4   0   6 0.12  0.0    0  6.2 15 270   M    M   7 3      18 110
 9  86  56  71  -3   0   6 0.01  0.0    0  5.7 23  20   M    M   3 3      28  20
10  89  58  74   0   0   9 0.00  0.0    0  8.1 30  30   M    M   4 13     40  30
11  74  60  67  -7   0   2 0.01  0.0    0  6.6 18 150   M    M   6 3      22 140
12  87  57  72  -2   0   7    T  0.0    0  6.8 28  10   M    M   3 13     37  10
13  89  59  74   0   0   9 0.00  0.0    0  5.0 23  40   M    M   0 3      31  40
14  94  57  76   2   0  11 0.07  0.0    0  5.9 32 130   M    M   2 13     39 130
15  92  60  76   2   0  11 0.00  0.0    0  9.8 30  20   M    M   0        38  10
16  84  60  72  -2   0   7 0.00  0.0    0  8.2 22 360   M    M   2        28 360
17  92  58  75   1   0  10    T  0.0    0  5.5 28  50   M    M   2 3      36  50
18  93  52  73   0   0   8 0.00  0.0    0  7.6 16 150   M    M   0        19 120
19  96  58  77   4   0  12 0.00  0.0    0  7.0 26 250   M    M   0        34 250
20  95  54  75   2   0  10    T  0.0    0  9.0 36 330   M    M   0 3      47 320
================================================================================
SM 1739 1160         0 154  0.34     0.0 137.9          M       47
================================================================================
AV 87.0 58.0                               6.9 FASTST   M    M   2    MAX(MPH)
                                 MISC ---->  # 36 330               # 47  320
================================================================================
NOTES:
# LAST OF SEVERAL OCCURRENCES

COLUMN 17 PEAK WIND IN M.P.H.

PRELIMINARY LOCAL CLIMATOLOGICAL DATA (WS FORM: F-6) , PAGE 2

                                          STATION:  PUEBLO CO
                                          MONTH:    AUGUST
                                          YEAR:     2017
                                          LATITUDE:   38 16 N
                                          LONGITUDE: 104 31 W

[TEMPERATURE DATA]      [PRECIPITATION DATA]       SYMBOLS USED IN COLUMN 16

AVERAGE MONTHLY: 72.5   TOTAL FOR MONTH:   0.34    1 = FOG OR MIST
DPTR FM NORMAL:  -1.8   DPTR FM NORMAL:   -1.29    2 = FOG REDUCING VISIBILITY
HIGHEST:    96 ON 19    GRTST 24HR  0.95 ON 31- 1      TO 1/4 MILE OR LESS
LOWEST:     52 ON 18                               3 = THUNDER
                        SNOW, ICE PELLETS, HAIL    4 = ICE PELLETS
                        TOTAL MONTH:   0.0 INCH    5 = HAIL
                        GRTST 24HR     0.0         6 = FREEZING RAIN OR DRIZZLE
                        GRTST DEPTH:   0           7 = DUSTSTORM OR SANDSTORM:
                                                       VSBY 1/2 MILE OR LESS
                                                   8 = SMOKE OR HAZE
[NO. OF DAYS WITH]      [WEATHER - DAYS WITH]      9 = BLOWING SNOW
                                                   X = TORNADO
MAX 32 OR BELOW:   0    0.01 INCH OR MORE:   8
MAX 90 OR ABOVE:   8    0.10 INCH OR MORE:   1
MIN 32 OR BELOW:   0    0.50 INCH OR MORE:   0
MIN  0 OR BELOW:   0    1.00 INCH OR MORE:   0

[HDD (BASE 65) ]
TOTAL THIS MO.     0    CLEAR  (SCALE 0-3)  15
DPTR FM NORMAL     0    PTCLDY (SCALE 4-7)   5
TOTAL FM JUL 1     0    CLOUDY (SCALE 8-10)  0
DPTR FM NORMAL    -1

[CDD (BASE 65) ]
TOTAL THIS MO.   154
DPTR FM NORMAL   -32    [PRESSURE DATA]
TOTAL FM JAN 1   799    HIGHEST SLP M ON M
DPTR FM NORMAL    68    LOWEST  SLP 29.79 ON 14

[REMARKS]
