000
CXUS56 KOTX 241500
CF6PUW
PRELIMINARY LOCAL CLIMATOLOGICAL DATA (WS FORM: F-6)

                                          STATION:   PULLMAN-MOSCOW  AIRPORT
                                          MONTH:     MAY
                                          YEAR:      2015
                                          LATITUDE:   46 44 N
                                          LONGITUDE: 117  7 W

  TEMPERATURE IN F:       :PCPN:    SNOW:  WIND      :SUNSHINE: SKY     :PK WND
================================================================================
1   2   3   4   5  6A  6B    7    8   9   10  11  12  13   14  15   16   17  18
                                     12Z  AVG MX 2MIN
DY MAX MIN AVG DEP HDD CDD  WTR  SNW DPTH SPD SPD DIR MIN PSBL S-S WX    SPD DR
================================================================================

 1  72  42  57   7   8   0 0.00    M    M  8.0 17 250   M    M   0        24 260
 2  65  33  49  -1  16   0 0.00    M    M  5.3 15 280   M    M   0        21 350
 3  70  29  50   0  15   0 0.00    M    M  2.7 12 330   M    M   0        16 340
 4  75  33  54   4  11   0 0.00    M    M  7.9 33 240   M    M   1        40 240
 5  59  38  49  -2  16   0 0.00    M    M 10.8 31 240   M    M   2        36 240
 6  59  31  45  -6  20   0 0.00    M    M  5.8 14 340   M    M   2        19 290
 7  68  33  51   0  14   0 0.00    M    M  5.9 18 340   M    M   2        28 300
 8  71  32  52   0  13   0 0.00    M    M  5.1 16  10   M    M   0        25  40
 9  71  32  52   0  13   0 0.00    M    M  4.1 14 360   M    M   0        20 340
10  72  36  54   2  11   0 0.00    M    M  4.4 16 120   M    M   0        22 120
11  71  42  57   5   8   0    T    M    M  3.5 14 280   M    M   4        18  80
12  64  48  56   4   9   0 0.39    M    M  5.9 18 120   M    M   7 13     23 280
13  53  40  47  -6  18   0 0.59    M    M  7.3 25 270   M    M   9 1      28 280
14  65  34  50  -3  15   0    T    M    M  3.5 15 350   M    M   1        18 310
15  60  43  52  -1  13   0 0.21    M    M  5.6 15 250   M    M   7 1      19 250
16  66  49  58   5   7   0 0.37    M    M 10.1 24  20   M    M   7 13     31 360
17  71  50  61   7   4   0 0.01    M    M  8.5 20 100   M    M   4        24  90
18  71  49  60   6   5   0 0.00    M    M  5.9 17  90   M    M   1        22  90
19  71  45  58   4   7   0 0.00    M    M  4.4 16  40   M    M   1        23  50
20  74  48  61   7   4   0 0.00    M    M  5.6 17  90   M    M   0        21  90
21  75  47  61   7   4   0 0.05    M    M  3.6 13 100   M    M   2 3      15  90
22  75  49  62   8   3   0 0.03    M    M  3.0 10 290   M    M   1 3       M  M
23  70  48  59   4   6   0 0.17    M    M  6.5 16 270   M    M   4 3       M  M
================================================================================
SM 1568  931       240   0  1.82    M    133.4          M       55
================================================================================
AV 68.2 40.5                               5.8 FASTST   M    M   2    MAX(MPH)
                                 MISC ---->  # 33 240               # 40  240
================================================================================
NOTES:
# LAST OF SEVERAL OCCURRENCES

COLUMN 17 PEAK WIND IN M.P.H.

PRELIMINARY LOCAL CLIMATOLOGICAL DATA (WS FORM: F-6) , PAGE 2

                                          STATION:  PULLMAN-MOSCOW  AIRPORT
                                          MONTH:    MAY
                                          YEAR:     2015
                                          LATITUDE:   46 44 N
                                          LONGITUDE: 117  7 W

[TEMPERATURE DATA]      [PRECIPITATION DATA]       SYMBOLS USED IN COLUMN 16

AVERAGE MONTHLY: 54.3   TOTAL FOR MONTH:   1.82    1 = FOG OR MIST
DPTR FM NORMAL:   2.0   DPTR FM NORMAL:    0.60    2 = FOG REDUCING VISIBILITY
HIGHEST:    75 ON 22,21 GRTST 24HR  0.97 ON 12-13      TO 1/4 MILE OR LESS
LOWEST:     29 ON  3                               3 = THUNDER
                        SNOW, ICE PELLETS, HAIL    4 = ICE PELLETS
                        TOTAL MONTH:    M          5 = HAIL
                        GRTST 24HR    M  ON   M    6 = FREEZING RAIN OR DRIZZLE
                        GRTST DEPTH:  M  ON   M    7 = DUSTSTORM OR SANDSTORM:
                                                       VSBY 1/2 MILE OR LESS
                                                   8 = SMOKE OR HAZE
[NO. OF DAYS WITH]      [WEATHER - DAYS WITH]      9 = BLOWING SNOW
                                                   X = TORNADO
MAX 32 OR BELOW:   0    0.01 INCH OR MORE:   8
MAX 90 OR ABOVE:   0    0.10 INCH OR MORE:   5
MIN 32 OR BELOW:   4    0.50 INCH OR MORE:   1
MIN  0 OR BELOW:   0    1.00 INCH OR MORE:   0

[HDD (BASE 65) ]
TOTAL THIS MO.   240    CLEAR  (SCALE 0-3)  16
DPTR FM NORMAL   -54    PTCLDY (SCALE 4-7)   6
TOTAL FM JUL 1  5241    CLOUDY (SCALE 8-10)  1
DPTR FM NORMAL -1080

[CDD (BASE 65) ]
TOTAL THIS MO.     0
DPTR FM NORMAL     0    [PRESSURE DATA]
TOTAL FM JAN 1     0    HIGHEST SLP M ON M
DPTR FM NORMAL     0    LOWEST  SLP  0.00 ON M

[REMARKS]
