000
CXUS56 KOTX 231500
CF6PUW
PRELIMINARY LOCAL CLIMATOLOGICAL DATA (WS FORM: F-6)

                                          STATION:   PULLMAN-MOSCOW  AIRPORT
                                          MONTH:     OCTOBER
                                          YEAR:      2014
                                          LATITUDE:   46 44 N
                                          LONGITUDE: 117  7 W

  TEMPERATURE IN F:       :PCPN:    SNOW:  WIND      :SUNSHINE: SKY     :PK WND
================================================================================
1   2   3   4   5  6A  6B    7    8   9   10  11  12  13   14  15   16   17  18
                                     12Z  AVG MX 2MIN
DY MAX MIN AVG DEP HDD CDD  WTR  SNW DPTH SPD SPD DIR MIN PSBL S-S WX    SPD DR
================================================================================

 1  61  39  50  -3  15   0 0.00    M    M  7.1 20 260   M    M   0        26 270
 2  62  33  48  -4  17   0 0.00    M    M  3.1 12 290   M    M   0        15 290
 3  68  35  52   0  13   0 0.00    M    M  6.3 20 100   M    M   0        22  90
 4  74  47  61   9   4   0 0.00    M    M  4.9 13 250   M    M   2        16 270
 5  75  43  59   8   6   0 0.00    M    M  3.5 13 250   M    M   0        16 230
 6  79  49  64  13   1   0 0.00    M    M  5.4 16 250   M    M   0 8      20 250
 7  81  48  65  14   0   0 0.00    M    M  4.7 14 240   M    M   0        17 240
 8  73  41  57   7   8   0 0.00    M    M  2.7 15 240   M    M   0        20 230
 9  71  36  54   4  11   0 0.00    M    M  1.5  8 270   M    M   0 8      17 260
10  72  37  55   5  10   0 0.00    M    M  3.1 13 230   M    M   0 8      18 230
11  63  48  56   7   9   0 0.18    M    M 15.3 26 240   M    M   7 38     35 230
12  60  42  51   2  14   0 0.00    M    M  8.0 20 260   M    M   1        27 270
13  71  47  59  11   6   0 0.00    M    M 12.5 22 140   M    M   1        28 140
14  62  49  56   8   9   0 0.00    M    M  5.2 16 260   M    M   3 8      19 270
15  54  41  48   0  17   0 0.16    M    M  8.4 26 230   M    M   7 13     37 230
16  58  39  49   2  16   0 0.00    M    M  9.1 15  90   M    M   1        19 150
17  66  45  56   9   9   0 0.00    M    M 10.2 22 100   M    M   2        25 100
18  69  47  58  11   7   0    T    M    M  4.3 13 230   M    M   7 8      17  90
19  75  49  62  16   3   0 0.00    M    M 12.1 21 100   M    M   0        24 100
20  73  48  61  15   4   0 0.00    M    M 10.2 25 280   M    M   2 8      31 270
21  58  39  49   3  16   0    T    M    M  8.5 24 230   M    M   5        30 240
22  62  42  52   7  13   0 0.10    M    M 13.4 20 130   M    M   7        25 140
================================================================================
SM 1487  944       208   0  0.44    M    159.5          M       45
================================================================================
AV 67.6 42.9                               7.2 FASTST   M    M   2    MAX(MPH)
                                 MISC ---->  # 26 240               # 37  230
================================================================================
NOTES:
# LAST OF SEVERAL OCCURRENCES

COLUMN 17 PEAK WIND IN M.P.H.

PRELIMINARY LOCAL CLIMATOLOGICAL DATA (WS FORM: F-6) , PAGE 2

                                          STATION:  PULLMAN-MOSCOW  AIRPORT
                                          MONTH:    OCTOBER
                                          YEAR:     2014
                                          LATITUDE:   46 44 N
                                          LONGITUDE: 117  7 W

[TEMPERATURE DATA]      [PRECIPITATION DATA]       SYMBOLS USED IN COLUMN 16

AVERAGE MONTHLY: 55.2   TOTAL FOR MONTH:   0.44    1 = FOG OR MIST
DPTR FM NORMAL:   6.2   DPTR FM NORMAL:   -0.43    2 = FOG REDUCING VISIBILITY
HIGHEST:    81 ON  7    GRTST 24HR  0.18 ON 11-11      TO 1/4 MILE OR LESS
LOWEST:     33 ON  2                               3 = THUNDER
                        SNOW, ICE PELLETS, HAIL    4 = ICE PELLETS
                        TOTAL MONTH:    M          5 = HAIL
                        GRTST 24HR    M  ON   M    6 = FREEZING RAIN OR DRIZZLE
                        GRTST DEPTH:  M  ON   M    7 = DUSTSTORM OR SANDSTORM:
                                                       VSBY 1/2 MILE OR LESS
                                                   8 = SMOKE OR HAZE
[NO. OF DAYS WITH]      [WEATHER - DAYS WITH]      9 = BLOWING SNOW
                                                   X = TORNADO
MAX 32 OR BELOW:   0    0.01 INCH OR MORE:   3
MAX 90 OR ABOVE:   0    0.10 INCH OR MORE:   3
MIN 32 OR BELOW:   0    0.50 INCH OR MORE:   0
MIN  0 OR BELOW:   0    1.00 INCH OR MORE:   0

[HDD (BASE 65) ]
TOTAL THIS MO.   208    CLEAR  (SCALE 0-3)  17
DPTR FM NORMAL  -145    PTCLDY (SCALE 4-7)   5
TOTAL FM JUL 1   361    CLOUDY (SCALE 8-10)  0
DPTR FM NORMAL  -353

[CDD (BASE 65) ]
TOTAL THIS MO.     0
DPTR FM NORMAL     0    [PRESSURE DATA]
TOTAL FM JAN 1   346    HIGHEST SLP M ON M
DPTR FM NORMAL   134    LOWEST  SLP  0.00 ON M

[REMARKS]
