000
CXUS51 KGYX 290900
CF6PWM
PRELIMINARY LOCAL CLIMATOLOGICAL DATA (WS FORM: F-6)

                                          STATION:   PORTLAND ME
                                          MONTH:     JULY
                                          YEAR:      2017
                                          LATITUDE:   43 39 N
                                          LONGITUDE:  70 19 W

  TEMPERATURE IN F:       :PCPN:    SNOW:  WIND      :SUNSHINE: SKY     :PK WND
================================================================================
1   2   3   4   5  6A  6B    7    8   9   10  11  12  13   14  15   16   17  18
                                     12Z  AVG MX 2MIN
DY MAX MIN AVG DEP HDD CDD  WTR  SNW DPTH SPD SPD DIR MIN PSBL S-S WX    SPD DR
================================================================================

 1  79  64  72   4   0   7 0.00  0.0    0  7.7 23 180   M    M   8 12     33 180
 2  87  65  76   8   0  11    T  0.0    0  9.0 21 280   M    M   3 1      29 290
 3  84  61  73   5   0   8 0.00  0.0    0  9.4 18 280   M    M   3        26 280
 4  82  57  70   2   0   5 0.00  0.0    0  6.9 17 320   M    M   3        24 310
 5  82  54  68   0   0   3 0.00  0.0    0  6.0 17 190   M    M   1        22 200
 6  74  59  67  -1   0   2 0.00  0.0    0  8.4 20 180   M    M   3        29 180
 7  73  58  66  -3   0   1 0.01  0.0    0  5.3 14 210   M    M   4        19 200
 8  76  56  66  -3   0   1 0.18  0.0    0  7.2 21 250   M    M   4 38     28 250
 9  82  59  71   2   0   6 0.00  0.0    0  6.5 16 260   M    M   2        27 250
10  82  59  71   2   0   6 0.00  0.0    0  6.3 16 180   M    M   6        23 190
11  78  63  71   2   0   6 0.01  0.0    0  5.7 14 200   M    M   7 1      17 170
12  83  64  74   5   0   9    T  0.0    0  6.0 15 110   M    M   5 1      20 140
13  67  58  63  -6   2   0 0.04  0.0    0  6.2 15  40   M    M   9 1      20  40
14  68  55  62  -7   3   0    T  0.0    0  3.7 10 110   M    M   9        14 110
15  73  60  67  -2   0   2    T  0.0    0  4.5 13 150   M    M   8        15 150
16  82  58  70   1   0   5 0.00  0.0    0  5.3 17 180   M    M   1 1      23 180
17  78  62  70   0   0   5 0.00  0.0    0  6.3 14  90   M    M   6 1      20 150
18  78  66  72   2   0   7 0.57  0.0    0  5.1 13  80   M    M   9 128    19  90
19  80  67  74   4   0   9 0.00  0.0    0  4.8 14 190   M    M   5 12     20 180
20  88  66  77   7   0  12 0.00  0.0    0  4.9 17 190   M    M   5 1      22 200
21  87  65  76   6   0  11 0.00  0.0    0  7.3 16 260   M    M   3        25 170
22  86  66  76   6   0  11 0.00  0.0    0  4.7 14 260   M    M   7        18 260
23  72  59  66  -4   0   1 0.00  0.0    0  7.7 14  40   M    M   6        19 170
24  63  55  59 -11   6   0 0.24  0.0    0  7.4 18  90   M    M   9 1      28  70
25  73  55  64  -6   1   0    T  0.0    0  6.5 15 360   M    M   6        21  10
26  80  56  68  -2   0   3 0.00  0.0    0  6.2 14 160   M    M   1        17 150
27  75  62  69  -1   0   4    T  0.0    0  6.9 16 240   M    M   6        20 260
28  84  60  72   2   0   7 0.00  0.0    0  5.5 15 190   M    M   5 1      19 180
================================================================================
SM 2196 1689        12 142  1.05     0.0 177.4          M      144
================================================================================
AV 78.4 60.3                               6.3 FASTST   M    M   5    MAX(MPH)
                                 MISC ---->  # 23 180               # 33  180
================================================================================
NOTES:
# LAST OF SEVERAL OCCURRENCES

COLUMN 17 PEAK WIND IN M.P.H.

PRELIMINARY LOCAL CLIMATOLOGICAL DATA (WS FORM: F-6) , PAGE 2

                                          STATION:  PORTLAND ME
                                          MONTH:    JULY
                                          YEAR:     2017
                                          LATITUDE:   43 39 N
                                          LONGITUDE:  70 19 W

[TEMPERATURE DATA]      [PRECIPITATION DATA]       SYMBOLS USED IN COLUMN 16

AVERAGE MONTHLY: 69.4   TOTAL FOR MONTH:   1.05    1 = FOG OR MIST
DPTR FM NORMAL:   0.2   DPTR FM NORMAL:   -2.22    2 = FOG REDUCING VISIBILITY
HIGHEST:    88 ON 20    GRTST 24HR  0.57 ON 18-18      TO 1/4 MILE OR LESS
LOWEST:     54 ON  5                               3 = THUNDER
                        SNOW, ICE PELLETS, HAIL    4 = ICE PELLETS
                        TOTAL MONTH:   0.0 INCH    5 = HAIL
                        GRTST 24HR     0.0         6 = FREEZING RAIN OR DRIZZLE
                        GRTST DEPTH:   0           7 = DUSTSTORM OR SANDSTORM:
                                                       VSBY 1/2 MILE OR LESS
                                                   8 = SMOKE OR HAZE
[NO. OF DAYS WITH]      [WEATHER - DAYS WITH]      9 = BLOWING SNOW
                                                   X = TORNADO
MAX 32 OR BELOW:   0    0.01 INCH OR MORE:   6
MAX 90 OR ABOVE:   0    0.10 INCH OR MORE:   3
MIN 32 OR BELOW:   0    0.50 INCH OR MORE:   1
MIN  0 OR BELOW:   0    1.00 INCH OR MORE:   0

[HDD (BASE 65) ]
TOTAL THIS MO.    12    CLEAR  (SCALE 0-3)   9
DPTR FM NORMAL     0    PTCLDY (SCALE 4-7)  15
TOTAL FM JUL 1    12    CLOUDY (SCALE 8-10)  4
DPTR FM NORMAL     0

[CDD (BASE 65) ]
TOTAL THIS MO.   142
DPTR FM NORMAL    12    [PRESSURE DATA]
TOTAL FM JAN 1   251    HIGHEST SLP M ON M
DPTR FM NORMAL    57    LOWEST  SLP 29.65 ON  8

[REMARKS]
