000
CXUS51 KGYX 281000
CF6PWM
PRELIMINARY LOCAL CLIMATOLOGICAL DATA (WS FORM: F-6)

                                          STATION:   PORTLAND ME
                                          MONTH:     FEBRUARY
                                          YEAR:      2017
                                          LATITUDE:   43 39 N
                                          LONGITUDE:  70 19 W

  TEMPERATURE IN F:       :PCPN:    SNOW:  WIND      :SUNSHINE: SKY     :PK WND
================================================================================
1   2   3   4   5  6A  6B    7    8   9   10  11  12  13   14  15   16   17  18
                                     12Z  AVG MX 2MIN
DY MAX MIN AVG DEP HDD CDD  WTR  SNW DPTH SPD SPD DIR MIN PSBL S-S WX    SPD DR
================================================================================

 1  34  20  27   4  38   0 0.03  0.4    T  4.9 13 280   M    M   7 18     16 270
 2  38  21  30   7  35   0    T    T    T  7.8 25 280   M    M   3        34 280
 3  33  15  24   1  41   0 0.00  0.0    T  7.9 18 260   M    M   4        26 230
 4  30  14  22  -1  43   0 0.00  0.0    T  9.4 22 280   M    M   3        31 270
 5  39  22  31   8  34   0 0.00  0.0    T  7.8 18 220   M    M   7        24 230
 6  33  23  28   4  37   0 0.00  0.0    0 11.3 25 290   M    M   6        37 300
 7  25  16  21  -3  44   0 0.57  4.1    1 10.8 17  30   M    M  10 18     22  40
 8  50  15  33   9  32   0 0.13  0.2    4  7.7 29 300   M    M   9 146    36 290
 9  32  10  21  -3  44   0 0.43  7.7    2 15.6 31 320   M    M   9 1289   39 340
10  14   3   9 -15  56   0    T    T    7  8.8 29 320   M    M   4 89     38 310
11  15   7  11 -14  54   0 0.21  6.0    9 11.1 18 360   M    M  10 1      24 360
12  23  15  19  -6  46   0 1.13  9.4    9 10.4 17  50   M    M  10 128    27  50
13  27  20  24  -1  41   0 0.44  6.7   20 19.4 30 320   M    M   9 19     42 340
14  30  10  20  -5  45   0 0.00  0.0   18  3.6 14 320   M    M   3 8      18 320
15  39  16  28   2  37   0 0.92  1.7   16  7.6 24  80   M    M   9 1      33  90
16  35  22  29   3  36   0 0.27  3.7   16  9.5 20  20   M    M   7 18     32  20
17  38  12  25  -1  40   0 0.00  0.0   15  7.6 17 310   M    M   1        23 330
18  41  15  28   2  37   0 0.00  0.0   15  5.6 14 180   M    M   4        24 180
19  55  28  42  16  23   0 0.00  0.0    M  6.3 18 320   M    M   4        25 320
20  42  25  34   7  31   0 0.00  0.0   10 12.1 21 350   M    M   3        32 350
21  37  15  26  -1  39   0 0.00  0.0   10  5.2 13 160   M    M   2        15 140
22  49  28  39  12  26   0 0.00  0.0    9  2.7  7 170   M    M   5         M  M
23  51  26  39  12  26   0 0.00  0.0    8  4.1 13 150   M    M   2 18     18 180
24  53  37  45  17  20   0 0.03  0.0    7  3.5  9 150   M    M   4 18     13 220
25  50  35  43  15  22   0 0.25  0.0    4  6.2 16 260   M    M   9 12     23 160
26  46  25  36   8  29   0 0.14  0.0    2 12.1 26 300   M    M   2        34 310
27  52  25  39  11  26   0 0.00  0.0    2  9.5 24 270   M    M   1        33 270
================================================================================
SM 1011  520       982   0  4.55    39.9 228.5          M      147
================================================================================
AV 37.4 19.3                               8.5 FASTST   M    M   5    MAX(MPH)
                                 MISC ---->  # 31 320               # 42  340
================================================================================
NOTES:
# LAST OF SEVERAL OCCURRENCES

COLUMN 17 PEAK WIND IN M.P.H.

PRELIMINARY LOCAL CLIMATOLOGICAL DATA (WS FORM: F-6) , PAGE 2

                                          STATION:  PORTLAND ME
                                          MONTH:    FEBRUARY
                                          YEAR:     2017
                                          LATITUDE:   43 39 N
                                          LONGITUDE:  70 19 W

[TEMPERATURE DATA]      [PRECIPITATION DATA]       SYMBOLS USED IN COLUMN 16

AVERAGE MONTHLY: 28.4   TOTAL FOR MONTH:   4.55    1 = FOG OR MIST
DPTR FM NORMAL:   3.0   DPTR FM NORMAL:    1.43    2 = FOG REDUCING VISIBILITY
HIGHEST:    55 ON 19    GRTST 24HR  1.13 ON 12-12      TO 1/4 MILE OR LESS
LOWEST:      3 ON 10                               3 = THUNDER
                        SNOW, ICE PELLETS, HAIL    4 = ICE PELLETS
                        TOTAL MONTH:  39.9 INCHES  5 = HAIL
                        GRTST 24HR   9.4 ON 12-12  6 = FREEZING RAIN OR DRIZZLE
                        GRTST DEPTH:  20 ON 13     7 = DUSTSTORM OR SANDSTORM:
                                                       VSBY 1/2 MILE OR LESS
                                                   8 = SMOKE OR HAZE
[NO. OF DAYS WITH]      [WEATHER - DAYS WITH]      9 = BLOWING SNOW
                                                   X = TORNADO
MAX 32 OR BELOW:   8    0.01 INCH OR MORE:  12
MAX 90 OR ABOVE:   0    0.10 INCH OR MORE:  10
MIN 32 OR BELOW:  25    0.50 INCH OR MORE:   3
MIN  0 OR BELOW:   0    1.00 INCH OR MORE:   1

[HDD (BASE 65) ]
TOTAL THIS MO.   982    CLEAR  (SCALE 0-3)   8
DPTR FM NORMAL   -89    PTCLDY (SCALE 4-7)  11
TOTAL FM JUL 1  4452    CLOUDY (SCALE 8-10)  8
DPTR FM NORMAL  -555

[CDD (BASE 65) ]
TOTAL THIS MO.     0
DPTR FM NORMAL     0    [PRESSURE DATA]
TOTAL FM JAN 1     0    HIGHEST SLP M ON M
DPTR FM NORMAL     0    LOWEST  SLP 29.26 ON 15

[REMARKS]
