000
CXUS56 KMFR 301000
CF6RBG
PRELIMINARY LOCAL CLIMATOLOGICAL DATA (WS FORM: F-6)

                                          STATION:   ROSEBURG OR
                                          MONTH:     JULY
                                          YEAR:      2015
                                          LATITUDE:   43 13 N
                                          LONGITUDE: 123 22 W

  TEMPERATURE IN F:       :PCPN:    SNOW:  WIND      :SUNSHINE: SKY     :PK WND
================================================================================
1   2   3   4   5  6A  6B    7    8   9   10  11  12  13   14  15   16   17  18
                                     12Z  AVG MX 2MIN
DY MAX MIN AVG DEP HDD CDD  WTR  SNW DPTH SPD SPD DIR MIN PSBL S-S WX    SPD DR
================================================================================

 1 101  64  83  15   0  18 0.00    M    M  5.2 16  20   M    M   0        21  30
 2 103  67  85  17   0  20 0.00    M    M  5.5 17  10   M    M   0        22  30
 3 101  66  84  16   0  19 0.00    M    M  5.2 17 320   M    M   0        26 340
 4  96  66  81  13   0  16 0.00    M    M  3.3 15  10   M    M   0        19  10
 5  94  66  80  12   0  15 0.00    M    M  3.2 14 350   M    M   0        19 310
 6  94  64  79  10   0  14 0.00    M    M  6.9 17 320   M    M   0        23  10
 7  94  59  77   8   0  12 0.00    M    M  6.2 17  10   M    M   0        23 330
 8  95  60  78   9   0  13 0.00    M    M  6.1 16 330   M    M   0        25 290
 9  85  62  74   5   0   9    T    M    M  7.5 16  10   M    M   1        37 330
10  81  61  71   1   0   6 0.00  0.0    0  5.9 13 360   M    M   8        19  40
11  75  63  69  -1   0   4 0.00    M    M  4.9 13  20   M    M   8        17 330
12  84  62  73   3   0   8 0.01    M    M  3.8 15 300   M    M   5         M  M
13  85  60  73   3   0   8 0.00    M    M  3.5 16 320   M    M   5        23 330
14  87  59  73   3   0   8 0.00    M    M  6.4 17  20   M    M   1        23 280
15  89  55  72   2   0   7 0.00    M    M  6.9 15 350   M    M   0        25 350
16  84  61  73   2   0   8 0.00    M    M 10.5 22 360   M    M   0        29 360
17  87  61  74   3   0   9 0.00    M    M 11.1 21  10   M    M   0        30  10
18 102  58  80   9   0  15 0.00    M    M  4.1 16 360   M    M   0        23 330
19  98  61  80   9   0  15 0.00    M    M  4.5 14 320   M    M   0        17 290
20  96  61  79   8   0  14 0.00    M    M  4.9 16  10   M    M   0        25  10
21  84  62  73   2   0   8 0.00    M    M  9.1 17 330   M    M   0        43 330
22  83  57  70  -1   0   5 0.00    M    M  6.3 18  10   M    M   0        25  10
23  86  57  72   1   0   7 0.00    M    M  3.2 15 310   M    M   0        21 320
24  89  55  72   0   0   7 0.00    M    M  3.5 14 310   M    M   0        19 330
25  80  58  69  -3   0   4 0.00    M    M  5.3 16 360   M    M   4        21 360
26  79  60  70  -2   0   5 0.00    M    M  6.1 15 360   M    M   4        23 330
27  82  62  72   0   0   7 0.00    M    M  8.6 20  10   M    M   3        24  10
28  90  56  73   1   0   8 0.00    M    M  7.0 20 360   M    M   0        25  10
29 103  60  82  10   0  17 0.00    M    M  3.7 16  10   M    M   0 8      20 350
================================================================================
SM 2607 1763         0 306  0.01     0.0 168.4          M       39
================================================================================
AV 89.9 60.8                               5.8 FASTST   M    M   1    MAX(MPH)
                                 MISC ---->  # 22 360                99999  M
================================================================================
NOTES:
# LAST OF SEVERAL OCCURRENCES

COLUMN 17 PEAK WIND IN M.P.H.

PRELIMINARY LOCAL CLIMATOLOGICAL DATA (WS FORM: F-6) , PAGE 2

                                          STATION:  ROSEBURG OR
                                          MONTH:    JULY
                                          YEAR:     2015
                                          LATITUDE:   43 13 N
                                          LONGITUDE: 123 22 W

[TEMPERATURE DATA]      [PRECIPITATION DATA]       SYMBOLS USED IN COLUMN 16

AVERAGE MONTHLY: 75.3   TOTAL FOR MONTH:   0.01    1 = FOG OR MIST
DPTR FM NORMAL:   5.1   DPTR FM NORMAL:   -0.39    2 = FOG REDUCING VISIBILITY
HIGHEST:   103 ON 29, 2 GRTST 24HR  0.01 ON 12-12      TO 1/4 MILE OR LESS
LOWEST:     55 ON 24,15                            3 = THUNDER
                        SNOW, ICE PELLETS, HAIL    4 = ICE PELLETS
                        TOTAL MONTH:   0.0 INCH    5 = HAIL
                        GRTST 24HR     0.0         6 = FREEZING RAIN OR DRIZZLE
                        GRTST DEPTH:   0           7 = DUSTSTORM OR SANDSTORM:
                                                       VSBY 1/2 MILE OR LESS
                                                   8 = SMOKE OR HAZE
[NO. OF DAYS WITH]      [WEATHER - DAYS WITH]      9 = BLOWING SNOW
                                                   X = TORNADO
MAX 32 OR BELOW:   0    0.01 INCH OR MORE:   1
MAX 90 OR ABOVE:  13    0.10 INCH OR MORE:   0
MIN 32 OR BELOW:   0    0.50 INCH OR MORE:   0
MIN  0 OR BELOW:   0    1.00 INCH OR MORE:   0

[HDD (BASE 65) ]
TOTAL THIS MO.     0    CLEAR  (SCALE 0-3)  22
DPTR FM NORMAL    -8    PTCLDY (SCALE 4-7)   6
TOTAL FM JUL 1     0    CLOUDY (SCALE 8-10)  1
DPTR FM NORMAL    -8

[CDD (BASE 65) ]
TOTAL THIS MO.   306
DPTR FM NORMAL   144    [PRESSURE DATA]
TOTAL FM JAN 1   567    HIGHEST SLP M ON M
DPTR FM NORMAL   335    LOWEST  SLP  0.00 ON M

[REMARKS]
