000
CXUS56 KMFR 281000
CF6RBG
PRELIMINARY LOCAL CLIMATOLOGICAL DATA (WS FORM: F-6)

                                          STATION:   ROSEBURG OR
                                          MONTH:     MARCH
                                          YEAR:      2017
                                          LATITUDE:   43 13 N
                                          LONGITUDE: 123 22 W

  TEMPERATURE IN F:       :PCPN:    SNOW:  WIND      :SUNSHINE: SKY     :PK WND
================================================================================
1   2   3   4   5  6A  6B    7    8   9   10  11  12  13   14  15   16   17  18
                                     12Z  AVG MX 2MIN
DY MAX MIN AVG DEP HDD CDD  WTR  SNW DPTH SPD SPD DIR MIN PSBL S-S WX    SPD DR
================================================================================

 1  56  34  45  -2  20   0 0.00    M    M  1.1  7 360   M    M   4 12     10 360
 2  50  36  43  -4  22   0 0.00    M    M  1.7  7 140   M    M   8 1      10 130
 3  49  37  43  -4  22   0 0.25    M    M  1.8  7 150   M    M   9 1      10 140
 4  51  36  44  -3  21   0 0.29    M    M  3.2 15 230   M    M   9 1      24 230
 5  43  32  38 -10  27   0 0.38    M    M  4.9 15 180   M    M   6 1      24 170
 6  45  33  39  -9  26   0 0.30    M    M  2.4 10 220   M    M  10 1      16 250
 7  53  41  47  -1  18   0 0.33    M    M  4.2 17 170   M    M   9 1      27 180
 8  61  49  55   7  10   0 0.11    M    M  2.8 12 220   M    M  10 1      21 220
 9  64  51  58  10   7   0 0.13    M    M  2.0  9 160   M    M   8 1      15 150
10  68  45  57   9   8   0 0.00    M    M  1.2  9 360   M    M   1        12  10
11  62  44  53   5  12   0 0.01    M    M  2.7 16 240   M    M   5        22 230
12  68  42  55   7  10   0 0.00    M    M  0.9  8  10   M    M   4 12      9  10
13  69  48  59  11   6   0    T    M    M  2.3 12 360   M    M   8        14 350
14  64  48  56   8   9   0 0.00    M    M  1.3 10  10   M    M   1 1      13  10
15  58  48  53   5  12   0 0.18    M    M  2.3 16 300   M    M   8 1      23 290
16  57  40  49   0  16   0 0.01    M    M  1.9 10  10   M    M   6 1      12 360
17  66  38  52   3  13   0 0.02    M    M  3.1 15 150   M    M   4 1      20 170
18  64  45  55   6  10   0 0.42    M    M  5.9 13  10   M    M   9 1      17 180
19  59  41  50   1  15   0 0.02    M    M  3.7  9 350   M    M   9        12 340
20  53  47  50   1  15   0 0.18    M    M  1.7 10 360   M    M  10 1      11 360
21  64  49  57   8   8   0 0.26    M    M  4.7 17 150   M    M   6 1      25 170
22  55  43  49   0  16   0 0.08    M    M  3.8 12 320   M    M   9 1      16 300
23  59  37  48  -1  17   0 0.26    M    M  3.6 16 170   M    M   7 12     22 190
24  54  45  50   1  15   0 0.61    M    M  3.2 13 160   M    M   9 1      21 160
25  56  43  50   1  15   0 0.07    M    M  2.0 10 260   M    M   8 1      13 230
26  56  43  50   0  15   0 0.36    M    M  3.3 14 250   M    M  10 1      21 250
27  56  44  50   0  15   0 0.10    M    M  3.7 20 280   M    M   9 1      31 270
================================================================================
SM 1560 1139       400   0  4.37    M     75.4          M      196
================================================================================
AV 57.8 42.2                               2.8 FASTST   M    M   7    MAX(MPH)
                                 MISC ---->  # 20 280               # 31  270
================================================================================
NOTES:
# LAST OF SEVERAL OCCURRENCES

COLUMN 17 PEAK WIND IN M.P.H.

PRELIMINARY LOCAL CLIMATOLOGICAL DATA (WS FORM: F-6) , PAGE 2

                                          STATION:  ROSEBURG OR
                                          MONTH:    MARCH
                                          YEAR:     2017
                                          LATITUDE:   43 13 N
                                          LONGITUDE: 123 22 W

[TEMPERATURE DATA]      [PRECIPITATION DATA]       SYMBOLS USED IN COLUMN 16

AVERAGE MONTHLY: 50.0   TOTAL FOR MONTH:   4.37    1 = FOG OR MIST
DPTR FM NORMAL:   1.6   DPTR FM NORMAL:    1.37    2 = FOG REDUCING VISIBILITY
HIGHEST:    69 ON 13    GRTST 24HR  0.61 ON 24-24      TO 1/4 MILE OR LESS
LOWEST:     32 ON  5                               3 = THUNDER
                        SNOW, ICE PELLETS, HAIL    4 = ICE PELLETS
                        TOTAL MONTH:    M          5 = HAIL
                        GRTST 24HR    M  ON   M    6 = FREEZING RAIN OR DRIZZLE
                        GRTST DEPTH:  M  ON   M    7 = DUSTSTORM OR SANDSTORM:
                                                       VSBY 1/2 MILE OR LESS
                                                   8 = SMOKE OR HAZE
[NO. OF DAYS WITH]      [WEATHER - DAYS WITH]      9 = BLOWING SNOW
                                                   X = TORNADO
MAX 32 OR BELOW:   0    0.01 INCH OR MORE:  21
MAX 90 OR ABOVE:   0    0.10 INCH OR MORE:  15
MIN 32 OR BELOW:   1    0.50 INCH OR MORE:   1
MIN  0 OR BELOW:   0    1.00 INCH OR MORE:   0

[HDD (BASE 65) ]
TOTAL THIS MO.   400    CLEAR  (SCALE 0-3)   2
DPTR FM NORMAL   -50    PTCLDY (SCALE 4-7)  12
TOTAL FM JUL 1  3116    CLOUDY (SCALE 8-10) 13
DPTR FM NORMAL  -203

[CDD (BASE 65) ]
TOTAL THIS MO.     0
DPTR FM NORMAL     0    [PRESSURE DATA]
TOTAL FM JAN 1     0    HIGHEST SLP M ON M
DPTR FM NORMAL     0    LOWEST  SLP  0.00 ON  4

[REMARKS]
