000
CXUS56 KPDT 261832
CF6RDM
PRELIMINARY LOCAL CLIMATOLOGICAL DATA (WS FORM: F-6)

                                          STATION:   REDMOND OR
                                          MONTH:     JULY
                                          YEAR:      2017
                                          LATITUDE:   44 16 N
                                          LONGITUDE: 121  9 W

  TEMPERATURE IN F:       :PCPN:    SNOW:  WIND      :SUNSHINE: SKY     :PK WND
================================================================================
1   2   3   4   5  6A  6B    7    8   9   10  11  12  13   14  15   16   17  18
                                     12Z  AVG MX 2MIN
DY MAX MIN AVG DEP HDD CDD  WTR  SNW DPTH SPD SPD DIR MIN PSBL S-S WX    SPD DR
================================================================================

 1  87  52  70   7   0   5 0.00  0.0    0  8.1 18 350   M    M   0        23 350
 2  90  46  68   5   0   3 0.00  0.0    0  6.3 17 340   M    M   0        22 350
 3  89  44  67   4   0   2 0.00  0.0    0  5.4 14 340   M    M   0        20 360
 4  95  51  73   9   0   8 0.00  0.0    0  7.7 21 300   M    M   0        24 320
 5  99  54  77  13   0  12 0.00  0.0    0  7.6 23 300   M    M   0        32 220
 6  99  55  77  13   0  12 0.00  0.0    0  6.8 22 230   M    M   0        29 250
 7  96  56  76  12   0  11 0.00  0.0    0  8.4 22 360   M    M   0        28 280
 8  97  49  73   8   0   8 0.00  0.0    0  5.7 21 310   M    M   0        26 290
 9  90  50  70   5   0   5 0.00  0.0    0  6.4 17 340   M    M   0        23 360
10  86  49  68   3   0   3 0.00  0.0    0  8.1 22 320   M    M   0        31 300
11  87  43  65   0   0   0 0.00  0.0    0  5.6 16 340   M    M   0        24  10
12  91  46  69   3   0   4 0.00  0.0    0  5.6 17 310   M    M   0        22 340
13  91  47  69   3   0   4 0.00  0.0    0  6.9 20 340   M    M   0        26 350
14  96  50  73   7   0   8 0.00  0.0    0  7.3 21 300   M    M   0        27 330
15  91  54  73   7   0   8 0.00  0.0    0  8.2 22 310   M    M   0        27 290
16  82  42  62  -4   3   0 0.00  0.0    0  5.8 16 340   M    M   0        21  20
17  84  43  64  -3   1   0 0.00  0.0    0  7.0 16 350   M    M   0        21 350
18  90  45  68   1   0   3 0.00  0.0    0  7.5 24 300   M    M   0 8      36 330
19  88  46  67   0   0   2 0.00  0.0    0  6.6 21 300   M    M   0        28 320
20  83  43  63  -4   2   0 0.00  0.0    0  6.2 18 310   M    M   0        23 310
21  87  43  65  -2   0   0 0.00  0.0    0  6.1 16 300   M    M   0        26 350
22  91  48  70   3   0   5 0.00  0.0    0  6.8 15 350   M    M   0        21 320
23  96  55  76   9   0  11 0.00  0.0    0  6.0 22 360   M    M   0        25 360
24  92  53  73   6   0   8 0.00  0.0    0  8.5 21 340   M    M   0        27 340
25  94  52  73   5   0   8 0.00  0.0    0  6.5 16 350   M    M   0        22 340
================================================================================
SM 2271 1216         6 130  0.00     0.0 171.1          M        0
================================================================================
AV 90.8 48.6                               6.8 FASTST   M    M   0    MAX(MPH)
                                 MISC ---->  # 24 300               # 36  330
================================================================================
NOTES:
# LAST OF SEVERAL OCCURRENCES

COLUMN 17 PEAK WIND IN M.P.H.

PRELIMINARY LOCAL CLIMATOLOGICAL DATA (WS FORM: F-6) , PAGE 2

                                          STATION:  REDMOND OR
                                          MONTH:    JULY
                                          YEAR:     2017
                                          LATITUDE:   44 16 N
                                          LONGITUDE: 121  9 W

[TEMPERATURE DATA]      [PRECIPITATION DATA]       SYMBOLS USED IN COLUMN 16

AVERAGE MONTHLY: 69.7   TOTAL FOR MONTH:   0.00    1 = FOG OR MIST
DPTR FM NORMAL:   4.2   DPTR FM NORMAL:   -0.45    2 = FOG REDUCING VISIBILITY
HIGHEST:    99 ON  6, 5 GRTST 24HR  0.00 ON 25-25      TO 1/4 MILE OR LESS
LOWEST:     42 ON 16                               3 = THUNDER
                        SNOW, ICE PELLETS, HAIL    4 = ICE PELLETS
                        TOTAL MONTH:   0.0 INCH    5 = HAIL
                        GRTST 24HR     0.0         6 = FREEZING RAIN OR DRIZZLE
                        GRTST DEPTH:   0           7 = DUSTSTORM OR SANDSTORM:
                                                       VSBY 1/2 MILE OR LESS
                                                   8 = SMOKE OR HAZE
[NO. OF DAYS WITH]      [WEATHER - DAYS WITH]      9 = BLOWING SNOW
                                                   X = TORNADO
MAX 32 OR BELOW:   0    0.01 INCH OR MORE:   0
MAX 90 OR ABOVE:  16    0.10 INCH OR MORE:   0
MIN 32 OR BELOW:   0    0.50 INCH OR MORE:   0
MIN  0 OR BELOW:   0    1.00 INCH OR MORE:   0

[HDD (BASE 65) ]
TOTAL THIS MO.     6    CLEAR  (SCALE 0-3)  25
DPTR FM NORMAL   -56    PTCLDY (SCALE 4-7)   0
TOTAL FM JUL 1     6    CLOUDY (SCALE 8-10)  0
DPTR FM NORMAL   -56

[CDD (BASE 65) ]
TOTAL THIS MO.   130
DPTR FM NORMAL    54    [PRESSURE DATA]
TOTAL FM JAN 1   181    HIGHEST SLP 30.14 ON 22
DPTR FM NORMAL    76    LOWEST  SLP 29.76 ON 23

[REMARKS]
