000
CXUS56 KPDT 301032
CF6RDM
PRELIMINARY LOCAL CLIMATOLOGICAL DATA (WS FORM: F-6)

                                          STATION:   REDMOND OR
                                          MONTH:     JULY
                                          YEAR:      2016
                                          LATITUDE:   44 16 N
                                          LONGITUDE: 121  9 W

  TEMPERATURE IN F:       :PCPN:    SNOW:  WIND      :SUNSHINE: SKY     :PK WND
================================================================================
1   2   3   4   5  6A  6B    7    8   9   10  11  12  13   14  15   16   17  18
                                     12Z  AVG MX 2MIN
DY MAX MIN AVG DEP HDD CDD  WTR  SNW DPTH SPD SPD DIR MIN PSBL S-S WX    SPD DR
================================================================================

 1  88  41  65   2   0   0 0.00  0.0    0  6.2 17 340   M    M   0        23 350
 2  90  51  71   8   0   6 0.00  0.0    0  7.9 22 300   M    M   0        27 300
 3  85  49  67   4   0   2 0.00  0.0    0  8.4 21 290   M    M   0        27 320
 4  80  43  62  -2   3   0 0.00  0.0    0  6.9 20  30   M    M   0        27 350
 5  79  40  60  -4   5   0 0.00  0.0    0  7.3 20 320   M    M   1        24 310
 6  80  42  61  -3   4   0 0.00  0.0    0  5.5 17 300   M    M   1        23 310
 7  83  46  65   1   0   0 0.06  0.0    0  6.1 24 310   M    M   3        30 310
 8  72  55  64  -1   1   0 0.10  0.0    0  5.6 24 300   M    M   8 3      29 290
 9  75  46  61  -4   4   0    T  0.0    0  7.2 25 290   M    M   7        30 300
10  67  43  55 -10  10   0 0.02  0.0    0  8.3 23 290   M    M   6        28 290
11  78  40  59  -6   6   0 0.00  0.0    0  7.1 17 310   M    M   1        21 330
12  76  45  61  -5   4   0 0.00  0.0    0  9.4 22 310   M    M   3        29 330
13  84  41  63  -3   2   0 0.00  0.0    0  6.1 15 340   M    M   0        20 330
14  89  46  68   2   0   3 0.00  0.0    0  6.2 18 340   M    M   0        22 340
15  81  43  62  -4   3   0 0.00  0.0    0  6.5 18 360   M    M   0        23 330
16  80  40  60  -6   5   0 0.00  0.0    0  7.0 17 350   M    M   0        23 350
17  83  46  65  -2   0   0 0.08    M    0  8.2 28 350   M    M   1 3      32 350
18  74  55  65  -2   0   0 0.29  0.0    0  6.8 18 300   M    M   7 13     24 300
19  79  49  64  -3   1   0 0.09    M    0  5.8 20 330   M    M   5        23 320
20  86  45  66  -1   0   1 0.00  0.0    0  5.5 14 320   M    M   1        23  20
21  91  50  71   4   0   6 0.00  0.0    0  8.9 28 290   M    M   0 8      35 300
22  81  48  65  -2   0   0 0.00  0.0    0  5.7 18 310   M    M   0        25 310
23  86  41  64  -3   1   0 0.00  0.0    0  5.1 15 340   M    M   0        22 360
24  91  46  69   2   0   4 0.00  0.0    0  7.0 17 330   M    M   0        22 310
25  94  53  74   6   0   9 0.00  0.0    0  6.2 21 290   M    M   0        25 310
26  92  51  72   4   0   7 0.00  0.0    0  5.4 17  20   M    M   0        21  30
27  94  47  71   3   0   6 0.00  0.0    0  7.4 18 360   M    M   0        24 340
28  97  52  75   7   0  10 0.00  0.0    0  5.4 16 350   M    M   0        20 340
29 100  55  78  10   0  13 0.00  0.0    0  7.2 22 300   M    M   0        27 290
================================================================================
SM 2435 1349        49  67  0.64     0.0 196.3          M       44
================================================================================
AV 84.0 46.5                               6.8 FASTST   M    M   2    MAX(MPH)
                                 MISC ---->  # 28 350               # 35  300
================================================================================
NOTES:
# LAST OF SEVERAL OCCURRENCES

COLUMN 17 PEAK WIND IN M.P.H.

PRELIMINARY LOCAL CLIMATOLOGICAL DATA (WS FORM: F-6) , PAGE 2

                                          STATION:  REDMOND OR
                                          MONTH:    JULY
                                          YEAR:     2016
                                          LATITUDE:   44 16 N
                                          LONGITUDE: 121  9 W

[TEMPERATURE DATA]      [PRECIPITATION DATA]       SYMBOLS USED IN COLUMN 16

AVERAGE MONTHLY: 65.2   TOTAL FOR MONTH:   0.64    1 = FOG OR MIST
DPTR FM NORMAL:  -0.7   DPTR FM NORMAL:    0.13    2 = FOG REDUCING VISIBILITY
HIGHEST:   100 ON 29    GRTST 24HR  0.37 ON 17-18      TO 1/4 MILE OR LESS
LOWEST:     40 ON 16,11                            3 = THUNDER
                        SNOW, ICE PELLETS, HAIL    4 = ICE PELLETS
                        TOTAL MONTH:   0.0 INCH    5 = HAIL
                        GRTST 24HR     0.0         6 = FREEZING RAIN OR DRIZZLE
                        GRTST DEPTH:   0           7 = DUSTSTORM OR SANDSTORM:
                                                       VSBY 1/2 MILE OR LESS
                                                   8 = SMOKE OR HAZE
[NO. OF DAYS WITH]      [WEATHER - DAYS WITH]      9 = BLOWING SNOW
                                                   X = TORNADO
MAX 32 OR BELOW:   0    0.01 INCH OR MORE:   6
MAX 90 OR ABOVE:   8    0.10 INCH OR MORE:   2
MIN 32 OR BELOW:   0    0.50 INCH OR MORE:   0
MIN  0 OR BELOW:   0    1.00 INCH OR MORE:   0

[HDD (BASE 65) ]
TOTAL THIS MO.    49    CLEAR  (SCALE 0-3)  24
DPTR FM NORMAL   -17    PTCLDY (SCALE 4-7)   4
TOTAL FM JUL 1    49    CLOUDY (SCALE 8-10)  1
DPTR FM NORMAL   -17

[CDD (BASE 65) ]
TOTAL THIS MO.    67
DPTR FM NORMAL   -25    [PRESSURE DATA]
TOTAL FM JAN 1   134    HIGHEST SLP M ON M
DPTR FM NORMAL    13    LOWEST  SLP 29.70 ON 29

[REMARKS]
