000
CXUS52 KRAH 231345
CF6RDU
PRELIMINARY LOCAL CLIMATOLOGICAL DATA (WS FORM: F-6)

                                          STATION:   RALEIGH-DURHAM INTL AIRPORT NC
                                          MONTH:     OCTOBER
                                          YEAR:      2014
                                          LATITUDE:   35 52 N
                                          LONGITUDE:  78 47 W

  TEMPERATURE IN F:       :PCPN:    SNOW:  WIND      :SUNSHINE: SKY     :PK WND
================================================================================
1   2   3   4   5  6A  6B    7    8   9   10  11  12  13   14  15   16   17  18
                                     12Z  AVG MX 2MIN
DY MAX MIN AVG DEP HDD CDD  WTR  SNW DPTH SPD SPD DIR MIN PSBL S-S WX    SPD DR
================================================================================

 1  79  56  68   2   0   3 0.00  0.0    0  0.8  8  40   M    M   5 128    13  30
 2  84  59  72   6   0   7 0.00  0.0    0  2.8 12  60   M    M   5 18     17 120
 3  85  65  75   9   0  10 0.09  0.0    0  7.8 20 220   M    M   7 138    24 220
 4  73  47  60  -5   5   0 0.00  0.0    0  7.3 14 290   M    M   5 3      21 290
 5  66  41  54 -11  11   0 0.00  0.0    0  3.2 10 220   M    M   1        22 280
 6  76  45  61  -3   4   0 0.00  0.0    0  8.0 20 210   M    M   4        24 220
 7  80  55  68   4   0   3 0.00  0.0    0  9.4 17 200   M    M   7        26 190
 8  83  60  72   8   0   7 0.00  0.0    0  5.2 15 240   M    M   4        20 250
 9  79  51  65   2   0   0 0.00  0.0    0  2.7 10 170   M    M   5        13 170
10  84  58  71   8   0   6 0.63  0.0    0  8.0 17 220   M    M   7 13     28  10
11  86  58  72   9   0   7 0.22  0.0    0  9.4 16 240   M    M   7 1      24 230
12  62  57  60  -2   5   0 0.02  0.0    0  5.5 14  40   M    M  10 1      17  30
13  81  60  71   9   0   6 0.00  0.0    0  4.0 12 150   M    M   8 1      15 150
14  79  70  75  13   0  10 0.42  0.0    0 10.2 24 140   M    M   8 1      30 150
15  75  57  66   5   0   1 0.62  0.0    0  6.8 18 170   M    M   7 1      25 170
16  72  53  63   2   2   0 0.00  0.0    0  4.4 13 240   M    M   5        17 230
17  74  49  62   1   3   0 0.00  0.0    0  4.3 15 230   M    M   1        25 230
18  75  53  64   4   1   0 0.00  0.0    0  4.2 14 320   M    M   3        22 320
19  65  44  55  -5  10   0 0.00  0.0    0  2.8 13  10   M    M   2        20  10
20  71  41  56  -4   9   0    T  0.0    0  4.2 16 230   M    M   4        22 230
21  74  51  63   3   2   0 0.00  0.0    0  4.0 14 330   M    M   5        23 300
22  67  48  58  -1   7   0 0.00  0.0    0  6.1 15 290   M    M   3        24  10
================================================================================
SM 1670 1178        59  60  2.00     0.0 121.1          M      113
================================================================================
AV 75.9 53.5                               5.5 FASTST   M    M   5    MAX(MPH)
                                 MISC ---->  # 24 140               # 30  150
================================================================================
NOTES:
# LAST OF SEVERAL OCCURRENCES

COLUMN 17 PEAK WIND IN M.P.H.

PRELIMINARY LOCAL CLIMATOLOGICAL DATA (WS FORM: F-6) , PAGE 2

                                          STATION:  RALEIGH-DURHAM INTL AIRPORT NC
                                          MONTH:    OCTOBER
                                          YEAR:     2014
                                          LATITUDE:   35 52 N
                                          LONGITUDE:  78 47 W

[TEMPERATURE DATA]      [PRECIPITATION DATA]       SYMBOLS USED IN COLUMN 16

AVERAGE MONTHLY: 64.7   TOTAL FOR MONTH:   2.00    1 = FOG OR MIST
DPTR FM NORMAL:   2.1   DPTR FM NORMAL:   -0.35    2 = FOG REDUCING VISIBILITY
HIGHEST:    86 ON 11    GRTST 24HR  0.85 ON 10-11      TO 1/4 MILE OR LESS
LOWEST:     41 ON 20, 5                            3 = THUNDER
                        SNOW, ICE PELLETS, HAIL    4 = ICE PELLETS
                        TOTAL MONTH:   0.0 INCH    5 = HAIL
                        GRTST 24HR     0.0         6 = FREEZING RAIN OR DRIZZLE
                        GRTST DEPTH:   0           7 = DUSTSTORM OR SANDSTORM:
                                                       VSBY 1/2 MILE OR LESS
                                                   8 = SMOKE OR HAZE
[NO. OF DAYS WITH]      [WEATHER - DAYS WITH]      9 = BLOWING SNOW
                                                   X = TORNADO
MAX 32 OR BELOW:   0    0.01 INCH OR MORE:   6
MAX 90 OR ABOVE:   0    0.10 INCH OR MORE:   4
MIN 32 OR BELOW:   0    0.50 INCH OR MORE:   2
MIN  0 OR BELOW:   0    1.00 INCH OR MORE:   0

[HDD (BASE 65) ]
TOTAL THIS MO.    59    CLEAR  (SCALE 0-3)   4
DPTR FM NORMAL   -38    PTCLDY (SCALE 4-7)  17
TOTAL FM JUL 1    69    CLOUDY (SCALE 8-10)  1
DPTR FM NORMAL   -49

[CDD (BASE 65) ]
TOTAL THIS MO.    60
DPTR FM NORMAL    16    [PRESSURE DATA]
TOTAL FM JAN 1  1652    HIGHEST SLP  0.00 ON  4
DPTR FM NORMAL   -60    LOWEST  SLP  0.00 ON  4

[REMARKS]
