000
CXUS53 KGRB 250706
CF6RHI
PRELIMINARY LOCAL CLIMATOLOGICAL DATA (WS FORM: F-6)

                                          STATION:   RHINELANDER WI
                                          MONTH:     MAY
                                          YEAR:      2016
                                          LATITUDE:   45 37 N
                                          LONGITUDE:  89 27 W

  TEMPERATURE IN F:       :PCPN:    SNOW:  WIND      :SUNSHINE: SKY     :PK WND
================================================================================
1   2   3   4   5  6A  6B    7    8   9   10  11  12  13   14  15   16   17  18
                                     12Z  AVG MX 2MIN
DY MAX MIN AVG DEP HDD CDD  WTR  SNW DPTH SPD SPD DIR MIN PSBL S-S WX    SPD DR
================================================================================

 1  62  36  49   1  16   0 0.00  0.0    0  5.8 20  90   M    M   4        26  80
 2  63  28  46  -3  19   0 0.00  0.0    0  2.2 12  50   M    M   4        16 310
 3  64  32  48  -1  17   0 0.10  0.0    0  8.3 28 270   M    M   4 1      35 270
 4  50  33  42  -7  23   0    T  0.0    0  9.1 18  10   M    M   4        29 350
 5  69  25  47  -3  18   0    T  0.0    0  4.3 15 280   M    M   0 1      22 260
 6  89  51  70  20   0   5 0.21  0.0    0 11.1 28 310   M    M   2 1      37 320
 7  63  37  50   0  15   0 0.00  0.0    0  7.3 18 320   M    M   3        28 360
 8  66  37  52   2  13   0 0.00  0.0    0  5.1 16 320   M    M   2        22 330
 9  67  36  52   1  13   0 0.00  0.0    0 10.4 20 110   M    M   0        24 100
10  53  41  47  -4  18   0 0.15  0.0    0 11.1 24 120   M    M   7 1      33 120
11  58  48  53   2  12   0 0.03  0.0    0  7.3 20 120   M    M  10 1      24 120
12  63  44  54   2  11   0 0.10  0.0    0  7.7 17 290   M    M   9 1      25 280
13  50  36  43  -9  22   0 0.02  0.0    0  9.5 21 260   M    M   9        27 260
14  38  30  34 -18  31   0    T    T    0 10.0 18 270   M    M   9 18     30 280
15  56  25  41 -12  24   0 0.00  0.0    0 10.1 23 270   M    M   8        35 280
16  57  34  46  -7  19   0 0.03  0.0    0  6.5 16  10   M    M   5 1      26  20
17  62  28  45  -8  20   0 0.00  0.0    0  4.3 14  80   M    M   2        18  10
18  68  31  50  -4  15   0 0.00  0.0    0  2.7 12 200   M    M   0        16  80
19  72  36  54   0  11   0 0.00  0.0    0  4.8 16 200   M    M   1        20 210
20  76  37  57   3   8   0 0.00  0.0    0  3.4 13 290   M    M   2        16 220
21  79  40  60   6   5   0 0.00  0.0    0  2.7 13 310   M    M   1        21 320
22  84  40  62   7   3   0 0.00  0.0    0  3.6 14 210   M    M   0 1      20 230
23  84  56  70  15   0   5 0.00  0.0    0 10.4 24 210   M    M   1        34 180
24  78  51  65  10   0   0 0.25  0.0    0  5.3 16 260   M    M   6 12     19 260
================================================================================
SM 1571  892       333  10  0.89    T    163.0          M       93
================================================================================
AV 65.5 37.2                               6.8 FASTST   M    M   4    MAX(MPH)
                                 MISC ---->  # 28 270               # 37  320
================================================================================
NOTES:
# LAST OF SEVERAL OCCURRENCES

COLUMN 17 PEAK WIND IN M.P.H.

PRELIMINARY LOCAL CLIMATOLOGICAL DATA (WS FORM: F-6) , PAGE 2

                                          STATION:  RHINELANDER WI
                                          MONTH:    MAY
                                          YEAR:     2016
                                          LATITUDE:   45 37 N
                                          LONGITUDE:  89 27 W

[TEMPERATURE DATA]      [PRECIPITATION DATA]       SYMBOLS USED IN COLUMN 16

AVERAGE MONTHLY: 51.3   TOTAL FOR MONTH:   0.89    1 = FOG OR MIST
DPTR FM NORMAL:  -0.5   DPTR FM NORMAL:   -1.77    2 = FOG REDUCING VISIBILITY
HIGHEST:    89 ON  6    GRTST 24HR  0.25 ON 24-24      TO 1/4 MILE OR LESS
LOWEST:     25 ON 15, 5                            3 = THUNDER
                        SNOW, ICE PELLETS, HAIL    4 = ICE PELLETS
                        TOTAL MONTH:    T          5 = HAIL
                        GRTST 24HR    T  ON 14-14  6 = FREEZING RAIN OR DRIZZLE
                        GRTST DEPTH:   0           7 = DUSTSTORM OR SANDSTORM:
                                                       VSBY 1/2 MILE OR LESS
                                                   8 = SMOKE OR HAZE
[NO. OF DAYS WITH]      [WEATHER - DAYS WITH]      9 = BLOWING SNOW
                                                   X = TORNADO
MAX 32 OR BELOW:   0    0.01 INCH OR MORE:   8
MAX 90 OR ABOVE:   0    0.10 INCH OR MORE:   5
MIN 32 OR BELOW:   7    0.50 INCH OR MORE:   0
MIN  0 OR BELOW:   0    1.00 INCH OR MORE:   0

[HDD (BASE 65) ]
TOTAL THIS MO.   333    CLEAR  (SCALE 0-3)  11
DPTR FM NORMAL    10    PTCLDY (SCALE 4-7)   8
TOTAL FM JUL 1  7691    CLOUDY (SCALE 8-10)  5
DPTR FM NORMAL -1132

[CDD (BASE 65) ]
TOTAL THIS MO.    10
DPTR FM NORMAL     8    [PRESSURE DATA]
TOTAL FM JAN 1    10    HIGHEST SLP M ON M
DPTR FM NORMAL     7    LOWEST  SLP 29.61 ON  7

[REMARKS]
