000
CXUS51 KAKQ 210246
CF6RIC
PRELIMINARY LOCAL CLIMATOLOGICAL DATA (WS FORM: F-6)

                                          STATION:   RICHMOND VA
                                          MONTH:     JANUARY
                                          YEAR:      2017
                                          LATITUDE:   37 30 N
                                          LONGITUDE:  77 20 W

  TEMPERATURE IN F:       :PCPN:    SNOW:  WIND      :SUNSHINE: SKY     :PK WND
================================================================================
1   2   3   4   5  6A  6B    7    8   9   10  11  12  13   14  15   16   17  18
                                     12Z  AVG MX 2MIN
DY MAX MIN AVG DEP HDD CDD  WTR  SNW DPTH SPD SPD DIR MIN PSBL S-S WX    SPD DR
================================================================================

 1  58  37  48  10  17   0    T  0.0    0  6.4 16  90   M    M   7        20 100
 2  47  43  45   7  20   0 0.73  0.0    0  7.5 14 360   M    M   9 1      17  10
 3  49  43  46   8  19   0 0.84  0.0    0  6.9 14 230   M    M  10 1      17 250
 4  63  38  51  13  14   0 0.00  0.0    0 10.8 20 300   M    M   8 1      32 290
 5  39  30  35  -3  30   0    T    T    0  4.3 12 330   M    M   7        15 330
 6  37  28  33  -5  32   0 0.01  0.1    0  8.5 21 350   M    M  10 1      24 350
 7  29  12  21 -17  44   0 0.56  7.0    3 12.7 22 340   M    M   7 129    29 350
 8  24   2  13 -25  52   0 0.00  0.0    6  7.1 21 300   M    M   0 1      27 330
 9  24   0  12 -26  53   0 0.00  0.0    5  2.7 12 170   M    M   5 1      13 190
10  38  12  25 -13  40   0 0.00  0.0    4  7.2 22 170   M    M   8        27 180
11  51  37  44   6  21   0 0.05  0.0    1  7.6 16 210   M    M   9 1      20 200
12  70  49  60  22   5   0 0.00  0.0    0 15.3 30 220   M    M  10        38 230
13  61  44  53  15  12   0 0.00  0.0    0  8.9 16 360   M    M   7        21 360
14  44  37  41   3  24   0 0.10  0.0    0  5.7 13  10   M    M  10        17  30
15  50  38  44   6  21   0    T    M    0  5.7 13 360   M    M   9 1      18  40
16  43  37  40   2  25   0 0.11    M    0  2.9  8 200   M    M  10 1      10 220
17  59  40  50  12  15   0    T    M    0  8.3 17 210   M    M  10 1      22 210
18  64  43  54  16  11   0 0.01    M    0  7.2 20 320   M    M   6 1      27 320
19  55  38  47   9  18   0 0.00  0.0    0  3.1  9  40   M    M   6        12 360
================================================================================
SM  905  608       473   0  2.41     7.1 138.8          M      148
================================================================================
AV 47.6 32.0                               7.3 FASTST   M    M   8    MAX(MPH)
                                 MISC ---->  # 30 220               # 38  230
================================================================================
NOTES:
# LAST OF SEVERAL OCCURRENCES

COLUMN 17 PEAK WIND IN M.P.H.

PRELIMINARY LOCAL CLIMATOLOGICAL DATA (WS FORM: F-6) , PAGE 2

                                          STATION:  RICHMOND VA
                                          MONTH:    JANUARY
                                          YEAR:     2017
                                          LATITUDE:   37 30 N
                                          LONGITUDE:  77 20 W

[TEMPERATURE DATA]      [PRECIPITATION DATA]       SYMBOLS USED IN COLUMN 16

AVERAGE MONTHLY: 39.8   TOTAL FOR MONTH:   2.41    1 = FOG OR MIST
DPTR FM NORMAL:   1.8   DPTR FM NORMAL:    0.55    2 = FOG REDUCING VISIBILITY
HIGHEST:    70 ON 12    GRTST 24HR  1.08 ON  2- 3      TO 1/4 MILE OR LESS
LOWEST:      0 ON  9                               3 = THUNDER
                        SNOW, ICE PELLETS, HAIL    4 = ICE PELLETS
                        TOTAL MONTH:   7.1 INCHES  5 = HAIL
                        GRTST 24HR   7.0 ON  7- 7  6 = FREEZING RAIN OR DRIZZLE
                        GRTST DEPTH:   6 ON  8     7 = DUSTSTORM OR SANDSTORM:
                                                       VSBY 1/2 MILE OR LESS
                                                   8 = SMOKE OR HAZE
[NO. OF DAYS WITH]      [WEATHER - DAYS WITH]      9 = BLOWING SNOW
                                                   X = TORNADO
MAX 32 OR BELOW:   3    0.01 INCH OR MORE:   8
MAX 90 OR ABOVE:   0    0.10 INCH OR MORE:   5
MIN 32 OR BELOW:   6    0.50 INCH OR MORE:   3
MIN  0 OR BELOW:   1    1.00 INCH OR MORE:   0

[HDD (BASE 65) ]
TOTAL THIS MO.   473    CLEAR  (SCALE 0-3)   1
DPTR FM NORMAL   -40    PTCLDY (SCALE 4-7)   9
TOTAL FM JUL 1  1797    CLOUDY (SCALE 8-10)  9
DPTR FM NORMAL  -135

[CDD (BASE 65) ]
TOTAL THIS MO.     0
DPTR FM NORMAL     0    [PRESSURE DATA]
TOTAL FM JAN 1     0    HIGHEST SLP M ON M
DPTR FM NORMAL     0    LOWEST  SLP 29.59 ON  3

[REMARKS]
