000
CXUS55 KRIW 220901
CF6RKS
PRELIMINARY LOCAL CLIMATOLOGICAL DATA (WS FORM: F-6)

                                          STATION:   ROCK SPRINGS WY
                                          MONTH:     OCTOBER
                                          YEAR:      2014
                                          LATITUDE:   41 35 N
                                          LONGITUDE: 109  4 W

  TEMPERATURE IN F:       :PCPN:    SNOW:  WIND      :SUNSHINE: SKY     :PK WND
================================================================================
1   2   3   4   5  6A  6B    7    8   9   10  11  12  13   14  15   16   17  18
                                     12Z  AVG MX 2MIN
DY MAX MIN AVG DEP HDD CDD  WTR  SNW DPTH SPD SPD DIR MIN PSBL S-S WX    SPD DR
================================================================================

 1  50  34  42  -8  23   0    T  0.0    0 12.6 29 270   M    M   5        36 280
 2  55  32  44  -6  21   0 0.00  0.0    0 18.0 30 270   M    M   2        37 280
 3  60  29  45  -4  20   0 0.00  0.0    0 12.8 24 270   M    M   0        30 270
 4  65  36  51   2  14   0 0.00  0.0    0 15.8 28 260   M    M   0        34 260
 5  67  41  54   6  11   0 0.00  0.0    0 17.4 26 280   M    M   0        33 280
 6  68  44  56   8   9   0 0.00  0.0    0 18.7 29 260   M    M   0        36 270
 7  70  44  57   9   8   0 0.00  0.0    0 11.8 21 250   M    M   0        26 260
 8  67  42  55   8  10   0 0.00  0.0    0  5.7 16 250   M    M   0        22 240
 9  67  38  53   6  12   0 0.00  0.0    0  5.4 21 160   M    M   2        26 160
10  64  39  52   5  13   0    T  0.0    0  6.4 16 340   M    M   3        20 340
11  62  41  52   6  13   0 0.00  0.0    0 14.5 28 270   M    M   1        34 270
12  49  32  41  -5  24   0 0.20  0.0    0 10.7 40 290   M    M   8 13     55 280
13  54  25  40  -6  25   0 0.00  0.0    0  9.7 28 280   M    M   3 12     34 260
14  65  35  50   5  15   0 0.00  0.0    0  8.4 20 150   M    M   0        25 150
15  66  43  55  10  10   0 0.00    M    M 15.2 32 200   M    M   0        40 220
16  58  37  48   4  17   0 0.00    M    M  7.0 17 320   M    M   2        21 320
17  62  35  49   5  16   0 0.00    M    M  3.2  9 130   M    M   0        10 130
18  66  37  52   8  13   0 0.00    M    M  4.5 12 310   M    M   0        16 250
19  66  38  52   9  13   0 0.00  0.0    0  3.1  9 250   M    M   0        11 360
20  68  37  53  10  12   0 0.00  0.0    0  5.9 15 220   M    M   1        22 170
21  65  37  51   8  14   0 0.12    M    0 13.8 29 260   M    M   4 3      40 260
================================================================================
SM 1314  776       313   0  0.32     0.0 220.6          M       31
================================================================================
AV 62.6 37.0                              10.5 FASTST   M    M   1    MAX(MPH)
                                 MISC ---->  # 40 290               # 55  280
================================================================================
NOTES:
# LAST OF SEVERAL OCCURRENCES

COLUMN 17 PEAK WIND IN M.P.H.

PRELIMINARY LOCAL CLIMATOLOGICAL DATA (WS FORM: F-6) , PAGE 2

                                          STATION:  ROCK SPRINGS WY
                                          MONTH:    OCTOBER
                                          YEAR:     2014
                                          LATITUDE:   41 35 N
                                          LONGITUDE: 109  4 W

[TEMPERATURE DATA]      [PRECIPITATION DATA]       SYMBOLS USED IN COLUMN 16

AVERAGE MONTHLY: 49.8   TOTAL FOR MONTH:   0.32    1 = FOG OR MIST
DPTR FM NORMAL:   3.5   DPTR FM NORMAL:   -0.29    2 = FOG REDUCING VISIBILITY
HIGHEST:    70 ON  7    GRTST 24HR  0.20 ON 12-12      TO 1/4 MILE OR LESS
LOWEST:     25 ON 13                               3 = THUNDER
                        SNOW, ICE PELLETS, HAIL    4 = ICE PELLETS
                        TOTAL MONTH:   0.0 INCH    5 = HAIL
                        GRTST 24HR     0.0         6 = FREEZING RAIN OR DRIZZLE
                        GRTST DEPTH:   0           7 = DUSTSTORM OR SANDSTORM:
                                                       VSBY 1/2 MILE OR LESS
                                                   8 = SMOKE OR HAZE
[NO. OF DAYS WITH]      [WEATHER - DAYS WITH]      9 = BLOWING SNOW
                                                   X = TORNADO
MAX 32 OR BELOW:   0    0.01 INCH OR MORE:   2
MAX 90 OR ABOVE:   0    0.10 INCH OR MORE:   2
MIN 32 OR BELOW:   4    0.50 INCH OR MORE:   0
MIN  0 OR BELOW:   0    1.00 INCH OR MORE:   0

[HDD (BASE 65) ]
TOTAL THIS MO.   313    CLEAR  (SCALE 0-3)  18
DPTR FM NORMAL   -80    PTCLDY (SCALE 4-7)   3
TOTAL FM JUL 1   589    CLOUDY (SCALE 8-10)  0
DPTR FM NORMAL  -132

[CDD (BASE 65) ]
TOTAL THIS MO.     0
DPTR FM NORMAL     0    [PRESSURE DATA]
TOTAL FM JAN 1   307    HIGHEST SLP M ON M
DPTR FM NORMAL    21    LOWEST  SLP 29.76 ON 11

[REMARKS]
