000
CXUS51 KRNK 280727
CF6RNK

PRELIMINARY LOCAL CLIMATOLOGICAL DATA (WS FORM: F-6)

                                          STATION:   BLACKSBURG VA
                                          MONTH:     MARCH
                                          YEAR:      2015
                                          LATITUDE:   37 13 N
                                          LONGITUDE:  80 25 W

  TEMPERATURE IN F:       :PCPN:    SNOW:  WIND      :SUNSHINE: SKY     :PK WND
================================================================================
1   2   3   4   5  6A  6B    7    8   9   10  11  12  13   14  15   16   17  18
                                     12Z  AVG MX 2MIN
DY MAX MIN AVG DEP HDD CDD  WTR  SNW DPTH SPD SPD DIR MIN PSBL S-S WX    SPD DR
================================================================================

 1  46  24  35  -2  30   0    T  0.0    6  2.6  7 250   M    M  10         M  M
 2  45  28  37  -1  28   0 0.01  0.0    1  7.9 21 310   M    M   4 1      35 290
 3  36  26  31  -7  34   0 0.02  0.0    T  3.0  8 100   M    M   9 1       M  M
 4  51  36  44   6  21   0 0.73  0.0    0  1.5  9 310   M    M  10 1       M  M
 5  43  15  29  -9  36   0 1.36  4.2    4  5.0 12 270   M    M  10 14      M  M
 6  32   4  18 -21  47   0    T    T    4  1.3  6  80   M    M   1         M  M
 7  49  16  33  -6  32   0 0.00  0.0    T  5.3 12 260   M    M   0        17 260
 8  59  31  45   6  20   0 0.00  0.0    0  4.9 15 300   M    M   0        23 290
 9  59  37  48   9  17   0 0.00  0.0    0  2.3  9 300   M    M   3         M  M
10  59  42  51  11  14   0 0.07  0.0    0  2.3 10 190   M    M   9        17 190
11  62  41  52  12  13   0 0.28  0.0    0  3.4  8 310   M    M   8         M  M
12  62  34  48   8  17   0 0.00  0.0    0  3.9 12  90   M    M   2 12      M  M
13  48  36  42   1  23   0 0.38  0.0    0  4.7 12 160   M    M   8 1      16 130
14  58  36  47   6  18   0 0.22  0.0    0  3.4 14 300   M    M  10 1      21 300
15  62  41  52  11  13   0 0.00  0.0    0 12.3 23 310   M    M   2        35 300
16  73  37  55  13  10   0 0.00  0.0    0  6.4 20 290   M    M   0        32 290
17  66  40  53  11  12   0 0.00  0.0    0 10.4 21 300   M    M   3        30 300
18  54  29  42   0  23   0 0.00  0.0    0  6.9 13 320   M    M   0        16 320
19  43  32  38  -4  27   0 0.27  0.2    0  3.6  9  50   M    M   9         M  M
20  47  33  40  -3  25   0 0.22    T    0  3.3 14 310   M    M  10 1      17 280
21  65  42  54  11  11   0 0.00  0.0    0  7.2 17 300   M    M   5        21 280
22  62  45  54  11  11   0 0.00  0.0    0  4.8 10 330   M    M   1         M  M
23  61  40  51   7  14   0 0.00  0.0    0  5.5 15 100   M    M   4        17 100
24  62  35  49   5  16   0    T  0.0    0  5.2 10 120   M    M   8         M  M
25  63  40  52   8  13   0 0.00  0.0    0  7.0 12 110   M    M   9        18 160
26  73  44  59  15   6   0 0.80  0.0    0  5.0 12 260   M    M   8        23 270
27  46  30  38  -7  27   0 0.18    T    0  8.0 16 330   M    M  10        21 330
================================================================================
SM 1486  894       558   0  4.54     4.4 137.1          M      153
================================================================================
AV 55.0 33.1                               5.1 FASTST   M    M   6    MAX(MPH)
                                 MISC ---->  # 23 310               # 35  290
================================================================================
NOTES:
# LAST OF SEVERAL OCCURRENCES

COLUMN 17 PEAK WIND IN M.P.H.

PRELIMINARY LOCAL CLIMATOLOGICAL DATA (WS FORM: F-6) , PAGE 2

                                          STATION:  BLACKSBURG VA
                                          MONTH:    MARCH
                                          YEAR:     2015
                                          LATITUDE:   37 13 N
                                          LONGITUDE:  80 25 W

[TEMPERATURE DATA]      [PRECIPITATION DATA]       SYMBOLS USED IN COLUMN 16

AVERAGE MONTHLY: 44.1   TOTAL FOR MONTH:   4.54    1 = FOG OR MIST
DPTR FM NORMAL:   3.1   DPTR FM NORMAL:    1.42    2 = FOG REDUCING VISIBILITY
HIGHEST:    73 ON 26,16 GRTST 24HR  1.36 ON  5- 5      TO 1/4 MILE OR LESS
LOWEST:      4 ON  6                               3 = THUNDER
                        SNOW, ICE PELLETS, HAIL    4 = ICE PELLETS
                        TOTAL MONTH:   4.4 INCHES  5 = HAIL
                        GRTST 24HR   4.2 ON   M    6 = FREEZING RAIN OR DRIZZLE
                        GRTST DEPTH:   6 ON  1     7 = DUSTSTORM OR SANDSTORM:
                                                       VSBY 1/2 MILE OR LESS
                                                   8 = SMOKE OR HAZE
[NO. OF DAYS WITH]      [WEATHER - DAYS WITH]      9 = BLOWING SNOW
                                                   X = TORNADO
MAX 32 OR BELOW:   1    0.01 INCH OR MORE:  12
MAX 90 OR ABOVE:   0    0.10 INCH OR MORE:   9
MIN 32 OR BELOW:  10    0.50 INCH OR MORE:   3
MIN  0 OR BELOW:   0    1.00 INCH OR MORE:   1

[HDD (BASE 65) ]
TOTAL THIS MO.   558    CLEAR  (SCALE 0-3)  10
DPTR FM NORMAL   -91    PTCLDY (SCALE 4-7)   5
TOTAL FM JUL 1  4684    CLOUDY (SCALE 8-10) 12
DPTR FM NORMAL   -13

[CDD (BASE 65) ]
TOTAL THIS MO.     0
DPTR FM NORMAL     0    [PRESSURE DATA]
TOTAL FM JAN 1     0    HIGHEST SLP M ON M
DPTR FM NORMAL     0    LOWEST  SLP M ON M

[REMARKS]
