000
CXUS56 KSGX 211445
CF6RNM
PRELIMINARY LOCAL CLIMATOLOGICAL DATA (WS FORM: F-6)

                                          STATION:   RAMONA AIRPORT CA
                                          MONTH:     AUGUST
                                          YEAR:      2017
                                          LATITUDE:   33  2 N
                                          LONGITUDE: 116 55 W

  TEMPERATURE IN F:       :PCPN:    SNOW:  WIND      :SUNSHINE: SKY     :PK WND
================================================================================
1   2   3   4   5  6A  6B    7    8   9   10  11  12  13   14  15   16   17  18
                                     12Z  AVG MX 2MIN
DY MAX MIN AVG DEP HDD CDD  WTR  SNW DPTH SPD SPD DIR MIN PSBL S-S WX    SPD DR
================================================================================

 1  99  65  82   8   0  17 0.17  0.0    0  2.8 15 300   M    M   2 13     19 300
 2  93  71  82   8   0  17    T  0.0    0  3.3 12 280   M    M   2 3      15 320
 3  95  68  82   8   0  17    T  0.0    0  5.2 16 260   M    M   1        21 270
 4  93  64  79   5   0  14 0.00  0.0    0  5.1 16 280   M    M   0 1      20 260
 5  91  61  76   2   0  11 0.00  0.0    0  5.4 16 280   M    M   2 12     22 270
 6  88  59  74   0   0   9 0.00  0.0    0  5.0 13 270   M    M   2 12     18 280
 7  92  59  76   2   0  11 0.00  0.0    0  5.7 13 300   M    M   2 12     19 280
 8  96  56  76   2   0  11 0.00  0.0    0  5.2 15 300   M    M   0 1      19 310
 9  93  54  74   0   0   9 0.00  0.0    0  4.6 14 290   M    M   1 12     22 260
10  92  56  74   0   0   9 0.00  0.0    0  5.7 15 280   M    M   0        20 300
11  93  60  77   3   0  12 0.00  0.0    0  5.4 14 280   M    M   0        23 150
12  92  59  76   2   0  11 0.00  0.0    0  5.3 15 270   M    M   1 12     19 280
13  92  54  73  -1   0   8 0.00  0.0    0  4.4 15 270   M    M   2 12     19 300
14  90  54  72  -2   0   7 0.00  0.0    0  4.9 15 260   M    M   3 128    23 270
15  79  57  68  -6   0   3 0.00  0.0    0  5.1 16 270   M    M   6 1      22 270
16  82  58  70  -4   0   5 0.00  0.0    0  4.9 14 270   M    M   3        18 280
17  85  52  69  -5   0   4 0.00  0.0    0  4.7 14 270   M    M   0        19 270
18  88  56  72  -2   0   7 0.00  0.0    0  5.5 14 280   M    M   2 12     20 270
19  87  57  72  -2   0   7 0.00  0.0    0  4.1 14 270   M    M   4 12     19 280
20  87  58  73  -1   0   8 0.00  0.0    0  5.0 17 280   M    M   5 12     23 260
================================================================================
SM 1807 1178         0 197  0.17     0.0  97.3          M       38
================================================================================
AV 90.4 58.9                               4.9 FASTST   M    M   2    MAX(MPH)
                                 MISC ---->  # 17 280               # 23  150
================================================================================
NOTES:
# LAST OF SEVERAL OCCURRENCES

COLUMN 17 PEAK WIND IN M.P.H.

PRELIMINARY LOCAL CLIMATOLOGICAL DATA (WS FORM: F-6) , PAGE 2

                                          STATION:  RAMONA AIRPORT CA
                                          MONTH:    AUGUST
                                          YEAR:     2017
                                          LATITUDE:   33  2 N
                                          LONGITUDE: 116 55 W

[TEMPERATURE DATA]      [PRECIPITATION DATA]       SYMBOLS USED IN COLUMN 16

AVERAGE MONTHLY: 74.6   TOTAL FOR MONTH:   0.17    1 = FOG OR MIST
DPTR FM NORMAL:   0.6   DPTR FM NORMAL:    0.09    2 = FOG REDUCING VISIBILITY
HIGHEST:    99 ON  1    GRTST 24HR  0.17 ON  1- 1      TO 1/4 MILE OR LESS
LOWEST:     52 ON 17                               3 = THUNDER
                        SNOW, ICE PELLETS, HAIL    4 = ICE PELLETS
                        TOTAL MONTH:   0.0 INCH    5 = HAIL
                        GRTST 24HR     0.0         6 = FREEZING RAIN OR DRIZZLE
                        GRTST DEPTH:   0           7 = DUSTSTORM OR SANDSTORM:
                                                       VSBY 1/2 MILE OR LESS
                                                   8 = SMOKE OR HAZE
[NO. OF DAYS WITH]      [WEATHER - DAYS WITH]      9 = BLOWING SNOW
                                                   X = TORNADO
MAX 32 OR BELOW:   0    0.01 INCH OR MORE:   1
MAX 90 OR ABOVE:  13    0.10 INCH OR MORE:   1
MIN 32 OR BELOW:   0    0.50 INCH OR MORE:   0
MIN  0 OR BELOW:   0    1.00 INCH OR MORE:   0

[HDD (BASE 65) ]
TOTAL THIS MO.     0    CLEAR  (SCALE 0-3)  16
DPTR FM NORMAL     0    PTCLDY (SCALE 4-7)   4
TOTAL FM JUL 1     0    CLOUDY (SCALE 8-10)  0
DPTR FM NORMAL    -2

[CDD (BASE 65) ]
TOTAL THIS MO.   197
DPTR FM NORMAL    18    [PRESSURE DATA]
TOTAL FM JAN 1   788    HIGHEST SLP M ON M
DPTR FM NORMAL   274    LOWEST  SLP 29.79 ON 11

[REMARKS]
