000
CXUS55 KREV 290841
CF6RNO
PRELIMINARY LOCAL CLIMATOLOGICAL DATA (WS FORM: F-6)

                                          STATION:   RENO-TAHOE INTL AIRPORT NV
                                          MONTH:     MARCH
                                          YEAR:      2017
                                          LATITUDE:   39 30 N
                                          LONGITUDE: 119 47 W

  TEMPERATURE IN F:       :PCPN:    SNOW:  WIND      :SUNSHINE: SKY     :PK WND
================================================================================
1   2   3   4   5  6A  6B    7    8   9   10  11  12  13   14  15   16   17  18
                                     12Z  AVG MX 2MIN
DY MAX MIN AVG DEP HDD CDD  WTR  SNW DPTH SPD SPD DIR MIN PSBL S-S WX    SPD DR
================================================================================

 1  53  24  39  -4  26   0 0.00  0.0    0  3.5 10  10   M    M   M        14 290
 2  58  25  42  -1  23   0 0.00  0.0    0  2.3  9 290   M    M   M        18 290
 3  59  28  44   0  21   0 0.00  0.0    0  2.5  9 210   M    M   M        18 290
 4  56  31  44   0  21   0    T    T    0 17.2 36 230   M    M   M        53 240
 5  38  27  33 -11  32   0 0.34  2.9    0 12.7 24 260   M    M   M 1      38 250
 6  43  26  35  -9  30   0    T    T    0  7.5 16 280   M    M   M        35 290
 7  52  26  39  -5  26   0    T  0.0    0  3.5 16 310   M    M   M        22 300
 8  63  30  47   3  18   0 0.00  0.0    0  3.8 10 330   M    M   M        15 340
 9  69  34  52   7  13   0 0.00  0.0    0  2.9 10 300   M    M   M        22 290
10  64  43  54   9  11   0 0.00  0.0    0  2.6  8 290   M    M   M        16 280
11  73  33  53   8  12   0 0.00  0.0    0  3.2 18 270   M    M   M        22 280
12  71  36  54   9  11   0 0.00  0.0    0  2.2  8 300   M    M   M        16 310
13  77  35  56  11   9   0 0.00  0.0    0  2.3 15 290   M    M   M        33 280
14  77  35  56  10   9   0 0.00  0.0    0  4.2 18 190   M    M   M        25 200
15  71  40  56  10   9   0 0.00  0.0    0  7.0 33 200   M    M   M        44 210
16  72  42  57  11   8   0 0.00  0.0    0  5.5 21 260   M    M   M        27 260
17  77  39  58  12   7   0 0.00  0.0    0  3.3 14 220   M    M   M        20 280
18  69  47  58  12   7   0 0.00  0.0    0  9.2 29 190   M    M   M        38 200
19  71  41  56  10   9   0 0.00  0.0    0  5.0 22 220   M    M   M        28 240
20  72  46  59  13   6   0    T  0.0    0  7.9 25 210   M    M   M        33 220
21  60  43  52   6  13   0 0.32  0.0    0 10.7 36 190   M    M   M 1      47 200
22  53  38  46  -1  19   0    T  0.0    0 10.7 24 170   M    M   M        31 150
23  60  31  46  -1  19   0 0.00  0.0    0  6.0 22 320   M    M   5        30 290
24  57  40  49   2  16   0    T  0.0    0  8.5 26 200   M    M   9        33 180
25  59  38  49   2  16   0 0.00  0.0    0  5.8 20 290   M    M   7        25 290
26  58  34  46  -1  19   0 0.06    M    0  6.2 23 190   M    M   7        39 270
27  52  38  45  -2  20   0 0.02    M    0  9.9 22 340   M    M   5        29 360
28  59  31  45  -2  20   0 0.00  0.0    0  4.3 13  10   M    M   4        19  40
================================================================================
SM 1743  981       450   0  0.74     2.9 170.4          M       37
================================================================================
AV 62.3 35.0                               6.1 FASTST   M    M   6    MAX(MPH)
                                 MISC ---->  # 36 190                 53    M
================================================================================
NOTES:
# LAST OF SEVERAL OCCURRENCES

COLUMN 17 PEAK WIND IN M.P.H.

PRELIMINARY LOCAL CLIMATOLOGICAL DATA (WS FORM: F-6) , PAGE 2

                                          STATION:  RENO-TAHOE INTL AIRPORT NV
                                          MONTH:    MARCH
                                          YEAR:     2017
                                          LATITUDE:   39 30 N
                                          LONGITUDE: 119 47 W

[TEMPERATURE DATA]      [PRECIPITATION DATA]       SYMBOLS USED IN COLUMN 16

AVERAGE MONTHLY: 48.6   TOTAL FOR MONTH:   0.74    1 = FOG OR MIST
DPTR FM NORMAL:   3.2   DPTR FM NORMAL:    0.03    2 = FOG REDUCING VISIBILITY
HIGHEST:    77 ON 17,14 GRTST 24HR  0.34 ON  5- 5      TO 1/4 MILE OR LESS
LOWEST:     24 ON  1                               3 = THUNDER
                        SNOW, ICE PELLETS, HAIL    4 = ICE PELLETS
                        TOTAL MONTH:   2.9 INCHES  5 = HAIL
                        GRTST 24HR   2.9 ON   M    6 = FREEZING RAIN OR DRIZZLE
                        GRTST DEPTH:   0           7 = DUSTSTORM OR SANDSTORM:
                                                       VSBY 1/2 MILE OR LESS
                                                   8 = SMOKE OR HAZE
[NO. OF DAYS WITH]      [WEATHER - DAYS WITH]      9 = BLOWING SNOW
                                                   X = TORNADO
MAX 32 OR BELOW:   0    0.01 INCH OR MORE:   4
MAX 90 OR ABOVE:   0    0.10 INCH OR MORE:   2
MIN 32 OR BELOW:  10    0.50 INCH OR MORE:   0
MIN  0 OR BELOW:   0    1.00 INCH OR MORE:   0

[HDD (BASE 65) ]
TOTAL THIS MO.   450    CLEAR  (SCALE 0-3)   0
DPTR FM NORMAL   -96    PTCLDY (SCALE 4-7)   5
TOTAL FM JUL 1  3823    CLOUDY (SCALE 8-10)  1
DPTR FM NORMAL  -361

[CDD (BASE 65) ]
TOTAL THIS MO.     0
DPTR FM NORMAL     0    [PRESSURE DATA]
TOTAL FM JAN 1     0    HIGHEST SLP M ON M
DPTR FM NORMAL     0    LOWEST  SLP 29.80 ON 21

[REMARKS]
#FINAL--#
