000
CXUS51 KRNK 010947
CF6ROA
PRELIMINARY LOCAL CLIMATOLOGICAL DATA (WS FORM: F-6)

                                          STATION:   ROANOKE VA
                                          MONTH:     FEBRUARY
                                          YEAR:      2015
                                          LATITUDE:   37 19 N
                                          LONGITUDE:  79 58 W

  TEMPERATURE IN F:       :PCPN:    SNOW:  WIND      :SUNSHINE: SKY     :PK WND
================================================================================
1   2   3   4   5  6A  6B    7    8   9   10  11  12  13   14  15   16   17  18
                                     12Z  AVG MX 2MIN
DY MAX MIN AVG DEP HDD CDD  WTR  SNW DPTH SPD SPD DIR MIN PSBL S-S WX    SPD DR
================================================================================

 1  50  34  42   5  23   0 0.03  0.0    0  7.0 15 100   M    M   9        19 100
 2  50  24  37   0  28   0 0.13    T    0 14.3 33 300   M    M   7        45 300
 3  43  22  33  -5  32   0 0.00  0.0    0  7.1 21 310   M    M   2        25 300
 4  56  24  40   2  25   0 0.00  0.0    0  5.7 15 270   M    M   2        20 270
 5  45  19  32  -6  33   0 0.00  0.0    0 13.5 26 330   M    M   3        39 310
 6  46  17  32  -6  33   0 0.00  0.0    0  7.7 18 280   M    M   2        24 280
 7  63  27  45   7  20   0 0.00  0.0    0  8.3 18 240   M    M   4        24 230
 8  69  37  53  15  12   0 0.00  0.0    0  9.3 25 240   M    M   2        32 230
 9  65  43  54  16  11   0 0.04  0.0    0  5.6 16  10   M    M  10 1      19  10
10  47  32  40   2  25   0 0.03  0.0    0  9.0 21 340   M    M   5 1      24 340
11  53  24  39   0  26   0 0.00  0.0    0  4.1 23 300   M    M   1        32 310
12  43  19  31  -8  34   0    T    T    0 16.4 38 320   M    M   7        44 310
13  33  15  24 -15  41   0 0.00  0.0    0  8.2 21 310   M    M   4        27 360
14  46  13  30  -9  35   0 0.04  0.6    T 15.2 35 320   M    M   8 1      44 310
15  22   7  15 -24  50   0    T    T    0 14.4 33 290   M    M   1        45 280
16  17  13  15 -25  50   0 0.89  7.5    8  6.4 14 310   M    M   9 12     16 310
17  34  13  24 -16  41   0 0.10  0.5    7  6.2 18 310   M    M   5 1      22 300
18  32  12  22 -18  43   0 0.01  1.0    6  9.8 26 310   M    M   5 9      34 290
19  13   4   9 -31  56   0 0.01    T    6 16.5 26 310   M    M   6 9      35 300
20  22   0  11 -29  54   0 0.00  0.0    6  7.6 25 300   M    M   3        33 300
21  30  10  20 -21  45   0 1.04  6.3   12  1.7  6 120   M    M   9 1246    8  10
22  53  30  42   1  23   0 0.03  0.0    5  3.1 16 300   M    M   7 16     19 310
23  39  20  30 -11  35   0 0.00  0.0    5 10.2 23 300   M    M   6        27 300
24  27  19  23 -19  42   0 0.00  0.0    5  6.5 13 140   M    M   8        15 140
25  43  21  32 -10  33   0    T    T    5  6.9 20 280   M    M   6        26 280
26  39  29  34  -8  31   0 0.26  3.2    5  5.1 14 120   M    M  10 1      16 110
27  35  22  29 -13  36   0 0.00  0.0    5 10.5 20 330   M    M   3        24 330
28  32  17  25 -17  40   0 0.00  0.0    5  5.0 10 110   M    M   6        21 120
================================================================================
SM 1147  567       957   0  2.61    19.1 241.3          M      150
================================================================================
AV 41.0 20.2                               8.6 FASTST   M    M   5    MAX(MPH)
                                 MISC ---->  # 38 320               # 45  300
================================================================================
NOTES:
# LAST OF SEVERAL OCCURRENCES

COLUMN 17 PEAK WIND IN M.P.H.

PRELIMINARY LOCAL CLIMATOLOGICAL DATA (WS FORM: F-6) , PAGE 2

                                          STATION:  ROANOKE VA
                                          MONTH:    FEBRUARY
                                          YEAR:     2015
                                          LATITUDE:   37 19 N
                                          LONGITUDE:  79 58 W

[TEMPERATURE DATA]      [PRECIPITATION DATA]       SYMBOLS USED IN COLUMN 16

AVERAGE MONTHLY: 30.6   TOTAL FOR MONTH:   2.61    1 = FOG OR MIST
DPTR FM NORMAL:  -9.0   DPTR FM NORMAL:   -0.28    2 = FOG REDUCING VISIBILITY
HIGHEST:    69 ON  8    GRTST 24HR  1.07 ON 21-22      TO 1/4 MILE OR LESS
LOWEST:      0 ON 20                               3 = THUNDER
                        SNOW, ICE PELLETS, HAIL    4 = ICE PELLETS
                        TOTAL MONTH:  19.1 INCHES  5 = HAIL
                        GRTST 24HR   7.5 ON 16-16  6 = FREEZING RAIN OR DRIZZLE
                        GRTST DEPTH:  12 ON 21     7 = DUSTSTORM OR SANDSTORM:
                                                       VSBY 1/2 MILE OR LESS
                                                   8 = SMOKE OR HAZE
[NO. OF DAYS WITH]      [WEATHER - DAYS WITH]      9 = BLOWING SNOW
                                                   X = TORNADO
MAX 32 OR BELOW:   8    0.01 INCH OR MORE:  12
MAX 90 OR ABOVE:   0    0.10 INCH OR MORE:   5
MIN 32 OR BELOW:  25    0.50 INCH OR MORE:   2
MIN  0 OR BELOW:   1    1.00 INCH OR MORE:   1

[HDD (BASE 65) ]
TOTAL THIS MO.   957    CLEAR  (SCALE 0-3)   9
DPTR FM NORMAL   244    PTCLDY (SCALE 4-7)  13
TOTAL FM JUL 1  3429    CLOUDY (SCALE 8-10)  6
DPTR FM NORMAL   224

[CDD (BASE 65) ]
TOTAL THIS MO.     0
DPTR FM NORMAL     0    [PRESSURE DATA]
TOTAL FM JAN 1     0    HIGHEST SLP 30.82 ON 28
DPTR FM NORMAL     0    LOWEST  SLP 29.48 ON  2

[REMARKS]
#FINAL-02-15#
