000
CXUS51 KRNK 290522
CF6ROA
PRELIMINARY LOCAL CLIMATOLOGICAL DATA (WS FORM: F-6)

                                          STATION:   ROANOKE VA
                                          MONTH:     APRIL
                                          YEAR:      2016
                                          LATITUDE:   37 19 N
                                          LONGITUDE:  79 58 W

  TEMPERATURE IN F:       :PCPN:    SNOW:  WIND      :SUNSHINE: SKY     :PK WND
================================================================================
1   2   3   4   5  6A  6B    7    8   9   10  11  12  13   14  15   16   17  18
                                     12Z  AVG MX 2MIN
DY MAX MIN AVG DEP HDD CDD  WTR  SNW DPTH SPD SPD DIR MIN PSBL S-S WX    SPD DR
================================================================================

 1  80  59  70  18   0   5 0.14  0.0    0  9.2 25 240   M    M   8 13     36 230
 2  65  42  54   1  11   0    T  0.0    0 17.8 41 310   M    M   6        56 310
 3  63  34  49  -4  16   0    T    T    0 13.0 39 300   M    M   0        57 330
 4  77  50  64  11   1   0    T  0.0    0 14.3 29 310   M    M   2        37 300
 5  52  34  43 -11  22   0 0.00  0.0    0 10.4 29 290   M    M   3        41 300
 6  58  29  44 -10  21   0 0.00  0.0    0 10.2 23 160   M    M   0        28 150
 7  63  43  53  -1  12   0 0.07  0.0    0 13.6 32 280   M    M   8        43 290
 8  54  39  47  -8  18   0 0.02  0.0    0 11.9 29 310   M    M   5        35 320
 9  44  31  38 -17  27   0    T    T    0 18.5 36 300   M    M   5 1      53 300
10  58  25  42 -13  23   0    T  0.0    0  6.0 15 160   M    M   4        22 150
11  73  47  60   4   5   0    T  0.0    0  8.1 24 160   M    M   6        28 170
12  69  51  60   4   5   0    T  0.0    0  9.5 18 350   M    M   5        24 320
13  61  40  51  -5  14   0 0.00  0.0    0  4.8 13 140   M    M   0        19 100
14  64  40  52  -4  13   0 0.00  0.0    0  4.7 13 120   M    M   0        19 120
15  65  39  52  -5  13   0 0.00  0.0    0  6.8 16 110   M    M   2        23 150
16  69  36  53  -4  12   0 0.00  0.0    0  3.3 10 130   M    M   0        14 170
17  78  38  58   1   7   0 0.00  0.0    0  3.0 13 110   M    M   0        17 140
18  88  46  67  10   0   2 0.00  0.0    0  4.1 16 230   M    M   0        23 220
19  87  52  70  12   0   5 0.00  0.0    0  6.3 21 320   M    M   2        28 310
20  72  55  64   6   1   0 0.00  0.0    0  7.8 17 100   M    M   1        26 120
21  79  54  67   9   0   2 0.00  0.0    0  7.7 23 170   M    M   4        30 160
22  68  56  62   4   3   0 0.21  0.0    0  2.8 12 250   M    M   8 1      16 250
23  74  51  63   4   2   0 0.00  0.0    0  9.2 25 310   M    M   3        31 310
24  75  42  59   0   6   0 0.00  0.0    0  6.2 16 110   M    M   0        19 120
25  85  49  67   8   0   2 0.00  0.0    0  5.8 16 180   M    M   1        23 220
26  86  62  74  14   0   9 0.03  0.0    0 10.5 21 280   M    M   4 8      27 290
27  82  60  71  11   0   6 0.23  0.0    0  5.0 13 120   M    M   6 1      17  20
28  77  58  68   8   0   3 0.26  0.0    0  9.1 23 130   M    M   8 1      28 110
================================================================================
SM 1966 1262       232  34  0.96    T    239.6          M       91
================================================================================
AV 70.2 45.1                               8.6 FASTST   M    M   3    MAX(MPH)
                                 MISC ---->  # 41 310               # 57  330
================================================================================
NOTES:
# LAST OF SEVERAL OCCURRENCES

COLUMN 17 PEAK WIND IN M.P.H.

PRELIMINARY LOCAL CLIMATOLOGICAL DATA (WS FORM: F-6) , PAGE 2

                                          STATION:  ROANOKE VA
                                          MONTH:    APRIL
                                          YEAR:     2016
                                          LATITUDE:   37 19 N
                                          LONGITUDE:  79 58 W

[TEMPERATURE DATA]      [PRECIPITATION DATA]       SYMBOLS USED IN COLUMN 16

AVERAGE MONTHLY: 57.6   TOTAL FOR MONTH:   0.96    1 = FOG OR MIST
DPTR FM NORMAL:   1.3   DPTR FM NORMAL:   -2.19    2 = FOG REDUCING VISIBILITY
HIGHEST:    88 ON 18    GRTST 24HR  0.26 ON 28-28      TO 1/4 MILE OR LESS
LOWEST:     25 ON 10                               3 = THUNDER
                        SNOW, ICE PELLETS, HAIL    4 = ICE PELLETS
                        TOTAL MONTH:    T          5 = HAIL
                        GRTST 24HR    T  ON  9- 9  6 = FREEZING RAIN OR DRIZZLE
                        GRTST DEPTH:   0           7 = DUSTSTORM OR SANDSTORM:
                                                       VSBY 1/2 MILE OR LESS
                                                   8 = SMOKE OR HAZE
[NO. OF DAYS WITH]      [WEATHER - DAYS WITH]      9 = BLOWING SNOW
                                                   X = TORNADO
MAX 32 OR BELOW:   0    0.01 INCH OR MORE:   7
MAX 90 OR ABOVE:   0    0.10 INCH OR MORE:   4
MIN 32 OR BELOW:   3    0.50 INCH OR MORE:   0
MIN  0 OR BELOW:   0    1.00 INCH OR MORE:   0

[HDD (BASE 65) ]
TOTAL THIS MO.   232    CLEAR  (SCALE 0-3)  15
DPTR FM NORMAL   -31    PTCLDY (SCALE 4-7)  11
TOTAL FM JUL 1  3405    CLOUDY (SCALE 8-10)  2
DPTR FM NORMAL  -615

[CDD (BASE 65) ]
TOTAL THIS MO.    34
DPTR FM NORMAL    14    [PRESSURE DATA]
TOTAL FM JAN 1    44    HIGHEST SLP M ON M
DPTR FM NORMAL    19    LOWEST  SLP 29.48 ON  2

[REMARKS]
