000
CXUS51 KBUF 281017
CF6ROC
PRELIMINARY LOCAL CLIMATOLOGICAL DATA (WS FORM: F-6)

                                          STATION:   ROCHESTER NY
                                          MONTH:     MAY
                                          YEAR:      2015
                                          LATITUDE:   43  7 N
                                          LONGITUDE:  77 40 W

  TEMPERATURE IN F:       :PCPN:    SNOW:  WIND      :SUNSHINE: SKY     :PK WND
================================================================================
1   2   3   4   5  6A  6B    7    8   9   10  11  12  13   14  15   16   17  18
                                     12Z  AVG MX 2MIN
DY MAX MIN AVG DEP HDD CDD  WTR  SNW DPTH SPD SPD DIR MIN PSBL S-S WX    SPD DR
================================================================================

 1  66  44  55   3  10   0 0.00  0.0    0  6.9 15  20   M    M   5        22  40
 2  73  45  59   7   6   0 0.00  0.0    0  7.0 16 360   M    M   2        23  10
 3  79  49  64  11   1   0 0.00  0.0    0  7.6 23 310   M    M   4        28 320
 4  83  54  69  16   0   4    T  0.0    0 11.8 28 230   M    M   6        37 220
 5  67  51  59   5   6   0 0.00  0.0    0  4.9 14  30   M    M   8 1      16  10
 6  75  54  65  11   0   0 0.00  0.0    0  7.2 20 130   M    M   4        23 130
 7  78  48  63   9   2   0 0.00  0.0    0  4.3 16  30   M    M   3        23  40
 8  90  55  73  19   0   8 0.00  0.0    0  4.2 12 190   M    M   4        14 240
 9  92  65  79  24   0  14 0.12  0.0    0  8.5 23 250   M    M   6 13     31 230
10  84  67  76  21   0  11 0.17  0.0    0  6.9 20  20   M    M   7 13     25  30
11  79  58  69  14   0   4 0.53  0.0    0  6.3 31 290   M    M   8 1238   38 300
12  69  52  61   5   4   0 0.03  0.0    0 18.2 39 260   M    M   8 1      51 250
13  58  44  51  -5  14   0 0.01  0.0    0 11.4 22 290   M    M   6 18     27 300
14  64  38  51  -5  14   0 0.00  0.0    0  4.6 14  50   M    M   3 1      19  60
15  73  47  60   3   5   0 0.12  0.0    0  5.2 24 250   M    M  10 138    31 240
16  77  57  67  10   0   2 0.00  0.0    0  7.8 17 260   M    M   8 1      23 250
17  77  59  68  11   0   3 0.00  0.0    0  5.3 15  30   M    M   5        18  50
18  85  62  74  16   0   9    T  0.0    0  9.0 17 280   M    M   8        24 270
19  72  49  61   3   4   0 0.00  0.0    0 13.3 26 250   M    M   9        36 250
20  59  42  51  -7  14   0 0.00  0.0    0 13.2 26 300   M    M   7        35 300
21  66  45  56  -2   9   0 0.00  0.0    0  8.3 21 260   M    M   7        27 270
22  61  41  51  -8  14   0 0.00  0.0    0 10.8 24 310   M    M   4        30 330
23  67  32  50  -9  15   0 0.00  0.0    0  8.9 18 250   M    M   0        29 290
24  81  47  64   5   1   0 0.00  0.0    0  9.5 21 260   M    M   6        29 240
25  87  61  74  14   0   9 0.15  0.0    0  8.6 21 270   M    M   9 1      27 260
26  84  66  75  15   0  10 0.07  0.0    0  8.1 20 160   M    M   6        24 250
27  84  65  75  15   0  10 0.30  0.0    0 11.0 36 270   M    M   8 13     48 260
================================================================================
SM 2030 1397       119  84  1.50     0.0 228.8          M      161
================================================================================
AV 75.2 51.7                               8.5 FASTST   M    M   6    MAX(MPH)
                                 MISC ---->  # 39 260               # 51  250
================================================================================
NOTES:
# LAST OF SEVERAL OCCURRENCES

COLUMN 17 PEAK WIND IN M.P.H.

PRELIMINARY LOCAL CLIMATOLOGICAL DATA (WS FORM: F-6) , PAGE 2

                                          STATION:  ROCHESTER NY
                                          MONTH:    MAY
                                          YEAR:     2015
                                          LATITUDE:   43  7 N
                                          LONGITUDE:  77 40 W

[TEMPERATURE DATA]      [PRECIPITATION DATA]       SYMBOLS USED IN COLUMN 16

AVERAGE MONTHLY: 63.5   TOTAL FOR MONTH:   1.50    1 = FOG OR MIST
DPTR FM NORMAL:   7.2   DPTR FM NORMAL:   -1.00    2 = FOG REDUCING VISIBILITY
HIGHEST:    92 ON  9    GRTST 24HR  0.56 ON 11-12      TO 1/4 MILE OR LESS
LOWEST:     32 ON 23                               3 = THUNDER
                        SNOW, ICE PELLETS, HAIL    4 = ICE PELLETS
                        TOTAL MONTH:   0.0 INCH    5 = HAIL
                        GRTST 24HR     0.0         6 = FREEZING RAIN OR DRIZZLE
                        GRTST DEPTH:   0           7 = DUSTSTORM OR SANDSTORM:
                                                       VSBY 1/2 MILE OR LESS
                                                   8 = SMOKE OR HAZE
[NO. OF DAYS WITH]      [WEATHER - DAYS WITH]      9 = BLOWING SNOW
                                                   X = TORNADO
MAX 32 OR BELOW:   0    0.01 INCH OR MORE:   9
MAX 90 OR ABOVE:   2    0.10 INCH OR MORE:   6
MIN 32 OR BELOW:   1    0.50 INCH OR MORE:   1
MIN  0 OR BELOW:   0    1.00 INCH OR MORE:   0

[HDD (BASE 65) ]
TOTAL THIS MO.   119    CLEAR  (SCALE 0-3)   4
DPTR FM NORMAL  -135    PTCLDY (SCALE 4-7)  19
TOTAL FM JUL 1  6805    CLOUDY (SCALE 8-10)  4
DPTR FM NORMAL   248

[CDD (BASE 65) ]
TOTAL THIS MO.    84
DPTR FM NORMAL    66    [PRESSURE DATA]
TOTAL FM JAN 1    84    HIGHEST SLP M ON M
DPTR FM NORMAL    62    LOWEST  SLP 29.77 ON 11

[REMARKS]
