000
CXUS56 KFGZ 190900
CF6RQE
PRELIMINARY LOCAL CLIMATOLOGICAL DATA (WS FORM: F-6)

                                          STATION:   WINDOW ROCK AZ AIRPORT
                                          MONTH:     SEPTEMBER
                                          YEAR:      2017
                                          LATITUDE:   35 39 N
                                          LONGITUDE: 109  4 W

  TEMPERATURE IN F:       :PCPN:    SNOW:  WIND      :SUNSHINE: SKY     :PK WND
================================================================================
1   2   3   4   5  6A  6B    7    8   9   10  11  12  13   14  15   16   17  18
                                     12Z  AVG MX 2MIN
DY MAX MIN AVG DEP HDD CDD  WTR  SNW DPTH SPD SPD DIR MIN PSBL S-S WX    SPD DR
================================================================================

 1  86  50  68   3   0   3    T    M    M  3.5 16 310   M    M   1        23 310
 2  90  46  68   4   0   3 0.00    M    M  2.8 13  30   M    M   2        18  30
 3  91  48  70   6   0   5 0.00  0.0    0  3.2 13 210   M    M   0 8      18  70
 4  93  46  70   6   0   5 0.00    M    M  4.9 21 180   M    M   0        27 180
 5  91  49  70   7   0   5 0.00    M    M  5.1 25 340   M    M   0 8      34 330
 6  89  47  68   5   0   3    T    M    M  5.4 18  50   M    M   2 3      23  90
 7  87  52  70   7   0   5 0.00    M    M  4.0 16 170   M    M   4        26 170
 8  87  48  68   6   0   3 0.02    M    M  3.5 18 110   M    M   4 8      26 110
 9  81  56  69   7   0   4 0.25    M    M  4.1 16 220   M    M   8 18     22 220
10  84  48  66   4   0   1 0.00    M    M  2.7 10 160   M    M   3 12     16 140
11  87  48  68   7   0   3 0.00    M    M  3.1 13  30   M    M   1        18 360
12  87  48  68   7   0   3 0.05    M    0  3.6 23 330   M    M   3        31 350
13  87  48  68   7   0   3 0.00  0.0    0  4.9 21 290   M    M   2        29 310
14  80  48  64   4   1   0 0.05    M    0  7.9 33 240   M    M   3 8      54 200
15  77  48  63   3   2   0 0.00  0.0    0 10.6 29 230   M    M   1        39 200
16  77  43  60   1   5   0 0.00  0.0    0  4.2 17 220   M    M   2        23 200
17  80  41  61   2   4   0    T    M    0  7.2 26 240   M    M   3        35 240
18  80  36  58  -1   7   0 0.00    M    M  7.5 23 230   M    M   0        32 200
================================================================================
SM 1534  850        19  46  0.37     0.0  88.2          M       39
================================================================================
AV 85.2 47.2                               4.9 FASTST   M    M   2    MAX(MPH)
                                 MISC ---->  # 33 240               # 54  200
================================================================================
NOTES:
# LAST OF SEVERAL OCCURRENCES

COLUMN 17 PEAK WIND IN M.P.H.

PRELIMINARY LOCAL CLIMATOLOGICAL DATA (WS FORM: F-6) , PAGE 2

                                          STATION:  WINDOW ROCK AZ AIRPORT
                                          MONTH:    SEPTEMBER
                                          YEAR:     2017
                                          LATITUDE:   35 39 N
                                          LONGITUDE: 109  4 W

[TEMPERATURE DATA]      [PRECIPITATION DATA]       SYMBOLS USED IN COLUMN 16

AVERAGE MONTHLY: 66.2   TOTAL FOR MONTH:   0.37    1 = FOG OR MIST
DPTR FM NORMAL:   4.4   DPTR FM NORMAL:   -0.56    2 = FOG REDUCING VISIBILITY
HIGHEST:    93 ON  4    GRTST 24HR  0.25 ON  9- 9      TO 1/4 MILE OR LESS
LOWEST:     36 ON 18                               3 = THUNDER
                        SNOW, ICE PELLETS, HAIL    4 = ICE PELLETS
                        TOTAL MONTH:   0.0 INCH    5 = HAIL
                        GRTST 24HR     0.0         6 = FREEZING RAIN OR DRIZZLE
                        GRTST DEPTH:   0           7 = DUSTSTORM OR SANDSTORM:
                                                       VSBY 1/2 MILE OR LESS
                                                   8 = SMOKE OR HAZE
[NO. OF DAYS WITH]      [WEATHER - DAYS WITH]      9 = BLOWING SNOW
                                                   X = TORNADO
MAX 32 OR BELOW:   0    0.01 INCH OR MORE:   4
MAX 90 OR ABOVE:   4    0.10 INCH OR MORE:   1
MIN 32 OR BELOW:   0    0.50 INCH OR MORE:   0
MIN  0 OR BELOW:   0    1.00 INCH OR MORE:   0

[HDD (BASE 65) ]
TOTAL THIS MO.    19    CLEAR  (SCALE 0-3)  15
DPTR FM NORMAL   -48    PTCLDY (SCALE 4-7)   3
TOTAL FM JUL 1    23    CLOUDY (SCALE 8-10)  0
DPTR FM NORMAL   -53

[CDD (BASE 65) ]
TOTAL THIS MO.    46
DPTR FM NORMAL    40    [PRESSURE DATA]
TOTAL FM JAN 1   513    HIGHEST SLP M ON M
DPTR FM NORMAL   233    LOWEST  SLP 29.74 ON 14

[REMARKS]
