000
CXUS56 KFGZ 010900
CF6RQE
PRELIMINARY LOCAL CLIMATOLOGICAL DATA (WS FORM: F-6)

                                          STATION:   WINDOW ROCK AZ AIRPORT
                                          MONTH:     FEBRUARY
                                          YEAR:      2015
                                          LATITUDE:   35 39 N
                                          LONGITUDE: 109  4 W

  TEMPERATURE IN F:       :PCPN:    SNOW:  WIND      :SUNSHINE: SKY     :PK WND
================================================================================
1   2   3   4   5  6A  6B    7    8   9   10  11  12  13   14  15   16   17  18
                                     12Z  AVG MX 2MIN
DY MAX MIN AVG DEP HDD CDD  WTR  SNW DPTH SPD SPD DIR MIN PSBL S-S WX    SPD DR
================================================================================

 1  49  22  36   5  29   0 0.00    M    M  4.0 15  20   M    M   1        18  10
 2  55  21  38   7  27   0 0.00    M    M  3.7 16 360   M    M   0        20  10
 3  57  25  41  10  24   0 0.00    M    M  3.8 16 320   M    M   0        23 270
 4  60  28  44  13  21   0 0.00    M    M  3.7 16 280   M    M   0        26 340
 5  65  26  46  15  19   0 0.00    M    M  1.8 10 100   M    M   0        13 130
 6  65  22  44  13  21   0 0.00    M    M  3.1 16 240   M    M   0        21 240
 7  65  23  44  12  21   0 0.00    M    M  4.5 18 260   M    M   0        24 260
 8  65  27  46  14  19   0 0.00    M    M  2.0 13 270   M    M   0        17 350
 9  66  25  46  14  19   0 0.00    M    M  3.3 15 270   M    M   0        22 280
10  64  21  43  11  22   0 0.00    M    M  5.6 21 240   M    M   0        28 230
11  47  25  36   4  29   0    M    M    M  2.4 14 350   M    M   0        18  50
12  47  19  33   1  32   0 0.00    M    M  0.4  5 190   M    M   0         M  M
13  55  19  37   4  28   0 0.00    M    M  0.8  8 180   M    M   0        11  70
14  69  20  45  12  20   0 0.00    M    M  1.2 14 190   M    M   0        21 190
15  66  23  45  12  20   0 0.00    M    M  6.3 25 280   M    M   0        38 260
16  55  21  38   5  27   0 0.00    M    M  7.7 24 300   M    M   0        31 340
17  49  12  31  -2  34   0 0.00  0.0    M  5.2 17 280   M    M   0        23 280
18  62  15  39   5  26   0 0.00    M    M  4.1 17 360   M    M   0        22 360
19  65  17  41   7  24   0 0.00    M    M  4.5 18 290   M    M   0        25 270
20  62  21  42   8  23   0 0.00999.0    M  6.5 26 260   M    M   0        35 270
21  59  25  42   8  23   0 0.00    M    M 10.0 30 270   M    M   4        41 230
22  59  28  44  10  21   0    T    M    M 13.5 28 230   M    M   5        45 240
23  50  33  42   7  23   0 0.20    M    M 11.3 33 230   M    M  10 1      46 210
24  37  25  31  -4  34   0 0.40    M    M  4.4 13 340   M    M  10 128    18 350
25  47  17  32  -3  33   0 0.00    M    M  4.3 20 320   M    M   1        27 310
26  45  22  34  -1  31   0 0.02    M    M  4.3 21 240   M    M   4 8      27 240
27  36  22  29  -7  36   0 0.11    M    M  2.2 12 250   M    M   7 1      15 240
28  43  31  37   1  28   0 0.63    M    M  6.6 25 240   M    M   8 1      32 230
================================================================================
SM 1564  635       714   0  1.36   999.0 131.2          M       50
================================================================================
AV 55.9 22.7                               4.7 FASTST   M    M   2    MAX(MPH)
                                 MISC ---->  # 33 230               # 46  210
================================================================================
NOTES:
# LAST OF SEVERAL OCCURRENCES

COLUMN 17 PEAK WIND IN M.P.H.

PRELIMINARY LOCAL CLIMATOLOGICAL DATA (WS FORM: F-6) , PAGE 2

                                          STATION:  WINDOW ROCK AZ AIRPORT
                                          MONTH:    FEBRUARY
                                          YEAR:     2015
                                          LATITUDE:   35 39 N
                                          LONGITUDE: 109  4 W

[TEMPERATURE DATA]      [PRECIPITATION DATA]       SYMBOLS USED IN COLUMN 16

AVERAGE MONTHLY: 39.3   TOTAL FOR MONTH:   1.36    1 = FOG OR MIST
DPTR FM NORMAL:   6.3   DPTR FM NORMAL:    0.63    2 = FOG REDUCING VISIBILITY
HIGHEST:    69 ON 14    GRTST 24HR  0.63 ON 28-28      TO 1/4 MILE OR LESS
LOWEST:     12 ON 17                               3 = THUNDER
                        SNOW, ICE PELLETS, HAIL    4 = ICE PELLETS
                        TOTAL MONTH: 999.0 INCHES  5 = HAIL
                        GRTST 24HR 999.0 ON 20-20  6 = FREEZING RAIN OR DRIZZLE
                        GRTST DEPTH:  M  ON   M    7 = DUSTSTORM OR SANDSTORM:
                                                       VSBY 1/2 MILE OR LESS
                                                   8 = SMOKE OR HAZE
[NO. OF DAYS WITH]      [WEATHER - DAYS WITH]      9 = BLOWING SNOW
                                                   X = TORNADO
MAX 32 OR BELOW:   0    0.01 INCH OR MORE:   5
MAX 90 OR ABOVE:   0    0.10 INCH OR MORE:   4
MIN 32 OR BELOW:  27    0.50 INCH OR MORE:   1
MIN  0 OR BELOW:   0    1.00 INCH OR MORE:   0

[HDD (BASE 65) ]
TOTAL THIS MO.   714    CLEAR  (SCALE 0-3)  21
DPTR FM NORMAL  -182    PTCLDY (SCALE 4-7)   5
TOTAL FM JUL 1  3834    CLOUDY (SCALE 8-10)  2
DPTR FM NORMAL  -798

[CDD (BASE 65) ]
TOTAL THIS MO.     0
DPTR FM NORMAL     0    [PRESSURE DATA]
TOTAL FM JAN 1     0    HIGHEST SLP M ON M
DPTR FM NORMAL     0    LOWEST  SLP 29.56 ON 28

[REMARKS]
#FINAL-02-15#
