000
CXUS51 KBTV 280700
CF6RUT
PRELIMINARY LOCAL CLIMATOLOGICAL DATA (WS FORM: F-6)

                                          STATION:   RUTLAND VT
                                          MONTH:     AUGUST
                                          YEAR:      2015
                                          LATITUDE:   43 31 N
                                          LONGITUDE:  72 57 W

  TEMPERATURE IN F:       :PCPN:    SNOW:  WIND      :SUNSHINE: SKY     :PK WND
================================================================================
1   2   3   4   5  6A  6B    7    8   9   10  11  12  13   14  15   16   17  18
                                     12Z  AVG MX 2MIN
DY MAX MIN AVG DEP HDD CDD  WTR  SNW DPTH SPD SPD DIR MIN PSBL S-S WX    SPD DR
================================================================================

 1   M   M   M   M   M   M    M    M    M   M   M   M   M    M   M         M  M
 2   M   M   M   M   M   M    M    M    M   M   M   M   M    M   M         M  M
 3   M   M   M   M   M   M    M    M    M   M   M   M   M    M   M         M  M
 4  81  61  71   M   0   6 0.01  0.0    M  9.1 15 230   M    M   4        20 230
 5  75  55  65   M   0   0 0.00  0.0    0  7.2 16 270   M    M   6        22 270
 6  73  55  64   M   1   0 0.00  0.0    0  4.6 14 280   M    M   6        22 280
 7  73  50  62   M   3   0 0.00  0.0    0  5.2 12 140   M    M   2         M  M
 8  75  52  64   M   1   0 0.00  0.0    0  4.9  9 310   M    M   2         M  M
 9  79  54  67   M   0   2 0.00  0.0    0  4.6  8 130   M    M   3         M  M
10  82  57  70   M   0   5 0.01  0.0    0  6.7 13 240   M    M   5        16 190
11  70  63  67   M   0   2 0.92  0.0    0  5.7 13 140   M    M   9         M  M
12  77  61  69   M   0   4 0.03  0.0    0  3.2 12 260   M    M   8         M  M
13  72  57  65   M   0   0 0.00  0.0    0  4.3 10 220   M    M   6         M  M
14  82  54  68   M   0   3 0.00  0.0    0  6.5 12 260   M    M   4        18 270
15  81  63  72   M   0   7 0.30  0.0    0  2.2  6 110   M    M   8 3       M  M
16  82  61  72   M   0   7 0.00  0.0    0  3.8 10 120   M    M   4         M  M
17  84  61  73   M   0   8 0.00  0.0    0  5.5  9 130   M    M   0         M  M
18  88  63  76   M   0  11 0.00  0.0    0  6.1 13 130   M    M   1         M  M
19  88  66  77   M   0  12 0.00  0.0    0  6.7 12 120   M    M   2        16 220
20  84  66  75   M   0  10 0.01  0.0    0 12.7 21 160   M    M   5        27 150
21  77  59  68   M   0   3 0.11  0.0    0  5.7 12 150   M    M   6        18 150
22  79  54  67   M   0   2 0.00  0.0    0  5.8 10 130   M    M   3         M  M
23  79  55  67   M   0   2 0.00  0.0    0  5.9 13 120   M    M   3        17 120
24  82  64  73   M   0   8 0.00  0.0    0  6.9 13 150   M    M   4         M  M
25  81  61  71   M   0   6 0.15  0.0    0  3.1  7 130   M    M   7         M  M
26  73  57  65   M   0   0 0.06  0.0    0  3.2 10 280   M    M   7         M  M
27  72  54  63   M   2   0 0.00  0.0    0  5.1 12 240   M    M   7         M  M
================================================================================
SM 1889 1403         7  98  1.60     0.0 134.7          M      112
================================================================================
AV 78.7 58.5                               5.6 FASTST   M    M   5    MAX(MPH)
                                 MISC ---->    21   M               # 27  150
================================================================================
NOTES:
# LAST OF SEVERAL OCCURRENCES

COLUMN 17 PEAK WIND IN M.P.H.

PRELIMINARY LOCAL CLIMATOLOGICAL DATA (WS FORM: F-6) , PAGE 2

                                          STATION:  RUTLAND VT
                                          MONTH:    AUGUST
                                          YEAR:     2015
                                          LATITUDE:   43 31 N
                                          LONGITUDE:  72 57 W

[TEMPERATURE DATA]      [PRECIPITATION DATA]       SYMBOLS USED IN COLUMN 16

AVERAGE MONTHLY: 68.6   TOTAL FOR MONTH:   1.60    1 = FOG OR MIST
DPTR FM NORMAL:     M   DPTR FM NORMAL:       M    2 = FOG REDUCING VISIBILITY
HIGHEST:    88 ON 19,18 GRTST 24HR  0.92 ON 11-11      TO 1/4 MILE OR LESS
LOWEST:     50 ON  7                               3 = THUNDER
                        SNOW, ICE PELLETS, HAIL    4 = ICE PELLETS
                        TOTAL MONTH:   0.0 INCH    5 = HAIL
                        GRTST 24HR     0.0         6 = FREEZING RAIN OR DRIZZLE
                        GRTST DEPTH:   0           7 = DUSTSTORM OR SANDSTORM:
                                                       VSBY 1/2 MILE OR LESS
                                                   8 = SMOKE OR HAZE
[NO. OF DAYS WITH]      [WEATHER - DAYS WITH]      9 = BLOWING SNOW
                                                   X = TORNADO
MAX 32 OR BELOW:   0    0.01 INCH OR MORE:   9
MAX 90 OR ABOVE:   0    0.10 INCH OR MORE:   4
MIN 32 OR BELOW:   0    0.50 INCH OR MORE:   1
MIN  0 OR BELOW:   0    1.00 INCH OR MORE:   0

[HDD (BASE 65) ]
TOTAL THIS MO.     7    CLEAR  (SCALE 0-3)   8
DPTR FM NORMAL     M    PTCLDY (SCALE 4-7)  15
TOTAL FM JUL 1    35    CLOUDY (SCALE 8-10)  1
DPTR FM NORMAL     M

[CDD (BASE 65) ]
TOTAL THIS MO.    98
DPTR FM NORMAL     M    [PRESSURE DATA]
TOTAL FM JAN 1   292    HIGHEST SLP M ON M
DPTR FM NORMAL     M    LOWEST  SLP M ON M

[REMARKS]
