000
CXUS53 KMPX 271000
CF6RWF
PRELIMINARY LOCAL CLIMATOLOGICAL DATA (WS FORM: F-6)

                                          STATION:   REDWOOD FALLS MN
                                          MONTH:     DECEMBER
                                          YEAR:      2014
                                          LATITUDE:   44 32 N
                                          LONGITUDE:  95  5 W

  TEMPERATURE IN F:       :PCPN:    SNOW:  WIND      :SUNSHINE: SKY     :PK WND
================================================================================
1   2   3   4   5  6A  6B    7    8   9   10  11  12  13   14  15   16   17  18
                                     12Z  AVG MX 2MIN
DY MAX MIN AVG DEP HDD CDD  WTR  SNW DPTH SPD SPD DIR MIN PSBL S-S WX    SPD DR
================================================================================

 1  11  -4   4 -19  61   0    M    M    M 11.0 21 320   M    M   1        30 320
 2  29  11  20  -3  45   0    M    M    M 12.3 24 160   M    M   4        29 160
 3  24  13  19  -3  46   0    M    M    M  9.9 20 290   M    M   1        23 290
 4  33  17  25   3  40   0    M    M    M 13.6 21 140   M    M   3        24 150
 5  38  20  29   8  36   0    M    M    M  6.8 12 140   M    M   6 18     14 360
 6  28  13  21   0  44   0    M    M    M  7.5 13 140   M    M   0 1      17 150
 7  35  22  29   9  36   0    M    M    M 15.0 26 160   M    M   8 18     31 150
 8  38  19  29   9  36   0    M    M    M 14.5 23 320   M    M  10 18     34 350
 9  25  18  22   2  43   0    M    M    M  7.1 15 320   M    M  10        20 320
10  30  20  25   6  40   0    M    M    M 14.0 21 150   M    M   9 1      24 150
11  35  27  31  12  34   0    M    M    M 11.5 17 160   M    M  10 1      20 160
12  44  34  39  20  26   0    M    M    M 11.4 18 190   M    M   8 18     23 190
13  56  33  45  27  20   0    M    M    M 11.4 23 220   M    M   6 128    31 240
14  53  38  46  28  19   0    M    M    M 10.8 16 150   M    M  10 1      21 150
15  38  21  30  12  35   0    M    M    M 11.8 24 330   M    M  10 1      35 330
16  21  10  16  -1  49   0    M    M    M 15.0 26 330   M    M   8 18     39 330
17  19   6  13  -4  52   0    M    M    M  6.9 13 340   M    M   0 1      18 340
18  24   5  15  -2  50   0    M    M    M  5.4 10 140   M    M   6 1      13 150
19  33  24  29  12  36   0    M    M    M 10.7 17 190   M    M  10 18     22 180
20  33  31  32  16  33   0 0.00    M    M 11.6 18 170   M    M  10 1      24 190
21  38  32  35  19  30   0    M    M    M 12.1 21 160   M    M  10 12     24 160
22  39  35  37  21  28   0    M    M    M 14.3 20 140   M    M  10 1      18 110
23  37  33  35  19  30   0    M    M    M 10.4 17 330   M    M  10 1      23 330
24  33  29  31  15  34   0    M    M    M 10.4 17 210   M    M  10 1      24 320
25  34  29  32  16  33   0    M    M    M  6.3 16 180   M    M   9 18     19 180
26  32  25  29  14  36   0    M    M    M  9.5 15 350   M    M  10 1      20  10
================================================================================
SM  860  561       972   0  0.00    M    281.2          M      189
================================================================================
AV 33.1 21.6                              10.8 FASTST   M    M   7    MAX(MPH)
                                 MISC ---->  # 26 160               # 39  330
================================================================================
NOTES:
# LAST OF SEVERAL OCCURRENCES

COLUMN 17 PEAK WIND IN M.P.H.

PRELIMINARY LOCAL CLIMATOLOGICAL DATA (WS FORM: F-6) , PAGE 2

                                          STATION:  REDWOOD FALLS MN
                                          MONTH:    DECEMBER
                                          YEAR:     2014
                                          LATITUDE:   44 32 N
                                          LONGITUDE:  95  5 W

[TEMPERATURE DATA]      [PRECIPITATION DATA]       SYMBOLS USED IN COLUMN 16

AVERAGE MONTHLY: 27.3   TOTAL FOR MONTH:   0.00    1 = FOG OR MIST
DPTR FM NORMAL:   8.8   DPTR FM NORMAL:   -0.52    2 = FOG REDUCING VISIBILITY
HIGHEST:    56 ON 13    GRTST 24HR  0.45 ON 14-15      TO 1/4 MILE OR LESS
LOWEST:     -4 ON  1                               3 = THUNDER
                        SNOW, ICE PELLETS, HAIL    4 = ICE PELLETS
                        TOTAL MONTH:    M          5 = HAIL
                        GRTST 24HR    M  ON   M    6 = FREEZING RAIN OR DRIZZLE
                        GRTST DEPTH:  M  ON   M    7 = DUSTSTORM OR SANDSTORM:
                                                       VSBY 1/2 MILE OR LESS
                                                   8 = SMOKE OR HAZE
[NO. OF DAYS WITH]      [WEATHER - DAYS WITH]      9 = BLOWING SNOW
                                                   X = TORNADO
MAX 32 OR BELOW:  10    0.01 INCH OR MORE:   0
MAX 90 OR ABOVE:   0    0.10 INCH OR MORE:   0
MIN 32 OR BELOW:  21    0.50 INCH OR MORE:   0
MIN  0 OR BELOW:   1    1.00 INCH OR MORE:   0

[HDD (BASE 65) ]
TOTAL THIS MO.   972    CLEAR  (SCALE 0-3)   5
DPTR FM NORMAL  -236    PTCLDY (SCALE 4-7)   7
TOTAL FM JUL 1  2818    CLOUDY (SCALE 8-10) 14
DPTR FM NORMAL  -108

[CDD (BASE 65) ]
TOTAL THIS MO.     0
DPTR FM NORMAL     0    [PRESSURE DATA]
TOTAL FM JAN 1   675    HIGHEST SLP M ON M
DPTR FM NORMAL     6    LOWEST  SLP 29.60 ON 25

[REMARKS]
