000
CXUS55 KPIH 241200
CF6RXE

PRELIMINARY LOCAL CLIMATOLOGICAL DATA (WS FORM: F-6)

                                          STATION:   REXBURG ID
                                          MONTH:     JULY
                                          YEAR:      2014
                                          LATITUDE:   43 49 N
                                          LONGITUDE: 111 48 W

  TEMPERATURE IN F:       :PCPN:    SNOW:  WIND      :SUNSHINE: SKY     :PK WND
================================================================================
1   2   3   4   5  6A  6B    7    8   9   10  11  12  13   14  15   16   17  18
                                     12Z  AVG MX 2MIN
DY MAX MIN AVG DEP HDD CDD  WTR  SNW DPTH SPD SPD DIR MIN PSBL S-S WX    SPD DR
================================================================================

 1  80  43  62  -2   3   0 0.00    M    M  4.5  9  50   M    M   0        12  80
 2  88  46  67   3   0   2 0.00    M    M  4.8 13  60   M    M   0        15  60
 3  88  52  70   6   0   5    T    M    M  7.5 33 180   M    M   0 3      41 180
 4  92  52  72   8   0   7    T    M    M  7.8 32 240   M    M   0        47 240
 5  91  52  72   7   0   7 0.00    M    M 10.8 24 210   M    M   0        31 220
 6  91  51  71   6   0   6 0.00    M    M  5.0 13 190   M    M   0        18 190
 7  88  53  71   6   0   6 0.00    M    M  4.9 10  60   M    M   0        13 150
 8  91  52  72   7   0   7 0.00    M    M  6.6 16 220   M    M   0        21 210
 9  91  52  72   6   0   7 0.00    M    M  6.0 18 220   M    M   0        24 230
10  85  61  73   7   0   8 0.00    M    M  6.6 17 200   M    M   3        24 180
11  89  55  72   6   0   7    T    M    M  5.5 17  10   M    M   1 3      22  10
12  86  59  73   7   0   8    T    M    M  5.3 20  50   M    M   1        24  50
13  91  52  72   5   0   7 0.00    M    M  4.8  9  60   M    M   0        12  60
14  86  59  73   6   0   8 0.06    M    M 10.1 28  60   M    M   0 3      36  60
15  87  54  71   4   0   6 1.15    M    M  7.8 24 160   M    M   2 13     33 280
16  83  54  69   2   0   4 0.00    M    M  4.4  9  80   M    M   0        12  50
17  85  49  67  -1   0   2    T    M    M  5.2 18 290   M    M   1 38     32 280
18  89  51  70   2   0   5 0.00    M    M  9.7 24 200   M    M   1        33 200
19  86  50  68   0   0   3 0.00    M    M 10.8 22 200   M    M   0 8      31 200
20  88  57  73   5   0   8    T    M    M 11.7 23 220   M    M   0        30 220
21  87  64  76   8   0  11 0.09    M    M 12.3 23 250   M    M   2 3      30 200
22  88  53  71   3   0   6 0.00    M    M  4.9 14 200   M    M   0        18 200
23  92  54  73   4   0   8 0.00    M    M  6.5 15 270   M    M   0        19 280
================================================================================
SM 2022 1225         3 138  1.30    M    163.5          M       11
================================================================================
AV 87.9 53.3                               7.1 FASTST   M    M   0    MAX(MPH)
                                 MISC ---->  # 33 180               # 47  240
================================================================================
NOTES:
# LAST OF SEVERAL OCCURRENCES

COLUMN 17 PEAK WIND IN M.P.H.

PRELIMINARY LOCAL CLIMATOLOGICAL DATA (WS FORM: F-6) , PAGE 2

                                          STATION:  REXBURG ID
                                          MONTH:    JULY
                                          YEAR:     2014
                                          LATITUDE:   43 49 N
                                          LONGITUDE: 111 48 W

[TEMPERATURE DATA]      [PRECIPITATION DATA]       SYMBOLS USED IN COLUMN 16

AVERAGE MONTHLY: 70.6   TOTAL FOR MONTH:   1.30    1 = FOG OR MIST
DPTR FM NORMAL:   4.3   DPTR FM NORMAL:    0.74    2 = FOG REDUCING VISIBILITY
HIGHEST:    92 ON 23, 4 GRTST 24HR  1.15 ON 15-15      TO 1/4 MILE OR LESS
LOWEST:     43 ON  1                               3 = THUNDER
                        SNOW, ICE PELLETS, HAIL    4 = ICE PELLETS
                        TOTAL MONTH:    M          5 = HAIL
                        GRTST 24HR    M  ON   M    6 = FREEZING RAIN OR DRIZZLE
                        GRTST DEPTH:  M  ON   M    7 = DUSTSTORM OR SANDSTORM:
                                                       VSBY 1/2 MILE OR LESS
                                                   8 = SMOKE OR HAZE
[NO. OF DAYS WITH]      [WEATHER - DAYS WITH]      9 = BLOWING SNOW
                                                   X = TORNADO
MAX 32 OR BELOW:   0    0.01 INCH OR MORE:   3
MAX 90 OR ABOVE:   7    0.10 INCH OR MORE:   1
MIN 32 OR BELOW:   0    0.50 INCH OR MORE:   1
MIN  0 OR BELOW:   0    1.00 INCH OR MORE:   1

[HDD (BASE 65) ]
TOTAL THIS MO.     3    CLEAR  (SCALE 0-3)  23
DPTR FM NORMAL   -24    PTCLDY (SCALE 4-7)   0
TOTAL FM JUL 1     3    CLOUDY (SCALE 8-10)  0
DPTR FM NORMAL   -24

[CDD (BASE 65) ]
TOTAL THIS MO.   138
DPTR FM NORMAL    81    [PRESSURE DATA]
TOTAL FM JAN 1   141    HIGHEST SLP M ON M
DPTR FM NORMAL    62    LOWEST  SLP 29.73 ON 10

[REMARKS]
