000
CXUS55 KPIH 201200
CF6RXE

PRELIMINARY LOCAL CLIMATOLOGICAL DATA (WS FORM: F-6)

                                          STATION:   REXBURG ID
                                          MONTH:     OCTOBER
                                          YEAR:      2014
                                          LATITUDE:   43 49 N
                                          LONGITUDE: 111 48 W

  TEMPERATURE IN F:       :PCPN:    SNOW:  WIND      :SUNSHINE: SKY     :PK WND
================================================================================
1   2   3   4   5  6A  6B    7    8   9   10  11  12  13   14  15   16   17  18
                                     12Z  AVG MX 2MIN
DY MAX MIN AVG DEP HDD CDD  WTR  SNW DPTH SPD SPD DIR MIN PSBL S-S WX    SPD DR
================================================================================

 1  54  36  45  -5  20   0 0.01    M    M  5.7 13  70   M    M   5        17  80
 2  60  38  49  -1  16   0 0.00    M    M  9.9 22 230   M    M   2        29 220
 3  58  31  45  -4  20   0 0.00    M    M  4.2 10  50   M    M   0        16  50
 4  64  32  48  -1  17   0 0.00    M    M  6.2 13 220   M    M   0        18 240
 5  68  40  54   5  11   0 0.00    M    M  7.6 17 210   M    M   3        23 220
 6  71  38  55   7  10   0 0.00    M    M  7.6 17 230   M    M   0        21 220
 7  71  39  55   7  10   0 0.00    M    M  4.6 13 220   M    M   0        17 240
 8  71  37  54   6  11   0 0.00    M    M  4.2 10 220   M    M   0        15 220
 9  72  35  54   7  11   0 0.00    M    M  2.8 10 230   M    M   0        16 260
10  67  39  53   6  12   0 0.00    M    M  6.9 15 210   M    M   2        19 210
11  60  36  48   1  17   0 0.00    M    M  8.3 21 220   M    M   1        27 200
12  57  36  47   1  18   0 0.00    M    M  6.9 17 360   M    M   6        28 360
13  56  28  42  -4  23   0 0.00    M    M  5.5 15 220   M    M   2        20 200
14  68  33  51   5  14   0 0.00    M    M  3.9  9  60   M    M   0        10  60
15  69  39  54   9  11   0 0.00    M    M 12.6 32 260   M    M   1        42 260
16  54  29  42  -3  23   0 0.00    M    M  3.3 12 190   M    M   1        16 200
17  65  27  46   2  19   0 0.00    M    M  3.5  8  60   M    M   0        10 260
18  65  35  50   6  15   0 0.00    M    M  4.7 14 210   M    M   0        18 210
19  68  31  50   6  15   0 0.00    M    M  2.7  9 250   M    M   0        13 220
================================================================================
SM 1218  659       293   0  0.01    M    111.1          M       23
================================================================================
AV 64.1 34.7                               5.8 FASTST   M    M   1    MAX(MPH)
                                 MISC ---->  # 32 260               # 42  260
================================================================================
NOTES:
# LAST OF SEVERAL OCCURRENCES

COLUMN 17 PEAK WIND IN M.P.H.

PRELIMINARY LOCAL CLIMATOLOGICAL DATA (WS FORM: F-6) , PAGE 2

                                          STATION:  REXBURG ID
                                          MONTH:    OCTOBER
                                          YEAR:     2014
                                          LATITUDE:   43 49 N
                                          LONGITUDE: 111 48 W

[TEMPERATURE DATA]      [PRECIPITATION DATA]       SYMBOLS USED IN COLUMN 16

AVERAGE MONTHLY: 49.4   TOTAL FOR MONTH:   0.01    1 = FOG OR MIST
DPTR FM NORMAL:   2.4   DPTR FM NORMAL:   -0.70    2 = FOG REDUCING VISIBILITY
HIGHEST:    72 ON  9    GRTST 24HR  0.35 ON 30- 1      TO 1/4 MILE OR LESS
LOWEST:     27 ON 17                               3 = THUNDER
                        SNOW, ICE PELLETS, HAIL    4 = ICE PELLETS
                        TOTAL MONTH:    M          5 = HAIL
                        GRTST 24HR    M  ON   M    6 = FREEZING RAIN OR DRIZZLE
                        GRTST DEPTH:  M  ON   M    7 = DUSTSTORM OR SANDSTORM:
                                                       VSBY 1/2 MILE OR LESS
                                                   8 = SMOKE OR HAZE
[NO. OF DAYS WITH]      [WEATHER - DAYS WITH]      9 = BLOWING SNOW
                                                   X = TORNADO
MAX 32 OR BELOW:   0    0.01 INCH OR MORE:   1
MAX 90 OR ABOVE:   0    0.10 INCH OR MORE:   0
MIN 32 OR BELOW:   6    0.50 INCH OR MORE:   0
MIN  0 OR BELOW:   0    1.00 INCH OR MORE:   0

[HDD (BASE 65) ]
TOTAL THIS MO.   293    CLEAR  (SCALE 0-3)  17
DPTR FM NORMAL   -49    PTCLDY (SCALE 4-7)   2
TOTAL FM JUL 1   565    CLOUDY (SCALE 8-10)  0
DPTR FM NORMAL  -135

[CDD (BASE 65) ]
TOTAL THIS MO.     0
DPTR FM NORMAL     0    [PRESSURE DATA]
TOTAL FM JAN 1   234    HIGHEST SLP M ON M
DPTR FM NORMAL    26    LOWEST  SLP 29.64 ON 15

[REMARKS]
