000
CXUS54 KEWX 290910
CF6RYW
PRELIMINARY LOCAL CLIMATOLOGICAL DATA (WS FORM: F-6)

                                          STATION:   LAGO VISTA
                                          MONTH:     APRIL
                                          YEAR:      2017
                                          LATITUDE:   30 30 N
                                          LONGITUDE:  97 58 W

  TEMPERATURE IN F:       :PCPN:    SNOW:  WIND      :SUNSHINE: SKY     :PK WND
================================================================================
1   2   3   4   5  6A  6B    7    8   9   10  11  12  13   14  15   16   17  18
                                     12Z  AVG MX 2MIN
DY MAX MIN AVG DEP HDD CDD  WTR  SNW DPTH SPD SPD DIR MIN PSBL S-S WX    SPD DR
================================================================================

 1  77  64  71   M   0   6 0.00    M    M 10.7 16 140   M    M   9        25 130
 2  75  55  65   M   0   0 0.34    M    M  9.3 22 350   M    M   7 13     45 350
 3  86  51  69   M   0   4 0.00    M    M  7.3 13 270   M    M   0        22 280
 4  88  67  78   M   0  13 0.00    M    M  8.8 17 190   M    M   0        32 330
 5  73  49  61   M   4   0 0.00    M    M 10.0 16 330   M    M   0        28 330
 6  77  47  62   M   3   0 0.00    M    M  4.2  7 140   M    M   0         M  M
 7  78  58  68   M   0   3 0.00    M    M  7.7 12 180   M    M   0        23 170
 8  81  60  71   M   0   6 0.00    M    M 11.7 16 200   M    M   3        29 210
 9  80  66  73   M   0   8 0.00    M    M 11.7 18 200   M    M   9        30 180
10  80  69  75   M   0  10 0.06    M    M  6.5 10 200   M    M   9 3      18 160
11  72  60  66   M   0   1 0.99    M    M  6.5 14  90   M    M   9 13     20  90
12  77  60  69   M   0   4 0.00    M    M  4.9  9  90   M    M   8        16  90
13  80  65  73   M   0   8 0.00    M    M  6.1 12 150   M    M   6 1      18 150
14  81  63  72   M   0   7 0.00    M    M  6.5 10 160   M    M   6 1      21 170
15  82  66  74   M   0   9 0.00    M    M  7.8 13 160   M    M   9        24 160
16  82  67  75   M   0  10 0.00    M    M  7.1 13 180   M    M   7        20 170
17  78  61  70   M   0   5 0.78    M    M  5.0 13  40   M    M   5 13     21  40
18  80  59  70   M   0   5 0.00    M    M  6.1 12  70   M    M   6         M  M
19  85  67  76   M   0  11 0.00    M    M  6.0 10 140   M    M   7 1      16 170
20  85  67  76   M   0  11 0.00    M    M  7.2 10 180   M    M   6        18 160
21  86  70  78   M   0  13 0.00    M    M 10.1 17 190   M    M   5        25 200
22  72  54  63   M   2   0 0.05    M    M  9.2 15  10   M    M   9        27  20
23  74  49  62   M   3   0 0.00    M    M  6.8 12  30   M    M   0        21  10
24  80  53  67   M   0   2 0.00    M    M  7.2 14 190   M    M   0        22 180
25  88  63  76   M   0  11 0.00    M    M 12.1 16 190   M    M   5        27 200
26  87  58  73   M   0   8 0.00    M    M 11.7 21 310   M    M   3        36 300
27  83  52  68   M   0   3 0.00    M    M  7.0 15 180   M    M   0        22 180
28  91  68  80   M   0  15 0.00  0.0    0 10.2 14 170   M    M   6        24 140
================================================================================
SM 2258 1688        12 173  2.22     0.0 225.4          M      134
================================================================================
AV 80.6 60.3                               8.1 FASTST   M    M   5    MAX(MPH)
                                 MISC ---->  # 22 350               # 45  350
================================================================================
NOTES:
# LAST OF SEVERAL OCCURRENCES

COLUMN 17 PEAK WIND IN M.P.H.

PRELIMINARY LOCAL CLIMATOLOGICAL DATA (WS FORM: F-6) , PAGE 2

                                          STATION:  LAGO VISTA
                                          MONTH:    APRIL
                                          YEAR:     2017
                                          LATITUDE:   30 30 N
                                          LONGITUDE:  97 58 W

[TEMPERATURE DATA]      [PRECIPITATION DATA]       SYMBOLS USED IN COLUMN 16

AVERAGE MONTHLY: 70.5   TOTAL FOR MONTH:   2.22    1 = FOG OR MIST
DPTR FM NORMAL:     M   DPTR FM NORMAL:       M    2 = FOG REDUCING VISIBILITY
HIGHEST:    91 ON 28    GRTST 24HR  0.99 ON 11-11      TO 1/4 MILE OR LESS
LOWEST:     47 ON  6                               3 = THUNDER
                        SNOW, ICE PELLETS, HAIL    4 = ICE PELLETS
                        TOTAL MONTH:   0.0 INCH    5 = HAIL
                        GRTST 24HR     0.0         6 = FREEZING RAIN OR DRIZZLE
                        GRTST DEPTH:   0           7 = DUSTSTORM OR SANDSTORM:
                                                       VSBY 1/2 MILE OR LESS
                                                   8 = SMOKE OR HAZE
[NO. OF DAYS WITH]      [WEATHER - DAYS WITH]      9 = BLOWING SNOW
                                                   X = TORNADO
MAX 32 OR BELOW:   0    0.01 INCH OR MORE:   5
MAX 90 OR ABOVE:   1    0.10 INCH OR MORE:   3
MIN 32 OR BELOW:   0    0.50 INCH OR MORE:   2
MIN  0 OR BELOW:   0    1.00 INCH OR MORE:   0

[HDD (BASE 65) ]
TOTAL THIS MO.    12    CLEAR  (SCALE 0-3)   9
DPTR FM NORMAL     M    PTCLDY (SCALE 4-7)  13
TOTAL FM JUL 1   957    CLOUDY (SCALE 8-10)  6
DPTR FM NORMAL     M

[CDD (BASE 65) ]
TOTAL THIS MO.   173
DPTR FM NORMAL     M    [PRESSURE DATA]
TOTAL FM JAN 1   417    HIGHEST SLP M ON M
DPTR FM NORMAL     M    LOWEST  SLP M ON M

[REMARKS]
