000
CXUS56 KSTO 191455
CF6SAC
PRELIMINARY LOCAL CLIMATOLOGICAL DATA (WS FORM: F-6)

                                          STATION:   SACRAMENTO EXEC. AIRPORT CA
                                          MONTH:     APRIL
                                          YEAR:      2014
                                          LATITUDE:   38 31 N
                                          LONGITUDE: 121 30 W

  TEMPERATURE IN F:       :PCPN:    SNOW:  WIND      :SUNSHINE: SKY     :PK WND
================================================================================
1   2   3   4   5  6A  6B    7    8   9   10  11  12  13   14  15   16   17  18
                                     12Z  AVG MX 2MIN
DY MAX MIN AVG DEP HDD CDD  WTR  SNW DPTH SPD SPD DIR MIN PSBL S-S WX    SPD DR
================================================================================

 1  55  45  50  -6  15   0 1.35    M    0  6.1 22 240   M    M  10 1      32 200
 2  61  43  52  -4  13   0 0.00  0.0    0  2.3 10 310   M    M   3        15 300
 3  65  45  55  -1  10   0 0.00  0.0    0  5.9 14 240   M    M   1        20 240
 4  59  46  53  -3  12   0 0.03    M    0  2.7 12 210   M    M   8        17 200
 5  70  41  56  -1   9   0 0.00  0.0    0  3.7 15 300   M    M   0        22 300
 6  79  45  62   5   3   0 0.00  0.0    0  6.0 20 330   M    M   0 1      23 320
 7  81  48  65   8   0   0 0.00  0.0    0  1.3  7 240   M    M   0         8 290
 8  84  54  69  12   0   4 0.00  0.0    0  1.2  9 300   M    M   0 1      14 260
 9  81  55  68  11   0   3 0.00  0.0    0  3.4  9 210   M    M   0        14 220
10  85  47  66   9   0   1 0.00  0.0    0  2.2  9 220   M    M   0        13 230
11  78  50  64   6   1   0 0.00  0.0    0  4.2 15 220   M    M   0        22 220
12  71  49  60   2   5   0 0.00  0.0    0  8.0 16 190   M    M   0        25 200
13  81  50  66   8   0   1 0.00  0.0    0  6.0 18 340   M    M   3        25 360
14  80  45  63   5   2   0 0.00  0.0    0  2.7  8 220   M    M   0 1      13 140
15  82  51  67   9   0   2 0.00  0.0    0  4.1 12 230   M    M   0 8      14 240
16  82  50  66   7   0   1 0.00  0.0    0  4.8 18 340   M    M   0 1      22 310
17  82  51  67   8   0   2 0.00  0.0    0  4.9 20 230   M    M   0        24 230
18  80  56  68   9   0   3 0.00  0.0    0  7.3 15 230   M    M   0        20 210
================================================================================
SM 1356  871        70  17  1.38     0.0  76.8          M       25
================================================================================
AV 75.3 48.4                               4.3 FASTST   M    M   1    MAX(MPH)
                                 MISC ---->  # 22 240               # 32  200
================================================================================
NOTES:
# LAST OF SEVERAL OCCURRENCES

COLUMN 17 PEAK WIND IN M.P.H.

PRELIMINARY LOCAL CLIMATOLOGICAL DATA (WS FORM: F-6) , PAGE 2

                                          STATION:  SACRAMENTO EXEC. AIRPORT CA
                                          MONTH:    APRIL
                                          YEAR:     2014
                                          LATITUDE:   38 31 N
                                          LONGITUDE: 121 30 W

[TEMPERATURE DATA]      [PRECIPITATION DATA]       SYMBOLS USED IN COLUMN 16

AVERAGE MONTHLY: 61.9   TOTAL FOR MONTH:   1.38    1 = FOG OR MIST
DPTR FM NORMAL:   4.5   DPTR FM NORMAL:    0.61    2 = FOG REDUCING VISIBILITY
HIGHEST:    85 ON 10    GRTST 24HR  1.37 ON 31- 1      TO 1/4 MILE OR LESS
LOWEST:     41 ON  5                               3 = THUNDER
                        SNOW, ICE PELLETS, HAIL    4 = ICE PELLETS
                        TOTAL MONTH:   0.0 INCH    5 = HAIL
                        GRTST 24HR     0.0         6 = FREEZING RAIN OR DRIZZLE
                        GRTST DEPTH:   0           7 = DUSTSTORM OR SANDSTORM:
                                                       VSBY 1/2 MILE OR LESS
                                                   8 = SMOKE OR HAZE
[NO. OF DAYS WITH]      [WEATHER - DAYS WITH]      9 = BLOWING SNOW
                                                   X = TORNADO
MAX 32 OR BELOW:   0    0.01 INCH OR MORE:   2
MAX 90 OR ABOVE:   0    0.10 INCH OR MORE:   1
MIN 32 OR BELOW:   0    0.50 INCH OR MORE:   1
MIN  0 OR BELOW:   0    1.00 INCH OR MORE:   1

[HDD (BASE 65) ]
TOTAL THIS MO.    70    CLEAR  (SCALE 0-3)  15
DPTR FM NORMAL   -72    PTCLDY (SCALE 4-7)   2
TOTAL FM JUL 1  1948    CLOUDY (SCALE 8-10)  1
DPTR FM NORMAL  -527

[CDD (BASE 65) ]
TOTAL THIS MO.    17
DPTR FM NORMAL    17    [PRESSURE DATA]
TOTAL FM JAN 1    17    HIGHEST SLP M ON M
DPTR FM NORMAL    16    LOWEST  SLP 29.74 ON 17

[REMARKS]
