000
CXUS55 KLOX 011655
CF6SBA
PRELIMINARY LOCAL CLIMATOLOGICAL DATA (WS FORM: F-6)

                                          STATION:   SANTA BARBARA AIRPORT CA
                                          MONTH:     APRIL
                                          YEAR:      2016
                                          LATITUDE:   34 25 N
                                          LONGITUDE: 119 50 W

  TEMPERATURE IN F:       :PCPN:    SNOW:  WIND      :SUNSHINE: SKY     :PK WND
================================================================================
1   2   3   4   5  6A  6B    7    8   9   10  11  12  13   14  15   16   17  18
                                     12Z  AVG MX 2MIN
DY MAX MIN AVG DEP HDD CDD  WTR  SNW DPTH SPD SPD DIR MIN PSBL S-S WX    SPD DR
================================================================================

 1  67  49  58   2   7   0 0.00  0.0    0  5.4 10 260   M    M   0 1      14 260
 2  67  49  58   2   7   0 0.00  0.0    0  4.6 10 260   M    M   1 1      13 250
 3  64  49  57   1   8   0 0.00  0.0    0  4.6 12 250   M    M   4 12     15 230
 4  70  49  60   4   5   0 0.00  0.0    0  4.3 12 160   M    M   0 1      14 160
 5  75  46  61   5   4   0 0.00  0.0    0  4.4 14 250   M    M   0 1      16 250
 6  73  54  64   7   1   0 0.00  0.0    0  5.6 21 260   M    M   2 1      24 260
 7  69  54  62   5   3   0    T  0.0    0  4.6 12 280   M    M   6 1      15 270
 8  63  57  60   3   5   0 0.34  0.0    0  4.8 10 110   M    M  10 1      13 120
 9  65  56  61   4   4   0 0.20  0.0    0  7.0 17 110   M    M  10 1      23 120
10  66  51  59   2   6   0    T  0.0    0  4.5 14 140   M    M   4        16 150
11  69  53  61   4   4   0 0.00  0.0    0  5.1 15 270   M    M   4        17 270
12  69  49  59   2   6   0 0.00  0.0    0  4.2 10  30   M    M   1 8      14 270
13  65  51  58   1   7   0 0.00  0.0    0  5.5 13 150   M    M   3 1      16 210
14  77  54  66   9   0   1 0.00  0.0    0 11.6 31 270   M    M   0        39 280
15  78  52  65   8   0   0 0.00  0.0    0 12.3 22  20   M    M   0        30  40
16  78  47  63   5   2   0 0.00  0.0    0  4.7 16 270   M    M   0        19 270
17  86  46  66   8   0   1 0.00  0.0    0  4.6 15 270   M    M   0        19 270
18  79  51  65   7   0   0 0.00  0.0    0  3.6 10 250   M    M   0        12 250
19  80  50  65   7   0   0 0.00  0.0    0  3.8 12 270   M    M   1        13 270
20  77  47  62   4   3   0 0.00  0.0    0  5.4 17 270   M    M   0        22 270
21  72  47  60   2   5   0 0.00  0.0    0  5.9 22 270   M    M   1        27 280
22  70  49  60   2   5   0 0.00  0.0    0 11.6 31 270   M    M   2        45 250
23  78  46  62   4   3   0 0.00  0.0    0  7.8 25 250   M    M   0        35 260
24  75  49  62   4   3   0 0.00  0.0    0  9.0 25 280   M    M   1 18     34 270
25  71  49  60   2   5   0 0.00  0.0    0 12.6 32 280   M    M   1        40 280
26  66  44  55  -4  10   0 0.00  0.0    0  6.0 14 290   M    M   0        24 300
27  77  50  64   5   1   0 0.00  0.0    0 13.7 37 330   M    M   0        49 350
28  70  49  60   1   5   0 0.00  0.0    0 11.4 26 260   M    M   1        39 360
29  66  51  59   0   6   0 0.00  0.0    0  5.7 12 140   M    M   1        15 240
30  67  47  57  -2   8   0 0.00  0.0    0  6.2 15 260   M    M   1        18 270
================================================================================
SM 2149 1495       123   2  0.54     0.0 200.5          M       54
================================================================================
AV 71.6 49.8                               6.7 FASTST   M    M   2    MAX(MPH)
                                 MISC ---->    37   M                 49    M
================================================================================
NOTES:
# LAST OF SEVERAL OCCURRENCES

COLUMN 17 PEAK WIND IN M.P.H.

PRELIMINARY LOCAL CLIMATOLOGICAL DATA (WS FORM: F-6) , PAGE 2

                                          STATION:  SANTA BARBARA AIRPORT CA
                                          MONTH:    APRIL
                                          YEAR:     2016
                                          LATITUDE:   34 25 N
                                          LONGITUDE: 119 50 W

[TEMPERATURE DATA]      [PRECIPITATION DATA]       SYMBOLS USED IN COLUMN 16

AVERAGE MONTHLY: 60.7   TOTAL FOR MONTH:   0.54    1 = FOG OR MIST
DPTR FM NORMAL:   3.2   DPTR FM NORMAL:   -0.46    2 = FOG REDUCING VISIBILITY
HIGHEST:    86 ON 17    GRTST 24HR  0.34 ON  8- 8      TO 1/4 MILE OR LESS
LOWEST:     44 ON 26                               3 = THUNDER
                        SNOW, ICE PELLETS, HAIL    4 = ICE PELLETS
                        TOTAL MONTH:   0.0 INCH    5 = HAIL
                        GRTST 24HR     0.0         6 = FREEZING RAIN OR DRIZZLE
                        GRTST DEPTH:   0           7 = DUSTSTORM OR SANDSTORM:
                                                       VSBY 1/2 MILE OR LESS
                                                   8 = SMOKE OR HAZE
[NO. OF DAYS WITH]      [WEATHER - DAYS WITH]      9 = BLOWING SNOW
                                                   X = TORNADO
MAX 32 OR BELOW:   0    0.01 INCH OR MORE:   2
MAX 90 OR ABOVE:   0    0.10 INCH OR MORE:   2
MIN 32 OR BELOW:   0    0.50 INCH OR MORE:   0
MIN  0 OR BELOW:   0    1.00 INCH OR MORE:   0

[HDD (BASE 65) ]
TOTAL THIS MO.   123    CLEAR  (SCALE 0-3)  24
DPTR FM NORMAL  -105    PTCLDY (SCALE 4-7)   4
TOTAL FM JUL 1  1379    CLOUDY (SCALE 8-10)  2
DPTR FM NORMAL  -746

[CDD (BASE 65) ]
TOTAL THIS MO.     2
DPTR FM NORMAL    -3    [PRESSURE DATA]
TOTAL FM JAN 1    10    HIGHEST SLP 30.18 ON  2
DPTR FM NORMAL     3    LOWEST  SLP 29.74 ON 27

[REMARKS]
#FINAL-04-16#
