000
CXUS56 KSTO 301355
CF6SCK
PRELIMINARY LOCAL CLIMATOLOGICAL DATA (WS FORM: F-6)

                                          STATION:   STOCKTON AIRPORT CA
                                          MONTH:     JUNE
                                          YEAR:      2015
                                          LATITUDE:   37 54 N
                                          LONGITUDE: 121 15 W

  TEMPERATURE IN F:       :PCPN:    SNOW:  WIND      :SUNSHINE: SKY     :PK WND
================================================================================
1   2   3   4   5  6A  6B    7    8   9   10  11  12  13   14  15   16   17  18
                                     12Z  AVG MX 2MIN
DY MAX MIN AVG DEP HDD CDD  WTR  SNW DPTH SPD SPD DIR MIN PSBL S-S WX    SPD DR
================================================================================

 1  81  51  66  -4   0   1 0.00  0.0    0  7.8 18 310   M    M   2        23 310
 2  84  57  71   1   0   6 0.00  0.0    0 10.2 22 280   M    M   0        82 330
 3  82  56  69  -1   0   4 0.00  0.0    0 12.5 25 270   M    M   0        32 270
 4  84  52  68  -2   0   3 0.00  0.0    0  7.5 16 280   M    M   0        21 280
 5  89  59  74   4   0   9 0.00  0.0    0  7.0 15 300   M    M   0 8      23 270
 6  91  58  75   5   0  10 0.01  0.0    0  7.1 15 340   M    M   0        28  80
 7  96  58  77   6   0  12 0.00  0.0    0  5.4 14 300   M    M   0        17 310
 8 105  65  85  14   0  20 0.00  0.0    0  3.2  7 300   M    M   0         M  M
 9  92  67  80   9   0  15    T  0.0    M 12.4 32 260   M    M   1        40 260
10  76  65  71   0   0   6 0.07  0.0    0  5.8 14 260   M    M   5        17 260
11  93  61  77   5   0  12 0.00  0.0    0  7.7 17 310   M    M   0        21 270
12 100  62  81   9   0  16 0.00  0.0    0  6.1 15 270   M    M   0        20 270
13  99  62  81   9   0  16 0.00  0.0    0  7.0 16 320   M    M   0        21 320
14  90  56  73   1   0   8 0.00  0.0    0  8.3 16 290   M    M   0        21 290
15  90  53  72   0   0   7 0.00  0.0    0  8.9 21 260   M    M   0 18     24 270
16  95  53  74   1   0   9 0.00  0.0    0  7.1 13 270   M    M   0         M  M
17  98  56  77   4   0  12 0.00  0.0    0  6.4 17 290   M    M   0        20 290
18  96  58  77   4   0  12 0.00  0.0    0  9.1 22 270   M    M   0        29 260
19  96  56  76   3   0  11 0.00  0.0    0  7.9 17 300   M    M   0        22 290
20  98  56  77   4   0  12 0.00  0.0    0  5.5 17 270   M    M   0        21 260
21  91  60  76   2   0  11 0.00  0.0    0  9.3 17 290   M    M   0        25 230
22  91  54  73  -1   0   8 0.00  0.0    0  8.1 17 260   M    M   0        24 290
23  95  56  76   2   0  11 0.00  0.0    0  8.6 21 270   M    M   0        26 280
24  99  57  78   4   0  13 0.00  0.0    0  6.5 15 300   M    M   0        31 320
25 103  62  83   9   0  18 0.00  0.0    0  5.8 17 290   M    M   0        21 290
26 103  63  83   8   0  18 0.00  0.0    0  7.2 22 290   M    M   0        25 290
27  90  60  75   0   0  10 0.00  0.0    0  7.8 17 310   M    M   0        32 310
28  92  65  79   4   0  14 0.00  0.0    0  9.3 20 300   M    M   0        24 310
29  98  60  79   4   0  14 0.00  0.0    0  8.6 16 290   M    M   0        20 300
================================================================================
SM 2697 1698         0 318  0.08     0.0 224.1          M        8
================================================================================
AV 93.0 58.6                               7.7 FASTST   M    M   0    MAX(MPH)
                                 MISC ---->  # 32 260               # 82  330
================================================================================
NOTES:
# LAST OF SEVERAL OCCURRENCES

COLUMN 17 PEAK WIND IN M.P.H.

PRELIMINARY LOCAL CLIMATOLOGICAL DATA (WS FORM: F-6) , PAGE 2

                                          STATION:  STOCKTON AIRPORT CA
                                          MONTH:    JUNE
                                          YEAR:     2015
                                          LATITUDE:   37 54 N
                                          LONGITUDE: 121 15 W

[TEMPERATURE DATA]      [PRECIPITATION DATA]       SYMBOLS USED IN COLUMN 16

AVERAGE MONTHLY: 75.8   TOTAL FOR MONTH:   0.08    1 = FOG OR MIST
DPTR FM NORMAL:   3.4   DPTR FM NORMAL:    0.00    2 = FOG REDUCING VISIBILITY
HIGHEST:   105 ON  8    GRTST 24HR  0.07 ON 10-10      TO 1/4 MILE OR LESS
LOWEST:     51 ON  1                               3 = THUNDER
                        SNOW, ICE PELLETS, HAIL    4 = ICE PELLETS
                        TOTAL MONTH:   0.0 INCH    5 = HAIL
                        GRTST 24HR     0.0         6 = FREEZING RAIN OR DRIZZLE
                        GRTST DEPTH:   0           7 = DUSTSTORM OR SANDSTORM:
                                                       VSBY 1/2 MILE OR LESS
                                                   8 = SMOKE OR HAZE
[NO. OF DAYS WITH]      [WEATHER - DAYS WITH]      9 = BLOWING SNOW
                                                   X = TORNADO
MAX 32 OR BELOW:   0    0.01 INCH OR MORE:   2
MAX 90 OR ABOVE:  23    0.10 INCH OR MORE:   0
MIN 32 OR BELOW:   0    0.50 INCH OR MORE:   0
MIN  0 OR BELOW:   0    1.00 INCH OR MORE:   0

[HDD (BASE 65) ]
TOTAL THIS MO.     0    CLEAR  (SCALE 0-3)  28
DPTR FM NORMAL    -4    PTCLDY (SCALE 4-7)   1
TOTAL FM JUL 1  1713    CLOUDY (SCALE 8-10)  0
DPTR FM NORMAL  -927

[CDD (BASE 65) ]
TOTAL THIS MO.   318
DPTR FM NORMAL    98    [PRESSURE DATA]
TOTAL FM JAN 1   414    HIGHEST SLP M ON M
DPTR FM NORMAL    75    LOWEST  SLP 30.11 ON  1

[REMARKS]
