000
CXUS53 KLMK 270800
CF6SDF
PRELIMINARY LOCAL CLIMATOLOGICAL DATA (WS FORM: F-6)

                                          STATION:   LOUISVILLE KY
                                          MONTH:     FEBRUARY
                                          YEAR:      2017
                                          LATITUDE:   38 10 N
                                          LONGITUDE:  85 44 W

  TEMPERATURE IN F:       :PCPN:    SNOW:  WIND      :SUNSHINE: SKY     :PK WND
================================================================================
1   2   3   4   5  6A  6B    7    8   9   10  11  12  13   14  15   16   17  18
                                     12Z  AVG MX 2MIN
DY MAX MIN AVG DEP HDD CDD  WTR  SNW DPTH SPD SPD DIR MIN PSBL S-S WX    SPD DR
================================================================================

 1  52  40  46  10  19   0 0.00  0.0    0  6.9 15 340   M    M  10        18 340
 2  42  29  36   0  29   0 0.00  0.0    0  8.5 14 340   M    M   6        19 350
 3  35  22  29  -7  36   0 0.00  0.0    0  7.6 17 330   M    M   4        21 350
 4  41  16  29  -7  36   0 0.00  0.0    0  5.2 14 160   M    M   4        21 160
 5  58  40  49  12  16   0 0.00  0.0    0  9.8 21 270   M    M   5        28 250
 6  62  34  48  11  17   0    T  0.0    0  7.7 15 190   M    M   8 18     22 200
 7  65  55  60  23   5   0 0.50  0.0    0 14.6 33 180   M    M   9 13     43 180
 8  56  33  45   8  20   0 0.12    T    0 10.9 23 350   M    M  10 18     29 330
 9  33  23  28  -9  37   0    T    T    0 12.3 23 340   M    M   5 8      30 340
10  59  23  41   3  24   0 0.00  0.0    0 11.4 23 220   M    M   7        31 200
11  68  54  61  23   4   0    T  0.0    0 10.4 17 230   M    M   9        23 220
12  68  41  55  17  10   0    T  0.0    0 15.3 25 320   M    M   6 8      35 320
13  51  31  41   3  24   0 0.00  0.0    0  3.0 15 350   M    M   3        19 320
14  57  41  49  11  16   0 0.00  0.0    0  8.1 17 280   M    M  10        29 270
15  49  34  42   3  23   0 0.00  0.0    0 11.3 21  10   M    M   6        27  10
16  54  32  43   4  22   0 0.00  0.0    0  7.1 14 270   M    M   7        27 330
17  71  47  59  20   6   0 0.00  0.0    0 10.5 20 230   M    M   4        25 230
18  62  46  54  14  11   0 0.09  0.0    0  7.3 17 220   M    M   7 1      22 210
19  59  44  52  12  13   0 0.00  0.0    0  4.0 10 250   M    M   8 18     13 240
20  74  41  58  18   7   0 0.00  0.0    0  2.9 10 150   M    M   9 128    14 140
21  72  52  62  22   3   0    T  0.0    0  6.2 21 170   M    M  10        27 170
22  73  57  65  24   0   0    T  0.0    0  6.8 15 200   M    M   8 18     20 200
23  72  61  67  26   0   2 0.00  0.0    0  8.1 14 150   M    M   8        18 190
24  81  54  68  27   0   3 0.86  0.0    0 15.2 32 250   M    M   8 13     42 240
25  54  31  43   1  22   0    T    T    0 15.0 29 280   M    M   6        35 280
26  51  26  39  -3  26   0 0.00  0.0    0  6.6 14 180   M    M   3        17 180
================================================================================
SM 1519 1007       426   5  1.57    T    232.7          M      180
================================================================================
AV 58.4 38.7                               9.0 FASTST   M    M   7    MAX(MPH)
                                 MISC ---->  # 33 180               # 43  180
================================================================================
NOTES:
# LAST OF SEVERAL OCCURRENCES

COLUMN 17 PEAK WIND IN M.P.H.

PRELIMINARY LOCAL CLIMATOLOGICAL DATA (WS FORM: F-6) , PAGE 2

                                          STATION:  LOUISVILLE KY
                                          MONTH:    FEBRUARY
                                          YEAR:     2017
                                          LATITUDE:   38 10 N
                                          LONGITUDE:  85 44 W

[TEMPERATURE DATA]      [PRECIPITATION DATA]       SYMBOLS USED IN COLUMN 16

AVERAGE MONTHLY: 48.6   TOTAL FOR MONTH:   1.57    1 = FOG OR MIST
DPTR FM NORMAL:  10.0   DPTR FM NORMAL:   -1.38    2 = FOG REDUCING VISIBILITY
HIGHEST:    81 ON 24    GRTST 24HR  0.86 ON 24-24      TO 1/4 MILE OR LESS
LOWEST:     16 ON  4                               3 = THUNDER
                        SNOW, ICE PELLETS, HAIL    4 = ICE PELLETS
                        TOTAL MONTH:    T          5 = HAIL
                        GRTST 24HR    T  ON 25-25  6 = FREEZING RAIN OR DRIZZLE
                        GRTST DEPTH:   0           7 = DUSTSTORM OR SANDSTORM:
                                                       VSBY 1/2 MILE OR LESS
                                                   8 = SMOKE OR HAZE
[NO. OF DAYS WITH]      [WEATHER - DAYS WITH]      9 = BLOWING SNOW
                                                   X = TORNADO
MAX 32 OR BELOW:   0    0.01 INCH OR MORE:   4
MAX 90 OR ABOVE:   0    0.10 INCH OR MORE:   3
MIN 32 OR BELOW:   9    0.50 INCH OR MORE:   2
MIN  0 OR BELOW:   0    1.00 INCH OR MORE:   0

[HDD (BASE 65) ]
TOTAL THIS MO.   426    CLEAR  (SCALE 0-3)   0
DPTR FM NORMAL  -260    PTCLDY (SCALE 4-7)  17
TOTAL FM JUL 1  2445    CLOUDY (SCALE 8-10)  9
DPTR FM NORMAL  -750

[CDD (BASE 65) ]
TOTAL THIS MO.     5
DPTR FM NORMAL     5    [PRESSURE DATA]
TOTAL FM JAN 1     5    HIGHEST SLP M ON M
DPTR FM NORMAL     5    LOWEST  SLP 29.55 ON 24

[REMARKS]
