000
CXUS55 KPSR 281005
CF6SDL
PRELIMINARY LOCAL CLIMATOLOGICAL DATA (WS FORM: F-6)

                                          STATION:   SCOTTSDALE AZ
                                          MONTH:     AUGUST
                                          YEAR:      2016
                                          LATITUDE:   33 37 N
                                          LONGITUDE: 111 55 W

  TEMPERATURE IN F:       :PCPN:    SNOW:  WIND      :SUNSHINE: SKY     :PK WND
================================================================================
1   2   3   4   5  6A  6B    7    8   9   10  11  12  13   14  15   16   17  18
                                     12Z  AVG MX 2MIN
DY MAX MIN AVG DEP HDD CDD  WTR  SNW DPTH SPD SPD DIR MIN PSBL S-S WX    SPD DR
================================================================================

 1  98  79  89  -3   0  24 0.00  0.0    0  5.9 17 180   M    M   2        24 190
 2  97  75  86  -6   0  21 0.06  0.0    0  6.4 24 240   M    M   2 13     32 240
 3  97  79  88  -4   0  23    T  0.0    0  4.4 25  20   M    M   2 3      36  30
 4  99  83  91  -1   0  26 0.00  0.0    0  4.3 17  10   M    M   3 3      22  20
 5  97  70  84  -8   0  19 1.32  0.0    0  4.7 22 260   M    M   2 123    29 260
 6 104  81  93   1   0  28 0.00  0.0    0  2.8 10 230   M    M   0        14 180
 7 107  84  96   4   0  31 0.00  0.0    0  4.4 13 240   M    M   0        17 200
 8 107  85  96   4   0  31 0.00  0.0    0  3.8 14 250   M    M   0        21 250
 9  96  78  87  -5   0  22    T  0.0    0  4.4 22 110   M    M   1 38     34 180
10  99  81  90  -2   0  25 0.01  0.0    0  4.2 16 260   M    M   4 3      26 250
11  96  75  86  -6   0  21 0.49  0.0    0  3.5 14 200   M    M   3 138    18 220
12 103  83  93   2   0  28 0.00  0.0    0  3.3 14 320   M    M   0        23 240
13 105  82  94   3   0  29 0.00  0.0    0  3.7 14 140   M    M   0        20 140
14 103  83  93   2   0  28 0.00  0.0    0  4.1 12 190   M    M   0        16 110
15 107  86  97   6   0  32 0.00  0.0    0  3.9 13 130   M    M   0        16 130
16 109  85  97   6   0  32 0.00  0.0    0  7.4 30  40   M    M   0 8      36  40
17 107  89  98   7   0  33 0.00  0.0    0  6.3 20  20   M    M   0        28  30
18 103  85  94   3   0  29    T  0.0    0  7.7 22  30   M    M   0 3      26  40
19 102  80  91   0   0  26 0.01  0.0    0  8.6 18 320   M    M   1 3      28 240
20  98  79  89  -2   0  24 0.13  0.0    0  7.5 37  40   M    M   1 3      48  40
21  99  79  89  -2   0  24    T  0.0    0  4.8 16 210   M    M   0 8      22 230
22  98  78  88  -3   0  23    T  0.0    0  4.7 17 330   M    M   0 3      24 260
23  93  71  82  -9   0  17 0.28  0.0    0  7.0 21  30   M    M   3 38     34 210
24 100  75  88  -3   0  23    T  0.0    0  6.5 41  40   M    M   0 3      54  40
25 100  76  88  -3   0  23 0.00  0.0    0  3.5 14 270   M    M   0        19 230
26  96  76  86  -5   0  21 0.08  0.0    0  5.6 20  50   M    M   3 3      25  40
27  95  78  87  -3   0  22    T  0.0    0  5.1 17  40   M    M   3 3      20  30
================================================================================
SM 2715 2155         0 685  2.38     0.0 138.5          M       30
================================================================================
AV100.6 79.8                               5.1 FASTST   M    M   1    MAX(MPH)
                                 MISC ---->  # 41  40               # 54   40
================================================================================
NOTES:
# LAST OF SEVERAL OCCURRENCES

COLUMN 17 PEAK WIND IN M.P.H.

PRELIMINARY LOCAL CLIMATOLOGICAL DATA (WS FORM: F-6) , PAGE 2

                                          STATION:  SCOTTSDALE AZ
                                          MONTH:    AUGUST
                                          YEAR:     2016
                                          LATITUDE:   33 37 N
                                          LONGITUDE: 111 55 W

[TEMPERATURE DATA]      [PRECIPITATION DATA]       SYMBOLS USED IN COLUMN 16

AVERAGE MONTHLY: 90.2   TOTAL FOR MONTH:   2.38    1 = FOG OR MIST
DPTR FM NORMAL:  -1.2   DPTR FM NORMAL:    1.32    2 = FOG REDUCING VISIBILITY
HIGHEST:   109 ON 16    GRTST 24HR  1.32 ON  5- 5      TO 1/4 MILE OR LESS
LOWEST:     70 ON  5                               3 = THUNDER
                        SNOW, ICE PELLETS, HAIL    4 = ICE PELLETS
                        TOTAL MONTH:   0.0 INCH    5 = HAIL
                        GRTST 24HR     0.0         6 = FREEZING RAIN OR DRIZZLE
                        GRTST DEPTH:   0           7 = DUSTSTORM OR SANDSTORM:
                                                       VSBY 1/2 MILE OR LESS
                                                   8 = SMOKE OR HAZE
[NO. OF DAYS WITH]      [WEATHER - DAYS WITH]      9 = BLOWING SNOW
                                                   X = TORNADO
MAX 32 OR BELOW:   0    0.01 INCH OR MORE:   8
MAX 90 OR ABOVE:  27    0.10 INCH OR MORE:   4
MIN 32 OR BELOW:   0    0.50 INCH OR MORE:   1
MIN  0 OR BELOW:   0    1.00 INCH OR MORE:   1

[HDD (BASE 65) ]
TOTAL THIS MO.     0    CLEAR  (SCALE 0-3)  25
DPTR FM NORMAL     0    PTCLDY (SCALE 4-7)   2
TOTAL FM JUL 1     0    CLOUDY (SCALE 8-10)  0
DPTR FM NORMAL     0

[CDD (BASE 65) ]
TOTAL THIS MO.   685
DPTR FM NORMAL   -26    [PRESSURE DATA]
TOTAL FM JAN 1  3161    HIGHEST SLP M ON M
DPTR FM NORMAL   266    LOWEST  SLP 29.55 ON  7

[REMARKS]
