000
CXUS56 KOTX 230945
CF6SFF
PRELIMINARY LOCAL CLIMATOLOGICAL DATA (WS FORM: F-6)

                                          STATION:   SPOKANE WA FELTS AIRPORT
                                          MONTH:     JANUARY
                                          YEAR:      2018
                                          LATITUDE:   47 40 N
                                          LONGITUDE: 117 20 W

  TEMPERATURE IN F:       :PCPN:    SNOW:  WIND      :SUNSHINE: SKY     :PK WND
================================================================================
1   2   3   4   5  6A  6B    7    8   9   10  11  12  13   14  15   16   17  18
                                     12Z  AVG MX 2MIN
DY MAX MIN AVG DEP HDD CDD  WTR  SNW DPTH SPD SPD DIR MIN PSBL S-S WX    SPD DR
================================================================================

 1  25  16  21  -8  44   0 0.00    M    M  0.8  6 350   M    M  10         8 340
 2  28  23  26  -4  39   0 0.00    M    M  2.7  8  80   M    M   5        10  80
 3  32  20  26  -4  39   0 0.00    M    M  2.3 10  80   M    M   4        13  80
 4  34  19  27  -3  38   0    T    M    M  0.0  5  90   M    M   4 1       5 290
 5  36  31  34   4  31   0 0.03    M    M  1.8  9 260   M    M  10 1      13 290
 6  36  33  35   5  30   0 0.08    M    M  3.3 12 200   M    M  10 1      14 210
 7  39  34  37   7  28   0 0.06    M    M  1.2  9  90   M    M  10 1      10  90
 8  38  33  36   6  29   0    T    M    M  1.1  9  70   M    M  10 12     10  70
 9  42  34  38   8  27   0 0.41    M    M  4.2 14 220   M    M  10 1      17 220
10  40  31  36   5  29   0 0.00    M    M  5.2 15 220   M    M   7 1      18 220
11  35  32  34   3  31   0 0.68    M    M  0.8  6  60   M    M  10 1       7  50
12  38  33  36   5  29   0 0.02    M    M  0.1  5  60   M    M  10 1       7 260
13  47  35  41  10  24   0 0.04    M    M  0.9  6  20   M    M  10 1       8 230
14  45  30  38   7  27   0 0.00    M    M  1.3  8 100   M    M   7 12     10  90
15  48  27  38   7  27   0 0.00    M    M  1.2  8 250   M    M   2 12     10 250
16  42  28  35   3  30   0 0.08    M    M  2.0 14 100   M    M   7 12     18 100
17  42  32  37   5  28   0 0.04    M    M  1.3 12 100   M    M   8 12     13 110
18  46  36  41   9  24   0 0.32    M    M  6.5 17 210   M    M   9 1      23 200
19  43  32  38   6  27   0 0.00    M    M  5.9 15 230   M    M   8 1      19 240
20  41  31  36   4  29   0 0.01    M    M  4.8 14 220   M    M   9 18     16 230
21  44  31  38   6  27   0 0.01    M    M  6.7 17 210   M    M   5        22 210
22  43  29  36   4  29   0 0.00    M    M  4.8 18 210   M    M   6        25 210
================================================================================
SM  864  650       666   0  1.78    M     58.9          M      171
================================================================================
AV 39.3 29.6                               2.7 FASTST   M    M   8    MAX(MPH)
                                 MISC ---->  # 18 210               # 25  210
================================================================================
NOTES:
# LAST OF SEVERAL OCCURRENCES

COLUMN 17 PEAK WIND IN M.P.H.

PRELIMINARY LOCAL CLIMATOLOGICAL DATA (WS FORM: F-6) , PAGE 2

                                          STATION:  SPOKANE WA FELTS AIRPORT
                                          MONTH:    JANUARY
                                          YEAR:     2018
                                          LATITUDE:   47 40 N
                                          LONGITUDE: 117 20 W

[TEMPERATURE DATA]      [PRECIPITATION DATA]       SYMBOLS USED IN COLUMN 16

AVERAGE MONTHLY: 34.4   TOTAL FOR MONTH:   1.78    1 = FOG OR MIST
DPTR FM NORMAL:   3.5   DPTR FM NORMAL:    0.34    2 = FOG REDUCING VISIBILITY
HIGHEST:    48 ON 15    GRTST 24HR  0.68 ON 11-11      TO 1/4 MILE OR LESS
LOWEST:     16 ON  1                               3 = THUNDER
                        SNOW, ICE PELLETS, HAIL    4 = ICE PELLETS
                        TOTAL MONTH:    M          5 = HAIL
                        GRTST 24HR    M  ON   M    6 = FREEZING RAIN OR DRIZZLE
                        GRTST DEPTH:  M  ON   M    7 = DUSTSTORM OR SANDSTORM:
                                                       VSBY 1/2 MILE OR LESS
                                                   8 = SMOKE OR HAZE
[NO. OF DAYS WITH]      [WEATHER - DAYS WITH]      9 = BLOWING SNOW
                                                   X = TORNADO
MAX 32 OR BELOW:   3    0.01 INCH OR MORE:  12
MAX 90 OR ABOVE:   0    0.10 INCH OR MORE:   3
MIN 32 OR BELOW:  15    0.50 INCH OR MORE:   1
MIN  0 OR BELOW:   0    1.00 INCH OR MORE:   0

[HDD (BASE 65) ]
TOTAL THIS MO.   666    CLEAR  (SCALE 0-3)   1
DPTR FM NORMAL   -85    PTCLDY (SCALE 4-7)   8
TOTAL FM JUL 1  3181    CLOUDY (SCALE 8-10) 13
DPTR FM NORMAL  -239

[CDD (BASE 65) ]
TOTAL THIS MO.     0
DPTR FM NORMAL     0    [PRESSURE DATA]
TOTAL FM JAN 1     0    HIGHEST SLP M ON M
DPTR FM NORMAL     0    LOWEST  SLP 29.58 ON  9

[REMARKS]
