100
CXUS56 KOTX 301500
CF6SFF
PRELIMINARY LOCAL CLIMATOLOGICAL DATA (WS FORM: F-6)

                                          STATION:   SPOKANE WA FELTS AIRPORT
                                          MONTH:     MAY
                                          YEAR:      2016
                                          LATITUDE:   47 40 N
                                          LONGITUDE: 117 20 W

  TEMPERATURE IN F:       :PCPN:    SNOW:  WIND      :SUNSHINE: SKY     :PK WND
================================================================================
1   2   3   4   5  6A  6B    7    8   9   10  11  12  13   14  15   16   17  18
                                     12Z  AVG MX 2MIN
DY MAX MIN AVG DEP HDD CDD  WTR  SNW DPTH SPD SPD DIR MIN PSBL S-S WX    SPD DR
================================================================================

 1  76  40  58   7   7   0 0.00    M    M  2.3 15  70   M    M   0 1      18  70
 2  81  44  63  12   2   0 0.00    M    M  1.9  8 250   M    M   0        13 250
 3  86  45  66  15   0   1 0.00    M    M  3.0 16 220   M    M   1        21 220
 4  79  53  66  14   0   1 0.16    M    M  3.3 26 230   M    M   1 13     35 220
 5  74  52  63  11   2   0 0.00    M    M  4.0 16 340   M    M   5 3      22 340
 6  80  52  66  14   0   1 0.00    M    M  7.3 25  70   M    M   2        30  70
 7  82  52  67  15   0   2 0.00    M    M  3.0 16  70   M    M   0        19  70
 8  79  56  68  15   0   3 0.00    M    M 11.2 29 220   M    M   2        36 230
 9  58  43  51  -2  14   0 0.06    M    M  4.2 18  80   M    M   7        25  80
10  68  44  56   3   9   0 0.00    M    M  3.3 15 240   M    M   4        22 360
11  75  43  59   5   6   0 0.00    M    M  6.6 21 210   M    M   1        28 170
12  79  44  62   8   3   0 0.00    M    M  6.6 17  90   M    M   0        23 250
13  76  50  63   9   2   0 0.00    M    M 10.4 21  70   M    M   0        27  60
14  71  55  63   9   2   0    T    M    M  7.6 22  60   M    M   3        30  70
15  59  52  56   1   9   0 0.05    M    M  3.1 14 190   M    M   9 1      16 210
16  69  50  60   5   5   0 0.00    M    M  3.1 10 190   M    M   4        17 290
17  77  47  62   7   3   0 0.00    M    M  4.3 14 230   M    M   1        20 260
18  81  52  67  11   0   2 0.04    M    M  6.9 20 180   M    M   3 3      25 240
19  64  41  53  -3  12   0 0.00    M    M  9.0 22 190   M    M   5        25 210
20  68  40  54  -2  11   0 0.01    M    M  5.2 18  80   M    M   5        22  80
21  66  50  58   2   7   0 0.54    M    M  6.7 22 210   M    M   8 13     29 210
22  63  47  55  -2  10   0 0.62    M    M 14.1 30 240   M    M   8 1      38 230
23  56  48  52  -5  13   0 0.11    M    M  7.2 17 230   M    M   9        24 210
24  67  49  58   1   7   0 0.01    M    M  2.5  9 140   M    M   7        11 180
25  74  47  61   4   4   0 0.00    M    M  6.4 17 220   M    M   6        23 250
26  69  52  61   3   4   0 0.00    M    M  8.6 18 230   M    M   5        23 240
27  64  48  56  -2   9   0 0.04    M    M 10.1 22 230   M    M   6        31 230
28  66  44  55  -3  10   0 0.00    M    M  7.0 17 200   M    M   3        22 160
29  74  47  61   3   4   0 0.00    M    M  9.9 21 240   M    M   5        30 220
================================================================================
SM 2081 1387       155  10  1.64    M    178.8          M      110
================================================================================
AV 71.8 47.8                               6.2 FASTST   M    M   4    MAX(MPH)
                                 MISC ---->  # 30 240               # 38  230
================================================================================
NOTES:
# LAST OF SEVERAL OCCURRENCES

COLUMN 17 PEAK WIND IN M.P.H.

PRELIMINARY LOCAL CLIMATOLOGICAL DATA (WS FORM: F-6) , PAGE 2

                                          STATION:  SPOKANE WA FELTS AIRPORT
                                          MONTH:    MAY
                                          YEAR:     2016
                                          LATITUDE:   47 40 N
                                          LONGITUDE: 117 20 W

[TEMPERATURE DATA]      [PRECIPITATION DATA]       SYMBOLS USED IN COLUMN 16

AVERAGE MONTHLY: 59.8   TOTAL FOR MONTH:   1.64    1 = FOG OR MIST
DPTR FM NORMAL:   5.1   DPTR FM NORMAL:    0.05    2 = FOG REDUCING VISIBILITY
HIGHEST:    86 ON  3    GRTST 24HR  1.12 ON 21-22      TO 1/4 MILE OR LESS
LOWEST:     40 ON 20, 1                            3 = THUNDER
                        SNOW, ICE PELLETS, HAIL    4 = ICE PELLETS
                        TOTAL MONTH:    M          5 = HAIL
                        GRTST 24HR    M  ON   M    6 = FREEZING RAIN OR DRIZZLE
                        GRTST DEPTH:  M  ON   M    7 = DUSTSTORM OR SANDSTORM:
                                                       VSBY 1/2 MILE OR LESS
                                                   8 = SMOKE OR HAZE
[NO. OF DAYS WITH]      [WEATHER - DAYS WITH]      9 = BLOWING SNOW
                                                   X = TORNADO
MAX 32 OR BELOW:   0    0.01 INCH OR MORE:  10
MAX 90 OR ABOVE:   0    0.10 INCH OR MORE:   4
MIN 32 OR BELOW:   0    0.50 INCH OR MORE:   2
MIN  0 OR BELOW:   0    1.00 INCH OR MORE:   0

[HDD (BASE 65) ]
TOTAL THIS MO.   155    CLEAR  (SCALE 0-3)  13
DPTR FM NORMAL  -151    PTCLDY (SCALE 4-7)  14
TOTAL FM JUL 1  4991    CLOUDY (SCALE 8-10)  2
DPTR FM NORMAL -1170

[CDD (BASE 65) ]
TOTAL THIS MO.    10
DPTR FM NORMAL    10    [PRESSURE DATA]
TOTAL FM JAN 1    15    HIGHEST SLP M ON M
DPTR FM NORMAL    15    LOWEST  SLP  0.00 ON M

[REMARKS]
