000
CXUS56 KMTR 301000
CF6SFO
PRELIMINARY LOCAL CLIMATOLOGICAL DATA (WS FORM: F-6)

                                          STATION:   SAN FRANCISCO AIRPORT
                                          MONTH:     OCTOBER
                                          YEAR:      2014
                                          LATITUDE:   37 37 N
                                          LONGITUDE: 122 23 W

  TEMPERATURE IN F:       :PCPN:    SNOW:  WIND      :SUNSHINE: SKY     :PK WND
================================================================================
1   2   3   4   5  6A  6B    7    8   9   10  11  12  13   14  15   16   17  18
                                     12Z  AVG MX 2MIN
DY MAX MIN AVG DEP HDD CDD  WTR  SNW DPTH SPD SPD DIR MIN PSBL S-S WX    SPD DR
================================================================================

 1  86  60  73   9   0   8 0.00  0.0    0  5.5 21  60   M    M   0        26  80
 2  91  61  76  12   0  11 0.00  0.0    0  2.4 15 280   M    M   0        17 280
 3  95  66  81  17   0  16 0.00  0.0    0  5.3 21 280   M    M   1        23 280
 4  92  64  78  14   0  13 0.00  0.0    0  6.8 21 280   M    M   1        24 280
 5  87  60  74  11   0   9 0.00  0.0    0  9.2 28  80   M    M   2        31  90
 6  83  58  71   8   0   6 0.00  0.0    0 10.9 21 290   M    M   3 1      26 300
 7  73  59  66   3   0   1 0.00  0.0    0 13.5 28 300   M    M   4        32 290
 8  78  58  68   5   0   3 0.00  0.0    0 11.1 28 280   M    M   2 1      33 280
 9  68  59  64   1   1   0 0.00  0.0    0 12.6 23 290   M    M   4        25 290
10  69  59  64   1   1   0 0.00  0.0    0 12.8 25 290   M    M   7        30 290
11  76  59  68   5   0   3 0.00  0.0    0  7.9 26 280   M    M   5        30 280
12  91  59  75  13   0  10 0.00  0.0    0  4.0 17 280   M    M   0        20 280
13  88  63  76  14   0  11 0.00  0.0    0  4.6 15 320   M    M   2        18 320
14  74  63  69   7   0   4 0.00  0.0    0 12.1 30 180   M    M   6 8      38 200
15  76  62  69   7   0   4    T  0.0    0  9.9 25 220   M    M   8 8      30 210
16  73  58  66   4   0   1 0.00  0.0    0  5.4 15 270   M    M   5        18 270
17  77  57  67   5   0   2 0.00  0.0    0  5.8 17 200   M    M   7        22 220
18  79  65  72  10   0   7 0.00  0.0    0  6.1 20 270   M    M   3        23 270
19  74  61  68   6   0   3 0.00  0.0    0  7.6 20 280   M    M   3        23 280
20  72  62  67   6   0   2 0.03  0.0    0  7.7 18 280   M    M   5 18     22 280
21  72  56  64   3   1   0 0.00  0.0    0  9.3 23 280   M    M   3 8      26 280
22  74  57  66   5   0   1 0.00  0.0    0  6.3 18 280   M    M   5        22 270
23  74  63  69   8   0   4 0.00  0.0    0  5.8 14 280   M    M   5        17 280
24  73  60  67   6   0   2 0.00  0.0    0  8.1 24 220   M    M   4        30 220
25  73  63  68   8   0   3 0.10  0.0    0 10.6 26 160   M    M   8 1      32 150
26  70  58  64   4   1   0 0.00  0.0    0 10.4 23 280   M    M   2        32 280
27  70  56  63   3   2   0 0.00  0.0    0  8.9 21 270   M    M   3        25 270
28  71  55  63   3   2   0 0.00  0.0    0  7.9 21 270   M    M   1        24 270
29  80  61  71  11   0   6 0.00  0.0    0  3.3 14 280   M    M   2        15 290
================================================================================
SM 2259 1742         8 130  0.13     0.0 231.8          M      101
================================================================================
AV 77.9 60.1                               8.0 FASTST   M    M   3    MAX(MPH)
                                 MISC ---->  # 30 180               # 38  200
================================================================================
NOTES:
# LAST OF SEVERAL OCCURRENCES

COLUMN 17 PEAK WIND IN M.P.H.

PRELIMINARY LOCAL CLIMATOLOGICAL DATA (WS FORM: F-6) , PAGE 2

                                          STATION:  SAN FRANCISCO AIRPORT
                                          MONTH:    OCTOBER
                                          YEAR:     2014
                                          LATITUDE:   37 37 N
                                          LONGITUDE: 122 23 W

[TEMPERATURE DATA]      [PRECIPITATION DATA]       SYMBOLS USED IN COLUMN 16

AVERAGE MONTHLY: 69.0   TOTAL FOR MONTH:   0.13    1 = FOG OR MIST
DPTR FM NORMAL:   7.0   DPTR FM NORMAL:   -0.71    2 = FOG REDUCING VISIBILITY
HIGHEST:    95 ON  3    GRTST 24HR  0.10 ON 25-25      TO 1/4 MILE OR LESS
LOWEST:     55 ON 28                               3 = THUNDER
                        SNOW, ICE PELLETS, HAIL    4 = ICE PELLETS
                        TOTAL MONTH:   0.0 INCH    5 = HAIL
                        GRTST 24HR     0.0         6 = FREEZING RAIN OR DRIZZLE
                        GRTST DEPTH:   0           7 = DUSTSTORM OR SANDSTORM:
                                                       VSBY 1/2 MILE OR LESS
                                                   8 = SMOKE OR HAZE
[NO. OF DAYS WITH]      [WEATHER - DAYS WITH]      9 = BLOWING SNOW
                                                   X = TORNADO
MAX 32 OR BELOW:   0    0.01 INCH OR MORE:   2
MAX 90 OR ABOVE:   4    0.10 INCH OR MORE:   1
MIN 32 OR BELOW:   0    0.50 INCH OR MORE:   0
MIN  0 OR BELOW:   0    1.00 INCH OR MORE:   0

[HDD (BASE 65) ]
TOTAL THIS MO.     8    CLEAR  (SCALE 0-3)  15
DPTR FM NORMAL  -101    PTCLDY (SCALE 4-7)  14
TOTAL FM JUL 1    31    CLOUDY (SCALE 8-10)  0
DPTR FM NORMAL  -244

[CDD (BASE 65) ]
TOTAL THIS MO.   130
DPTR FM NORMAL   110    [PRESSURE DATA]
TOTAL FM JAN 1   495    HIGHEST SLP M ON M
DPTR FM NORMAL   334    LOWEST  SLP 29.81 ON 14

[REMARKS]
