000
CXUS53 KSGF 260800
CF6SGF
PRELIMINARY LOCAL CLIMATOLOGICAL DATA (WS FORM: F-6)

                                          STATION:   SPRINGFIELD MO
                                          MONTH:     MARCH
                                          YEAR:      2015
                                          LATITUDE:   37 13 N
                                          LONGITUDE:  93 23 W

  TEMPERATURE IN F:       :PCPN:    SNOW:  WIND      :SUNSHINE: SKY     :PK WND
================================================================================
1   2   3   4   5  6A  6B    7    8   9   10  11  12  13   14  15   16   17  18
                                     12Z  AVG MX 2MIN
DY MAX MIN AVG DEP HDD CDD  WTR  SNW DPTH SPD SPD DIR MIN PSBL S-S WX    SPD DR
================================================================================

 1  34  23  29 -13  36   0    T    T    3  5.2 13 320   M    M  10 1      16 330
 2  38  20  29 -13  36   0 0.00  0.0    2 13.3 24 160   M    M   5        31 170
 3  51  33  42   0  23   0    T  0.0    1 12.3 25 220   M    M  10 12     34 220
 4  38  22  30 -13  35   0 0.12  1.2    0 15.1 24 360   M    M  10 16     33  20
 5  33  12  23 -20  42   0 0.00  0.0    1  6.7 16 330   M    M   1        18 330
 6  51  20  36  -7  29   0 0.00  0.0    T 12.7 22 230   M    M   0        27 210
 7  67  31  49   5  16   0 0.00  0.0    0 10.6 21 230   M    M   0        27 240
 8  59  36  48   4  17   0 0.00  0.0    0  8.4 16 190   M    M   3        19 190
 9  55  35  45   1  20   0 0.30  0.0    0  6.5 13 160   M    M   6 1      15 130
10  62  40  51   7  14   0 0.14  0.0    0  5.1 13 350   M    M   7 1      14 340
11  73  33  53   8  12   0 0.00  0.0    0  3.9 12 140   M    M   3 12     15  70
12  70  45  58  13   7   0 0.01  0.0    0  9.9 21 110   M    M   4 1      25 110
13  56  51  54   8  11   0 1.29  0.0    0 12.2 24  40   M    M  10 12     30  50
14  61  37  49   3  16   0 0.02  0.0    0 10.1 18  40   M    M   5 1      23  30
15  71  30  51   5  14   0 0.00  0.0    0  5.4 13 190   M    M   0 1      18 190
16  76  43  60  14   5   0 0.00  0.0    0 10.9 21 240   M    M   0        35 220
17  61  47  54   7  11   0 0.00  0.0    0 13.8 25  40   M    M   0        35  20
18  51  38  45  -2  20   0 0.14  0.0    0 11.7 20  90   M    M  10 1      23  90
19  47  38  43  -4  22   0 0.05  0.0    0  5.8 14 140   M    M  10 1      17 140
20  61  39  50   2  15   0    T    M    M  4.8 13 350   M    M   5 1      15 360
21  70  37  54   6  11   0 0.00  0.0    0  3.5 12  10   M    M   0        13  10
22  67  41  54   6  11   0 0.00  0.0    0  6.1 12 210   M    M   1        17 200
23  67  42  55   7  10   0 0.00  0.0    0  7.6 18 250   M    M   4        21 260
24  76  46  61  12   4   0 0.09    M    0 14.5 29 250   M    M   5 3      47 270
25  71  38  55   6  10   0 1.14    M    0 12.0 26  50   M    M   3 123    32  30
================================================================================
SM 1466  877       447   0  3.30     1.2 228.1          M      112
================================================================================
AV 58.6 35.1                               9.1 FASTST   M    M   4    MAX(MPH)
                                 MISC ---->  # 29 250               # 47  270
================================================================================
NOTES:
# LAST OF SEVERAL OCCURRENCES

COLUMN 17 PEAK WIND IN M.P.H.

PRELIMINARY LOCAL CLIMATOLOGICAL DATA (WS FORM: F-6) , PAGE 2

                                          STATION:  SPRINGFIELD MO
                                          MONTH:    MARCH
                                          YEAR:     2015
                                          LATITUDE:   37 13 N
                                          LONGITUDE:  93 23 W

[TEMPERATURE DATA]      [PRECIPITATION DATA]       SYMBOLS USED IN COLUMN 16

AVERAGE MONTHLY: 46.9   TOTAL FOR MONTH:   3.30    1 = FOG OR MIST
DPTR FM NORMAL:   1.4   DPTR FM NORMAL:    0.46    2 = FOG REDUCING VISIBILITY
HIGHEST:    76 ON 24,16 GRTST 24HR  1.29 ON 13-13      TO 1/4 MILE OR LESS
LOWEST:     12 ON  5                               3 = THUNDER
                        SNOW, ICE PELLETS, HAIL    4 = ICE PELLETS
                        TOTAL MONTH:   1.2 INCHES  5 = HAIL
                        GRTST 24HR   1.2 ON   M    6 = FREEZING RAIN OR DRIZZLE
                        GRTST DEPTH:   3 ON  1     7 = DUSTSTORM OR SANDSTORM:
                                                       VSBY 1/2 MILE OR LESS
                                                   8 = SMOKE OR HAZE
[NO. OF DAYS WITH]      [WEATHER - DAYS WITH]      9 = BLOWING SNOW
                                                   X = TORNADO
MAX 32 OR BELOW:   0    0.01 INCH OR MORE:  10
MAX 90 OR ABOVE:   0    0.10 INCH OR MORE:   6
MIN 32 OR BELOW:   7    0.50 INCH OR MORE:   2
MIN  0 OR BELOW:   0    1.00 INCH OR MORE:   2

[HDD (BASE 65) ]
TOTAL THIS MO.   447    CLEAR  (SCALE 0-3)  11
DPTR FM NORMAL   -43    PTCLDY (SCALE 4-7)   8
TOTAL FM JUL 1  4154    CLOUDY (SCALE 8-10)  6
DPTR FM NORMAL    71

[CDD (BASE 65) ]
TOTAL THIS MO.     0
DPTR FM NORMAL     0    [PRESSURE DATA]
TOTAL FM JAN 1     0    HIGHEST SLP M ON M
DPTR FM NORMAL     0    LOWEST  SLP 29.60 ON 24

[REMARKS]
