000
CXUS54 KHGX 261415
CF6SGR
PRELIMINARY LOCAL CLIMATOLOGICAL DATA (WS FORM: F-6)

                                          STATION:   SUGAR LAND/HULL FLD
                                          MONTH:     SEPTEMBER
                                          YEAR:      2016
                                          LATITUDE:   29 37 N
                                          LONGITUDE:  95 39 W

  TEMPERATURE IN F:       :PCPN:    SNOW:  WIND      :SUNSHINE: SKY     :PK WND
================================================================================
1   2   3   4   5  6A  6B    7    8   9   10  11  12  13   14  15   16   17  18
                                     12Z  AVG MX 2MIN
DY MAX MIN AVG DEP HDD CDD  WTR  SNW DPTH SPD SPD DIR MIN PSBL S-S WX    SPD DR
================================================================================

 1  96  74  85   3   0  20 0.00  0.0    0  5.0 13  20   M    M   2 1      16  30
 2  94  74  84   2   0  19 0.24  0.0    0  5.0 23 200   M    M   2 13     26 200
 3  92  73  83   1   0  18 0.00  0.0    0  5.2 13  50   M    M   3 1      16  40
 4  92  73  83   1   0  18 0.01  0.0    0  4.0 15 170   M    M   2 138    19 160
 5  90  73  82   1   0  17    T  0.0    0  6.3 21 190   M    M   2 13     28 200
 6  92  75  84   3   0  19 0.00  0.0    0  8.3 17 160   M    M   1        21 160
 7  91  74  83   2   0  18 0.00  0.0    0  5.8 18 150   M    M   1 3      22 170
 8  92  74  83   2   0  18 0.00  0.0    0  7.1 18 170   M    M   1 13     23 160
 9  90  74  82   2   0  17 0.00  0.0    0  3.3 16 310   M    M   3 3      22 140
10  89  72  81   1   0  16 0.26  0.0    0  3.3 21 360   M    M   1 3      27  10
11  91  70  81   1   0  16 0.00  0.0    0  4.7 10 170   M    M   2        14 330
12  91  71  81   1   0  16 0.07  0.0    0  2.8 15 120   M    M   2 1      18 120
13  88  73  81   1   0  16 0.50  0.0    0  5.4 25  60   M    M   1 13     31  70
14  92  75  84   5   0  19 0.00  0.0    0  6.1 14  50   M    M   2        19  50
15  91  73  82   3   0  17    T  0.0    0  6.2 14 120   M    M   1        19 110
16  92  75  84   5   0  19    T  0.0    0  5.8 13  60   M    M   4        21  50
17  95  74  85   6   0  20    T  0.0    0  4.8 17 140   M    M   1 12     20 140
18  95  74  85   7   0  20 0.00  0.0    0  3.2 12 170   M    M   2 12     14 150
19  95  73  84   6   0  19 0.14  0.0    0  3.9 25  70   M    M   2 13     35  70
20  92  73  83   5   0  18 0.33  0.0    0  3.0 18 120   M    M   1 138    24 120
21  93  72  83   5   0  18 0.00  0.0    0  3.8  9 160   M    M   2 128    13  50
22  91  73  82   5   0  17 0.00  0.0    0  7.2 20 160   M    M   1        24 150
23  89  74  82   5   0  17 0.01  0.0    0  6.4 16 140   M    M   1        21 130
24  90  75  83   6   0  18 0.84  0.0    0  5.5 23 140   M    M   1 13     29 140
25  87  73  80   4   0  15 0.15  0.0    0  4.4 20 200   M    M   2 13     25 200
================================================================================
SM 2290 1834         0 445  2.55     0.0 126.5          M       43
================================================================================
AV 91.6 73.4                               5.1 FASTST   M    M   2    MAX(MPH)
                                 MISC ---->  # 25  60               # 35   70
================================================================================
NOTES:
# LAST OF SEVERAL OCCURRENCES

COLUMN 17 PEAK WIND IN M.P.H.

PRELIMINARY LOCAL CLIMATOLOGICAL DATA (WS FORM: F-6) , PAGE 2

                                          STATION:  SUGAR LAND/HULL FLD
                                          MONTH:    SEPTEMBER
                                          YEAR:     2016
                                          LATITUDE:   29 37 N
                                          LONGITUDE:  95 39 W

[TEMPERATURE DATA]      [PRECIPITATION DATA]       SYMBOLS USED IN COLUMN 16

AVERAGE MONTHLY: 82.5   TOTAL FOR MONTH:   2.55    1 = FOG OR MIST
DPTR FM NORMAL:   3.0   DPTR FM NORMAL:   -1.13    2 = FOG REDUCING VISIBILITY
HIGHEST:    96 ON  1    GRTST 24HR  0.92 ON 24-25      TO 1/4 MILE OR LESS
LOWEST:     70 ON 11                               3 = THUNDER
                        SNOW, ICE PELLETS, HAIL    4 = ICE PELLETS
                        TOTAL MONTH:   0.0 INCH    5 = HAIL
                        GRTST 24HR     0.0         6 = FREEZING RAIN OR DRIZZLE
                        GRTST DEPTH:   0           7 = DUSTSTORM OR SANDSTORM:
                                                       VSBY 1/2 MILE OR LESS
                                                   8 = SMOKE OR HAZE
[NO. OF DAYS WITH]      [WEATHER - DAYS WITH]      9 = BLOWING SNOW
                                                   X = TORNADO
MAX 32 OR BELOW:   0    0.01 INCH OR MORE:  10
MAX 90 OR ABOVE:  21    0.10 INCH OR MORE:   7
MIN 32 OR BELOW:   0    0.50 INCH OR MORE:   2
MIN  0 OR BELOW:   0    1.00 INCH OR MORE:   0

[HDD (BASE 65) ]
TOTAL THIS MO.     0    CLEAR  (SCALE 0-3)  23
DPTR FM NORMAL     0    PTCLDY (SCALE 4-7)   2
TOTAL FM JUL 1     0    CLOUDY (SCALE 8-10)  0
DPTR FM NORMAL     0

[CDD (BASE 65) ]
TOTAL THIS MO.   445
DPTR FM NORMAL    83    [PRESSURE DATA]
TOTAL FM JAN 1  2794    HIGHEST SLP M ON M
DPTR FM NORMAL   194    LOWEST  SLP 29.86 ON  1

[REMARKS]
