000
CXUS54 KLZK 211330
CF6SGT
PRELIMINARY LOCAL CLIMATOLOGICAL DATA (WS FORM: F-6)

                                          STATION:   Stuttgart Airport
                                          MONTH:     SEPTEMBER
                                          YEAR:      2014
                                          LATITUDE:   34 35 N
                                          LONGITUDE:  91 34 W

  TEMPERATURE IN F:       :PCPN:    SNOW:  WIND      :SUNSHINE: SKY     :PK WND
================================================================================
1   2   3   4   5  6A  6B    7    8   9   10  11  12  13   14  15   16   17  18
                                     12Z  AVG MX 2MIN
DY MAX MIN AVG DEP HDD CDD  WTR  SNW DPTH SPD SPD DIR MIN PSBL S-S WX    SPD DR
================================================================================

 1  91  73  82   3   0  17 0.00  0.0    0 10.3 16 180   M    M   3         M  M
 2  90  73  82   4   0  17 0.51  0.0    0  7.8 16 220   M    M   6 3       M  M
 3  90  72  81   3   0  16 0.00  0.0    0  3.3  7 180   M    M   6         M  M
 4  95  73  84   6   0  19 0.00  0.0    0  5.5  9 210   M    M   1         M  M
 5  93  75  84   7   0  19 0.00  0.0    0  3.5  8 210   M    M   0         M  M
 6  86  72  79   2   0  14 0.00  0.0    0  9.4 16  20   M    M   2        20  20
 7  84  66  75  -2   0  10 0.00  0.0    0  8.8 13  20   M    M   1        16  20
 8  88  64  76  -1   0  11 0.00  0.0    0  4.3  7 100   M    M   1         M  M
 9  93  72  83   7   0  18 0.00  0.0    0  6.4 10 170   M    M   1         M  M
10  93  75  84   8   0  19 0.00  0.0    0 11.9 20 180   M    M   0        25 200
11  82  66  74  -2   0   9 0.32  0.0    0 10.0 16  30   M    M   9        21  10
12  66  61  64 -11   1   0 0.56  0.0    0 13.0 17  40   M    M  10        23  40
13  70  55  63 -12   2   0 0.00  0.0    0 11.5 17  10   M    M   6        22  20
14  77  54  66  -8   0   1 0.00  0.0    0  6.4 12  10   M    M   0         M  M
15  81  61  71  -3   0   6 0.00  0.0    0  3.6  6 180   M    M   2         M  M
16  79  64  72  -2   0   7 0.00  0.0    0  6.6 13  10   M    M   7         M  M
17  84  61  73   0   0   8 0.00  0.0    0  5.6 12  30   M    M   2         M  M
18  82  66  74   1   0   9 0.00  0.0    0  6.3 12 360   M    M   4         M  M
19  84  64  74   1   0   9 0.00  0.0    0  5.2  8 150   M    M   3         M  M
20  90  66  78   6   0  13 0.00  0.0    0  2.3  7 340   M    M   0         M  M
================================================================================
SM 1698 1333         3 222  1.39     0.0 141.7          M       64
================================================================================
AV 84.9 66.7                               7.1 FASTST   M    M   3    MAX(MPH)
                                 MISC ---->    20   M                 25    M
================================================================================
NOTES:
# LAST OF SEVERAL OCCURRENCES

COLUMN 17 PEAK WIND IN M.P.H.

PRELIMINARY LOCAL CLIMATOLOGICAL DATA (WS FORM: F-6) , PAGE 2

                                          STATION:  Stuttgart Airport
                                          MONTH:    SEPTEMBER
                                          YEAR:     2014
                                          LATITUDE:   34 35 N
                                          LONGITUDE:  91 34 W

[TEMPERATURE DATA]      [PRECIPITATION DATA]       SYMBOLS USED IN COLUMN 16

AVERAGE MONTHLY: 75.8   TOTAL FOR MONTH:   1.39    1 = FOG OR MIST
DPTR FM NORMAL:   0.2   DPTR FM NORMAL:   -0.39    2 = FOG REDUCING VISIBILITY
HIGHEST:    95 ON  4    GRTST 24HR  0.56 ON 12-12      TO 1/4 MILE OR LESS
LOWEST:     54 ON 14                               3 = THUNDER
                        SNOW, ICE PELLETS, HAIL    4 = ICE PELLETS
                        TOTAL MONTH:   0.0 INCH    5 = HAIL
                        GRTST 24HR     0.0         6 = FREEZING RAIN OR DRIZZLE
                        GRTST DEPTH:   0           7 = DUSTSTORM OR SANDSTORM:
                                                       VSBY 1/2 MILE OR LESS
                                                   8 = SMOKE OR HAZE
[NO. OF DAYS WITH]      [WEATHER - DAYS WITH]      9 = BLOWING SNOW
                                                   X = TORNADO
MAX 32 OR BELOW:   0    0.01 INCH OR MORE:   3
MAX 90 OR ABOVE:   8    0.10 INCH OR MORE:   3
MIN 32 OR BELOW:   0    0.50 INCH OR MORE:   2
MIN  0 OR BELOW:   0    1.00 INCH OR MORE:   0

[HDD (BASE 65) ]
TOTAL THIS MO.     3    CLEAR  (SCALE 0-3)  12
DPTR FM NORMAL     0    PTCLDY (SCALE 4-7)   6
TOTAL FM JUL 1     3    CLOUDY (SCALE 8-10)  2
DPTR FM NORMAL     0

[CDD (BASE 65) ]
TOTAL THIS MO.   222
DPTR FM NORMAL     7    [PRESSURE DATA]
TOTAL FM JAN 1  1659    HIGHEST SLP M ON M
DPTR FM NORMAL  -235    LOWEST  SLP M ON M

[REMARKS]
