000
CXUS54 KLZK 291130
CF6SGT
PRELIMINARY LOCAL CLIMATOLOGICAL DATA (WS FORM: F-6)

                                          STATION:   Stuttgart Airport
                                          MONTH:     MAY
                                          YEAR:      2017
                                          LATITUDE:   34 35 N
                                          LONGITUDE:  91 34 W

  TEMPERATURE IN F:       :PCPN:    SNOW:  WIND      :SUNSHINE: SKY     :PK WND
================================================================================
1   2   3   4   5  6A  6B    7    8   9   10  11  12  13   14  15   16   17  18
                                     12Z  AVG MX 2MIN
DY MAX MIN AVG DEP HDD CDD  WTR  SNW DPTH SPD SPD DIR MIN PSBL S-S WX    SPD DR
================================================================================

 1  73  48  61  -5   4   0 0.00  0.0    0 17.3 23 230   M    M   1        35 230
 2  77  50  64  -3   1   0 0.00  0.0    0  7.5 15 220   M    M   0         M  M
 3  73  61  67   0   0   2 1.22  0.0    0  9.3 21 130   M    M   2 3      32 130
 4  63  50  57 -10   8   0 0.32  0.0    0 19.0 40 350   M    M  10        51 350
 5  73  50  62  -6   3   0 0.00  0.0    0 15.0 22 340   M    M   0        28 330
 6  81  52  67  -1   0   2 0.00  0.0    0 10.2 17 250   M    M   0        21 250
 7  79  57  68   0   0   3 0.00  0.0    0  7.0 14 110   M    M   0         M  M
 8  86  61  74   5   0   9 0.00  0.0    0  7.0 12 170   M    M   0         M  M
 9  86  64  75   6   0  10 0.00  0.0    0  9.9 16 220   M    M   0        21 210
10  86  64  75   6   0  10 0.00  0.0    0  8.7 12 220   M    M   0         M  M
11  84  66  75   6   0  10 0.66  0.0    0  6.9  8  80   M    M   3 13      M  M
12  73  64  69  -1   0   4 0.09  0.0    0 10.9 20  30   M    M   9 3      23  10
13  75  57  66  -4   0   1 0.00  0.0    0 10.5 20  10   M    M   0        21  40
14  81  57  69  -1   0   4 0.00  0.0    0  4.1  9 100   M    M   0         M  M
15  84  63  74   3   0   9 0.00  0.0    0  6.0 12 190   M    M   1        16 190
16  88  66  77   6   0  12 0.00  0.0    0 11.3 22 190   M    M   4        27 180
17  82  70  76   5   0  11 0.00  0.0    0 17.4 30 190   M    M   6 3      38 190
18  90  73  82  11   0  17 0.00  0.0    0 13.4 20 180   M    M   6        23 180
19  88  68  78   6   0  13 0.04  0.0    0  9.6 15 160   M    M   5 3      20 180
20  79  66  73   1   0   8 0.23  0.0    0 10.3 20 350   M    M   6 3      25 350
21  79  63  71  -1   0   6 0.00  0.0    0  9.8 14 340   M    M   3        17 320
22  70  61  66  -7   0   1 0.00  0.0    0  5.4 10  70   M    M   5         M  M
23  79  63  71  -2   0   6 1.19  0.0    0  7.3 17 360   M    M   7 3      31 360
24  72  57  65  -8   0   0 0.10  0.0    0 11.5 20 290   M    M   6        25 270
25  81  54  68  -5   0   3 0.00  0.0    0  9.0 14 210   M    M   0        20 180
26  82  68  75   1   0  10 0.00  0.0    0 15.4 23 190   M    M   6        31 190
27  91  75  83   9   0  18 0.00  0.0    0 12.9 20 200   M    M   7 3      25 200
28  82  64  73  -1   0   8 2.00  0.0    0 13.8 30 160   M    M   8 13     40 160
================================================================================
SM 2237 1712        16 177  5.85     0.0 296.4          M       95
================================================================================
AV 79.9 61.1                              10.6 FASTST   M    M   3    MAX(MPH)
                                 MISC ---->  # 40 350               # 51  350
================================================================================
NOTES:
# LAST OF SEVERAL OCCURRENCES

COLUMN 17 PEAK WIND IN M.P.H.

PRELIMINARY LOCAL CLIMATOLOGICAL DATA (WS FORM: F-6) , PAGE 2

                                          STATION:  Stuttgart Airport
                                          MONTH:    MAY
                                          YEAR:     2017
                                          LATITUDE:   34 35 N
                                          LONGITUDE:  91 34 W

[TEMPERATURE DATA]      [PRECIPITATION DATA]       SYMBOLS USED IN COLUMN 16

AVERAGE MONTHLY: 70.5   TOTAL FOR MONTH:   5.85    1 = FOG OR MIST
DPTR FM NORMAL:   0.1   DPTR FM NORMAL:    1.52    2 = FOG REDUCING VISIBILITY
HIGHEST:    91 ON 27    GRTST 24HR  2.00 ON 28-28      TO 1/4 MILE OR LESS
LOWEST:     48 ON  1                               3 = THUNDER
                        SNOW, ICE PELLETS, HAIL    4 = ICE PELLETS
                        TOTAL MONTH:   0.0 INCH    5 = HAIL
                        GRTST 24HR     0.0         6 = FREEZING RAIN OR DRIZZLE
                        GRTST DEPTH:   0           7 = DUSTSTORM OR SANDSTORM:
                                                       VSBY 1/2 MILE OR LESS
                                                   8 = SMOKE OR HAZE
[NO. OF DAYS WITH]      [WEATHER - DAYS WITH]      9 = BLOWING SNOW
                                                   X = TORNADO
MAX 32 OR BELOW:   0    0.01 INCH OR MORE:   9
MAX 90 OR ABOVE:   2    0.10 INCH OR MORE:   7
MIN 32 OR BELOW:   0    0.50 INCH OR MORE:   4
MIN  0 OR BELOW:   0    1.00 INCH OR MORE:   3

[HDD (BASE 65) ]
TOTAL THIS MO.    16    CLEAR  (SCALE 0-3)  15
DPTR FM NORMAL    -8    PTCLDY (SCALE 4-7)  11
TOTAL FM JUL 1  1963    CLOUDY (SCALE 8-10)  2
DPTR FM NORMAL -1224

[CDD (BASE 65) ]
TOTAL THIS MO.   177
DPTR FM NORMAL     3    [PRESSURE DATA]
TOTAL FM JAN 1   341    HIGHEST SLP M ON M
DPTR FM NORMAL   104    LOWEST  SLP M ON M

[REMARKS]
