000
CXUS56 KMTR 241000
CF6SJC
PRELIMINARY LOCAL CLIMATOLOGICAL DATA (WS FORM: F-6)

                                          STATION:   SAN JOSE AIRPORT
                                          MONTH:     MAY
                                          YEAR:      2015
                                          LATITUDE:   37 21 N
                                          LONGITUDE: 121 55 W

  TEMPERATURE IN F:       :PCPN:    SNOW:  WIND      :SUNSHINE: SKY     :PK WND
================================================================================
1   2   3   4   5  6A  6B    7    8   9   10  11  12  13   14  15   16   17  18
                                     12Z  AVG MX 2MIN
DY MAX MIN AVG DEP HDD CDD  WTR  SNW DPTH SPD SPD DIR MIN PSBL S-S WX    SPD DR
================================================================================

 1  84  57  71   9   0   6 0.00  0.0    0  6.9 18 300   M    M   1        22 300
 2  74  51  63   1   2   0 0.00  0.0    0  6.8 16 300   M    M   2        20 300
 3  70  51  61  -1   4   0 0.00  0.0    0  9.1 17 300   M    M   2        23 300
 4  65  50  58  -4   7   0 0.00  0.0    0  7.3 22 310   M    M   6        28 310
 5  70  50  60  -2   5   0 0.00  0.0    0  8.0 20 320   M    M   2        23 320
 6  71  48  60  -3   5   0 0.00  0.0    0  8.6 20 300   M    M   1        24 300
 7  59  48  54  -9  11   0 0.03  0.0    0  6.5 15 120   M    M   6        20 120
 8  73  50  62  -1   3   0 0.00  0.0    0  8.8 16 300   M    M   2        22 130
 9  68  54  61  -2   4   0 0.00  0.0    0  6.5 17 310   M    M   7        22 290
10  68  54  61  -2   4   0 0.00  0.0    0  5.4 17 310   M    M   6        21 300
11  66  50  58  -5   7   0 0.00  0.0    0  6.8 18 250   M    M   4        23 240
12  65  46  56  -8   9   0 0.00  0.0    0 10.1 24 320   M    M   5        30 320
13  67  48  58  -6   7   0 0.00  0.0    0  6.3 17 320   M    M   5        22 330
14  68  53  61  -3   4   0 0.47  0.0    0  5.3 20 220   M    M   9 1      24 210
15  65  52  59  -5   6   0 0.00  0.0    0  8.0 20 320   M    M   6        24 310
16  67  50  59  -5   6   0 0.00  0.0    0  7.8 20 320   M    M   6        24 340
17  65  55  60  -4   5   0 0.00  0.0    0  7.9 20 310   M    M   8        24 310
18  65  54  60  -4   5   0 0.00  0.0    0  7.2 12 310   M    M   9        13 290
19  66  54  60  -4   5   0    T  0.0    0  6.9 20 310   M    M   8        23 310
20  67  55  61  -3   4   0 0.00  0.0    0  8.2 21 320   M    M   8        25 330
21  68  55  62  -3   3   0 0.00  0.0    0  6.5 16 300   M    M   8        18 310
22  68  54  61  -4   4   0    T  0.0    0  7.5 23 300   M    M   8        26 310
23  68  55  62  -3   3   0 0.00  0.0    0  8.3 17 300   M    M   7        25 270
================================================================================
SM 1567 1194       113   6  0.50     0.0 170.7          M      126
================================================================================
AV 68.1 51.9                               7.4 FASTST   M    M   5    MAX(MPH)
                                 MISC ---->  # 24 320               # 30  320
================================================================================
NOTES:
# LAST OF SEVERAL OCCURRENCES

COLUMN 17 PEAK WIND IN M.P.H.

PRELIMINARY LOCAL CLIMATOLOGICAL DATA (WS FORM: F-6) , PAGE 2

                                          STATION:  SAN JOSE AIRPORT
                                          MONTH:    MAY
                                          YEAR:     2015
                                          LATITUDE:   37 21 N
                                          LONGITUDE: 121 55 W

[TEMPERATURE DATA]      [PRECIPITATION DATA]       SYMBOLS USED IN COLUMN 16

AVERAGE MONTHLY: 60.0   TOTAL FOR MONTH:   0.50    1 = FOG OR MIST
DPTR FM NORMAL:  -3.4   DPTR FM NORMAL:    0.15    2 = FOG REDUCING VISIBILITY
HIGHEST:    84 ON  1    GRTST 24HR  0.47 ON 14-14      TO 1/4 MILE OR LESS
LOWEST:     46 ON 12                               3 = THUNDER
                        SNOW, ICE PELLETS, HAIL    4 = ICE PELLETS
                        TOTAL MONTH:   0.0 INCH    5 = HAIL
                        GRTST 24HR     0.0         6 = FREEZING RAIN OR DRIZZLE
                        GRTST DEPTH:   0           7 = DUSTSTORM OR SANDSTORM:
                                                       VSBY 1/2 MILE OR LESS
                                                   8 = SMOKE OR HAZE
[NO. OF DAYS WITH]      [WEATHER - DAYS WITH]      9 = BLOWING SNOW
                                                   X = TORNADO
MAX 32 OR BELOW:   0    0.01 INCH OR MORE:   2
MAX 90 OR ABOVE:   0    0.10 INCH OR MORE:   1
MIN 32 OR BELOW:   0    0.50 INCH OR MORE:   0
MIN  0 OR BELOW:   0    1.00 INCH OR MORE:   0

[HDD (BASE 65) ]
TOTAL THIS MO.   113    CLEAR  (SCALE 0-3)   6
DPTR FM NORMAL    45    PTCLDY (SCALE 4-7)  14
TOTAL FM JUL 1  1634    CLOUDY (SCALE 8-10)  3
DPTR FM NORMAL  -338

[CDD (BASE 65) ]
TOTAL THIS MO.     6
DPTR FM NORMAL   -29    [PRESSURE DATA]
TOTAL FM JAN 1    27    HIGHEST SLP 30.12 ON 18
DPTR FM NORMAL   -27    LOWEST  SLP 29.73 ON  7

[REMARKS]
